{"id":3448,"date":"2024-10-29T12:16:48","date_gmt":"2024-10-29T11:16:48","guid":{"rendered":"https:\/\/www.islantilla.es\/?page_id=3448"},"modified":"2024-10-31T13:20:07","modified_gmt":"2024-10-31T12:20:07","slug":"perito-en-lunas-miguel-hernandez","status":"publish","type":"page","link":"https:\/\/www.islantilla.es\/pt\/perito-en-lunas-miguel-hernandez\/","title":{"rendered":"Especialista em Lua, Miguel Hern\u00e1ndez"},"content":{"rendered":"<div data-elementor-type=\"wp-page\" data-elementor-id=\"3448\" class=\"elementor elementor-3448\" data-elementor-post-type=\"page\">\n\t\t\t\t<div class=\"elementor-element elementor-element-a167561 e-con-full e-flex e-con e-parent\" data-id=\"a167561\" data-element_type=\"container\" data-e-type=\"container\">\n\t\t<div class=\"elementor-element elementor-element-59a796e e-con-full e-flex e-con e-child\" data-id=\"59a796e\" data-element_type=\"container\" data-e-type=\"container\" data-settings=\"{&quot;background_background&quot;:&quot;classic&quot;}\">\n\t\t\t\t<\/div>\n\t\t<div class=\"elementor-element elementor-element-fb060c0 e-con-full e-flex e-con e-child\" data-id=\"fb060c0\" data-element_type=\"container\" data-e-type=\"container\">\n\t\t\t\t<div class=\"elementor-element elementor-element-75cc7fa elementor-widget elementor-widget-heading\" data-id=\"75cc7fa\" data-element_type=\"widget\" data-e-type=\"widget\" data-widget_type=\"heading.default\">\n\t\t\t\t\t<h2 class=\"elementor-heading-title elementor-size-default\">Especialista em Luas,<\/h2>\t\t\t\t<\/div>\n\t\t\t\t<div class=\"elementor-element elementor-element-ca2443e elementor-widget elementor-widget-heading\" data-id=\"ca2443e\" data-element_type=\"widget\" data-e-type=\"widget\" data-widget_type=\"heading.default\">\n\t\t\t\t\t<h2 class=\"elementor-heading-title elementor-size-default\">Miguel Hern\u00e1ndez<\/h2>\t\t\t\t<\/div>\n\t\t\t\t<div class=\"elementor-element elementor-element-0d9b7cc elementor-widget elementor-widget-spacer\" data-id=\"0d9b7cc\" data-element_type=\"widget\" data-e-type=\"widget\" data-widget_type=\"spacer.default\">\n\t\t\t\t\t\t\t<div class=\"elementor-spacer\">\n\t\t\t<div class=\"elementor-spacer-inner\"><\/div>\n\t\t<\/div>\n\t\t\t\t\t\t<\/div>\n\t\t\t\t<div class=\"elementor-element elementor-element-6e514bc elementor-widget elementor-widget-text-editor\" data-id=\"6e514bc\" data-element_type=\"widget\" data-e-type=\"widget\" data-widget_type=\"text-editor.default\">\n\t\t\t\t\t\t\t\t\t<p>O primeiro livro de Miguel Hern\u00e1ndez, Perito en Lunas, publicado em 1933, d\u00e1-nos a imagem de um pastor aprendiz de poeta. O jovem regressou \u00e0 sua terra natal, Orihuela, depois de uma estadia em Madrid marcada pela influ\u00eancia Gongorin da Gera\u00e7\u00e3o de 27 e determinado a continuar a ler e a escrever poesia, mesmo quando a tradi\u00e7\u00e3o familiar marcou o seu destino como pastor. Hern\u00e1ndez representa fielmente o esp\u00edrito pedag\u00f3gico da Institui\u00e7\u00e3o de Ensino Gratuita, que entende a cultura como a chave para o progresso do povo. Com o golpe de Estado de 1936 esse sonho foi destru\u00eddo, mas n\u00e3o o compromisso de Hern\u00e1ndez com os ideais de justi\u00e7a social e de defesa da liberdade. Seus poemas tornaram-se mais vingativos, o que lhe valeu o apelido de Poeta do Povo. Ele pastoreia e l\u00ea, escreve e ama, luta e chora a morte do filho, e escreve, escreve... Seus versos mais \u00edntimos nascem em algumas das muitas pris\u00f5es por onde desfilou, cada vez mais doente, at\u00e9 o dia de sua morte. morte em mar\u00e7o de 1942.<\/p>\t\t\t\t\t\t\t\t<\/div>\n\t\t\t\t<\/div>\n\t\t\t\t<\/div>\n\t\t\t\t<\/div>","protected":false},"excerpt":{"rendered":"<p>Perito en Lunas, Miguel Hern\u00e1ndez El primer libro de Miguel Hern\u00e1ndez, Perito en Lunas, publicado en 1933, nos devuelve la imagen de un pastor aprendiz de poeta. E l joven hab\u00eda vuelto a su Orihuela natal despu\u00e9s de una estancia en Madrid marcado por el influjo gongorino de la Generaci\u00f3n del 27 y resuelto a [&hellip;]<\/p>\n","protected":false},"author":1,"featured_media":0,"parent":0,"menu_order":0,"comment_status":"closed","ping_status":"closed","template":"","meta":{"slim_seo":{"title":"Perito en Lunas, Miguel Hern\u00e1ndez | Islantilla","description":"El primer libro de Miguel Hern\u00e1ndez, Perito en Lunas, publicado en 1933, nos devuelve la imagen de un pastor aprendiz de poeta."},"footnotes":""},"class_list":["post-3448","page","type-page","status-publish","hentry"],"_links":{"self":[{"href":"https:\/\/www.islantilla.es\/pt\/wp-json\/wp\/v2\/pages\/3448","targetHints":{"allow":["GET"]}}],"collection":[{"href":"https:\/\/www.islantilla.es\/pt\/wp-json\/wp\/v2\/pages"}],"about":[{"href":"https:\/\/www.islantilla.es\/pt\/wp-json\/wp\/v2\/types\/page"}],"author":[{"embeddable":true,"href":"https:\/\/www.islantilla.es\/pt\/wp-json\/wp\/v2\/users\/1"}],"replies":[{"embeddable":true,"href":"https:\/\/www.islantilla.es\/pt\/wp-json\/wp\/v2\/comments?post=3448"}],"version-history":[{"count":10,"href":"https:\/\/www.islantilla.es\/pt\/wp-json\/wp\/v2\/pages\/3448\/revisions"}],"predecessor-version":[{"id":3546,"href":"https:\/\/www.islantilla.es\/pt\/wp-json\/wp\/v2\/pages\/3448\/revisions\/3546"}],"wp:attachment":[{"href":"https:\/\/www.islantilla.es\/pt\/wp-json\/wp\/v2\/media?parent=3448"}],"curies":[{"name":"wp","href":"https:\/\/api.w.org\/{rel}","templated":true}]}}

Especialista em Lua, Miguel Hernández

<div data-elementor-type="wp-page" data-elementor-id="3448" class="elementor elementor-3448" data-elementor-post-type="page">
				<div class="elementor-element elementor-element-a167561 e-con-full e-flex e-con e-parent" data-id="a167561" data-element_type="container" data-e-type="container">
		<div class="elementor-element elementor-element-59a796e e-con-full e-flex e-con e-child" data-id="59a796e" data-element_type="container" data-e-type="container" data-settings="{&quot;background_background&quot;:&quot;classic&quot;}">
				</div>
		<div class="elementor-element elementor-element-fb060c0 e-con-full e-flex e-con e-child" data-id="fb060c0" data-element_type="container" data-e-type="container">
				<div class="elementor-element elementor-element-75cc7fa elementor-widget elementor-widget-heading" data-id="75cc7fa" data-element_type="widget" data-e-type="widget" data-widget_type="heading.default">
					<h2 class="elementor-heading-title elementor-size-default">Especialista em Luas,</h2>				</div>
				<div class="elementor-element elementor-element-ca2443e elementor-widget elementor-widget-heading" data-id="ca2443e" data-element_type="widget" data-e-type="widget" data-widget_type="heading.default">
					<h2 class="elementor-heading-title elementor-size-default">Miguel Hernández</h2>				</div>
				<div class="elementor-element elementor-element-0d9b7cc elementor-widget elementor-widget-spacer" data-id="0d9b7cc" data-element_type="widget" data-e-type="widget" data-widget_type="spacer.default">
							<div class="elementor-spacer">
			<div class="elementor-spacer-inner"></div>
		</div>
						</div>
				<div class="elementor-element elementor-element-6e514bc elementor-widget elementor-widget-text-editor" data-id="6e514bc" data-element_type="widget" data-e-type="widget" data-widget_type="text-editor.default">
									<p>O primeiro livro de Miguel Hernández, Perito en Lunas, publicado em 1933, dá-nos a imagem de um pastor aprendiz de poeta. O jovem regressou à sua terra natal, Orihuela, depois de uma estadia em Madrid marcada pela influência Gongorin da Geração de 27 e determinado a continuar a ler e a escrever poesia, mesmo quando a tradição familiar marcou o seu destino como pastor. Hernández representa fielmente o espírito pedagógico da Instituição de Ensino Gratuita, que entende a cultura como a chave para o progresso do povo. Com o golpe de Estado de 1936 esse sonho foi destruído, mas não o compromisso de Hernández com os ideais de justiça social e de defesa da liberdade. Seus poemas tornaram-se mais vingativos, o que lhe valeu o apelido de Poeta do Povo. Ele pastoreia e lê, escreve e ama, luta e chora a morte do filho, e escreve, escreve... Seus versos mais íntimos nascem em algumas das muitas prisões por onde desfilou, cada vez mais doente, até o dia de sua morte. morte em março de 1942.</p>								</div>
				</div>
				</div>
				</div>

<p>Perito en Lunas, Miguel Hernández El primer libro de Miguel Hernández, Perito en Lunas, publicado en 1933, nos devuelve la imagen de un pastor aprendiz de poeta. E l joven había vuelto a su Orihuela natal después de una estancia en Madrid marcado por el influjo gongorino de la Generación del 27 y resuelto a [&hellip;]</p>

Perito en Lunas, Miguel Hernández | Islantilla

El primer libro de Miguel Hernández, Perito en Lunas, publicado en 1933, nos devuelve la imagen de un pastor aprendiz de poeta.
