{"id":3443,"date":"2024-10-29T12:15:01","date_gmt":"2024-10-29T11:15:01","guid":{"rendered":"https:\/\/www.islantilla.es\/?page_id=3443"},"modified":"2024-10-31T13:18:55","modified_gmt":"2024-10-31T12:18:55","slug":"retratos-gertrude-stein","status":"publish","type":"page","link":"https:\/\/www.islantilla.es\/pt\/retratos-gertrude-stein\/","title":{"rendered":"Retratos, Gertrude Stein"},"content":{"rendered":"<div data-elementor-type=\"wp-page\" data-elementor-id=\"3443\" class=\"elementor elementor-3443\" data-elementor-post-type=\"page\">\n\t\t\t\t<div class=\"elementor-element elementor-element-aff83d4 e-con-full e-flex e-con e-parent\" data-id=\"aff83d4\" data-element_type=\"container\" data-e-type=\"container\">\n\t\t<div class=\"elementor-element elementor-element-ceb21a9 e-con-full e-flex e-con e-child\" data-id=\"ceb21a9\" data-element_type=\"container\" data-e-type=\"container\" data-settings=\"{&quot;background_background&quot;:&quot;classic&quot;}\">\n\t\t\t\t<\/div>\n\t\t<div class=\"elementor-element elementor-element-d134896 e-con-full e-flex e-con e-child\" data-id=\"d134896\" data-element_type=\"container\" data-e-type=\"container\">\n\t\t\t\t<div class=\"elementor-element elementor-element-5900628 elementor-widget elementor-widget-heading\" data-id=\"5900628\" data-element_type=\"widget\" data-e-type=\"widget\" data-widget_type=\"heading.default\">\n\t\t\t\t\t<h2 class=\"elementor-heading-title elementor-size-default\">retratos,<\/h2>\t\t\t\t<\/div>\n\t\t\t\t<div class=\"elementor-element elementor-element-97bde0a elementor-widget elementor-widget-heading\" data-id=\"97bde0a\" data-element_type=\"widget\" data-e-type=\"widget\" data-widget_type=\"heading.default\">\n\t\t\t\t\t<h2 class=\"elementor-heading-title elementor-size-default\">Gertrude Stein<\/h2>\t\t\t\t<\/div>\n\t\t\t\t<div class=\"elementor-element elementor-element-22e4ce4 elementor-widget elementor-widget-spacer\" data-id=\"22e4ce4\" data-element_type=\"widget\" data-e-type=\"widget\" data-widget_type=\"spacer.default\">\n\t\t\t\t\t\t\t<div class=\"elementor-spacer\">\n\t\t\t<div class=\"elementor-spacer-inner\"><\/div>\n\t\t<\/div>\n\t\t\t\t\t\t<\/div>\n\t\t\t\t<div class=\"elementor-element elementor-element-3b007b6 elementor-widget elementor-widget-text-editor\" data-id=\"3b007b6\" data-element_type=\"widget\" data-e-type=\"widget\" data-widget_type=\"text-editor.default\">\n\t\t\t\t\t\t\t\t\t<p>Escritora norte-americana e audaciosa colecionadora de arte de vanguarda desde que se estabeleceu em Paris em 1903. Em seu sal\u00e3o na Rue de Fleurus, 27, reunia-se todos os s\u00e1bados o melhor da boemia parisiense do momento; de Jean Coctau a Henry Matisse, passando por Picasso, Fitzgerald e Hemingway.<\/p><p>Aos poucos, as paredes da hoje conhecida como Sala Stein foram cobertas por um Gauguin, um Picasso, um Delacroix, um Matisse, outro Picasso, um C\u00e9zanne... Outro Picasso! E Gertrude admirava especialmente a obra do m\u00e1laga, sendo uma das primeiras pessoas a perceber o grande valor que as suas primeiras pinturas j\u00e1 possu\u00edam. Tamb\u00e9m estabeleceu uma intensa amizade com o famoso pintor m\u00e1laga, na qual ambos fizeram retratos um do outro, ele com pinturas e ela com palavras. \u00c9 o germe dos Retratos, uma obra totalmente experimental, muito criticada por ser impenetr\u00e1vel. Na verdade, o seu estilo repetitivo distorce o significado e deforma a linguagem, explorando novas possibilidades expressivas. A pr\u00f3pria autora afirmou utilizar uma t\u00e9cnica composicional de cunho abstrato, buscando a correla\u00e7\u00e3o na literatura do cubismo pict\u00f3rico. Nas suas p\u00e1ginas Gertrude pintou Matisse, Picasso, Braque e Henry James, entre outros, com palavras cubistas.<\/p>\t\t\t\t\t\t\t\t<\/div>\n\t\t\t\t<\/div>\n\t\t\t\t<\/div>\n\t\t\t\t<\/div>","protected":false},"excerpt":{"rendered":"<p>Retratos, Gertrude Stein Escritora norteamericana y audaz coleccionista de arte de vanguardia desde que se instal\u00f3 en Par\u00eds en 1903. En su sal\u00f3n del 27 Rue de Fleurus se reun\u00eda, cada s\u00e1bado, lo m\u00e1s granado de la bohemia parisina del momento; desde Jean Coctau a Henry Matisse, pasando por Picasso, Fitzgerald o Hemingway. Poco a [&hellip;]<\/p>\n","protected":false},"author":1,"featured_media":0,"parent":0,"menu_order":0,"comment_status":"closed","ping_status":"closed","template":"","meta":{"slim_seo":{"title":"Retratos, Gertrude Stein | Islantilla","description":"Escritora norteamericana y audaz coleccionista de arte de vanguardia desde que se instal\u00f3 en Par\u00eds en 1903."},"footnotes":""},"class_list":["post-3443","page","type-page","status-publish","hentry"],"_links":{"self":[{"href":"https:\/\/www.islantilla.es\/pt\/wp-json\/wp\/v2\/pages\/3443","targetHints":{"allow":["GET"]}}],"collection":[{"href":"https:\/\/www.islantilla.es\/pt\/wp-json\/wp\/v2\/pages"}],"about":[{"href":"https:\/\/www.islantilla.es\/pt\/wp-json\/wp\/v2\/types\/page"}],"author":[{"embeddable":true,"href":"https:\/\/www.islantilla.es\/pt\/wp-json\/wp\/v2\/users\/1"}],"replies":[{"embeddable":true,"href":"https:\/\/www.islantilla.es\/pt\/wp-json\/wp\/v2\/comments?post=3443"}],"version-history":[{"count":10,"href":"https:\/\/www.islantilla.es\/pt\/wp-json\/wp\/v2\/pages\/3443\/revisions"}],"predecessor-version":[{"id":3543,"href":"https:\/\/www.islantilla.es\/pt\/wp-json\/wp\/v2\/pages\/3443\/revisions\/3543"}],"wp:attachment":[{"href":"https:\/\/www.islantilla.es\/pt\/wp-json\/wp\/v2\/media?parent=3443"}],"curies":[{"name":"wp","href":"https:\/\/api.w.org\/{rel}","templated":true}]}}

<div data-elementor-type="wp-page" data-elementor-id="3443" class="elementor elementor-3443" data-elementor-post-type="page">
				<div class="elementor-element elementor-element-aff83d4 e-con-full e-flex e-con e-parent" data-id="aff83d4" data-element_type="container" data-e-type="container">
		<div class="elementor-element elementor-element-ceb21a9 e-con-full e-flex e-con e-child" data-id="ceb21a9" data-element_type="container" data-e-type="container" data-settings="{&quot;background_background&quot;:&quot;classic&quot;}">
				</div>
		<div class="elementor-element elementor-element-d134896 e-con-full e-flex e-con e-child" data-id="d134896" data-element_type="container" data-e-type="container">
				<div class="elementor-element elementor-element-5900628 elementor-widget elementor-widget-heading" data-id="5900628" data-element_type="widget" data-e-type="widget" data-widget_type="heading.default">
					<h2 class="elementor-heading-title elementor-size-default">retratos,</h2>				</div>
				<div class="elementor-element elementor-element-97bde0a elementor-widget elementor-widget-heading" data-id="97bde0a" data-element_type="widget" data-e-type="widget" data-widget_type="heading.default">
					<h2 class="elementor-heading-title elementor-size-default">Gertrude Stein</h2>				</div>
				<div class="elementor-element elementor-element-22e4ce4 elementor-widget elementor-widget-spacer" data-id="22e4ce4" data-element_type="widget" data-e-type="widget" data-widget_type="spacer.default">
							<div class="elementor-spacer">
			<div class="elementor-spacer-inner"></div>
		</div>
						</div>
				<div class="elementor-element elementor-element-3b007b6 elementor-widget elementor-widget-text-editor" data-id="3b007b6" data-element_type="widget" data-e-type="widget" data-widget_type="text-editor.default">
									<p>Escritora norte-americana e audaciosa colecionadora de arte de vanguarda desde que se estabeleceu em Paris em 1903. Em seu salão na Rue de Fleurus, 27, reunia-se todos os sábados o melhor da boemia parisiense do momento; de Jean Coctau a Henry Matisse, passando por Picasso, Fitzgerald e Hemingway.</p><p>Aos poucos, as paredes da hoje conhecida como Sala Stein foram cobertas por um Gauguin, um Picasso, um Delacroix, um Matisse, outro Picasso, um Cézanne... Outro Picasso! E Gertrude admirava especialmente a obra do málaga, sendo uma das primeiras pessoas a perceber o grande valor que as suas primeiras pinturas já possuíam. Também estabeleceu uma intensa amizade com o famoso pintor málaga, na qual ambos fizeram retratos um do outro, ele com pinturas e ela com palavras. É o germe dos Retratos, uma obra totalmente experimental, muito criticada por ser impenetrável. Na verdade, o seu estilo repetitivo distorce o significado e deforma a linguagem, explorando novas possibilidades expressivas. A própria autora afirmou utilizar uma técnica composicional de cunho abstrato, buscando a correlação na literatura do cubismo pictórico. Nas suas páginas Gertrude pintou Matisse, Picasso, Braque e Henry James, entre outros, com palavras cubistas.</p>								</div>
				</div>
				</div>
				</div>

<p>Retratos, Gertrude Stein Escritora norteamericana y audaz coleccionista de arte de vanguardia desde que se instaló en París en 1903. En su salón del 27 Rue de Fleurus se reunía, cada sábado, lo más granado de la bohemia parisina del momento; desde Jean Coctau a Henry Matisse, pasando por Picasso, Fitzgerald o Hemingway. Poco a [&hellip;]</p>

Escritora norteamericana y audaz coleccionista de arte de vanguardia desde que se instaló en París en 1903.
