{"id":1786,"date":"2025-08-22T09:22:26","date_gmt":"2025-08-22T07:22:26","guid":{"rendered":"https:\/\/www.islantilla.es\/programacioncultural\/?page_id=1786"},"modified":"2025-08-22T09:26:03","modified_gmt":"2025-08-22T07:26:03","slug":"exposiciones-2025","status":"publish","type":"page","link":"https:\/\/www.islantilla.es\/programacioncultural\/exposiciones-2025\/","title":{"rendered":"EXPOSICIONES 2024"},"content":{"rendered":"\n<p class=\"wp-block-paragraph\"><strong>EXPOSICI\u00d3N DE ARTES PL\u00c1STICAS &#8216;ALMA LIBRE, IMAGEN Y POES\u00cdA&#8217; DE ALICIA ROMANO<\/strong><\/p>\n\n\n\n<p class=\"wp-block-paragraph\"><strong>Del 17 de agosto al 2 de septiembre<\/strong><\/p>\n\n\n\n<p class=\"wp-block-paragraph\">La Galer\u00eda. Centro Activo de Islantilla<\/p>\n\n\n\n<p class=\"wp-block-paragraph\">Horario de lunes a domingo de 11:00 a 14:00 y de 19:00 a 22:00 horas<\/p>\n\n\n\n<p class=\"wp-block-paragraph\">La obra, en lienzo y papel, combina la fotograf\u00eda con otras t\u00e9cnicas pl\u00e1sticas, explorando un universo visual en el que plasmar la necesidad de libertad del ser humano.<\/p>\n\n\n\n<p class=\"wp-block-paragraph\">Artista multidisciplinar, escritora, traductora\/int\u00e9rprete y fot\u00f3grafa. Naci\u00f3 en Buenos Aires donde estudi\u00f3 periodismo y publicidad. Posee una dilatada trayectoria profesional a nivel europeo en \u00e1mbitos tan dispares como el periodismo y la fotograf\u00eda de moda y la publicidad.<\/p>\n\n\n\n<p class=\"wp-block-paragraph\">Ha participado en m\u00e1s de 50 exposiciones en Espa\u00f1a y el extranjero.<\/p>\n\n\n\n<p class=\"wp-block-paragraph\">Ha publicado la novela \u201cAnsias de volar\u201d, \u201cRelatos para noches insomnes\u201d, el poemario \u201cSin respuesta\u201d. Ganadora del XXVII Certamen Literario Villa de Ermua de poes\u00eda, finalista en el XXXII Premio Ana Mar\u00eda Matute de relato, entre otros. Actualmente, compagina la escritura con la traducci\u00f3n y la creaci\u00f3n de obra gr\u00e1fica.<\/p>\n\n\n\n<figure class=\"wp-block-image size-full\"><a href=\"https:\/\/www.islantilla.es\/programacioncultural\/wp-content\/uploads\/2024\/08\/Cartel-con-logos-scaled.jpg\"><img loading=\"lazy\" decoding=\"async\" width=\"1810\" height=\"2560\" src=\"https:\/\/www.islantilla.es\/programacioncultural\/wp-content\/uploads\/2024\/08\/Cartel-con-logos-scaled.jpg\" alt=\"\" class=\"wp-image-460\" srcset=\"https:\/\/www.islantilla.es\/programacioncultural\/wp-content\/uploads\/2024\/08\/Cartel-con-logos-scaled.jpg 1810w, https:\/\/www.islantilla.es\/programacioncultural\/wp-content\/uploads\/2024\/08\/Cartel-con-logos-212x300.jpg 212w, https:\/\/www.islantilla.es\/programacioncultural\/wp-content\/uploads\/2024\/08\/Cartel-con-logos-724x1024.jpg 724w, https:\/\/www.islantilla.es\/programacioncultural\/wp-content\/uploads\/2024\/08\/Cartel-con-logos-768x1086.jpg 768w, https:\/\/www.islantilla.es\/programacioncultural\/wp-content\/uploads\/2024\/08\/Cartel-con-logos-1086x1536.jpg 1086w, https:\/\/www.islantilla.es\/programacioncultural\/wp-content\/uploads\/2024\/08\/Cartel-con-logos-1448x2048.jpg 1448w\" sizes=\"auto, (max-width: 1810px) 100vw, 1810px\" \/><\/a><\/figure>\n","protected":false},"excerpt":{"rendered":"<p>EXPOSICI\u00d3N DE ARTES PL\u00c1STICAS &#8216;ALMA LIBRE, IMAGEN Y POES\u00cdA&#8217; DE ALICIA ROMANO Del 17 de agosto al 2 de septiembre La Galer\u00eda. Centro Activo de Islantilla Horario de lunes a &hellip; <\/p>\n","protected":false},"author":3,"featured_media":0,"parent":0,"menu_order":0,"comment_status":"closed","ping_status":"closed","template":"","meta":{"footnotes":""},"class_list":["post-1786","page","type-page","status-publish","hentry"],"_links":{"self":[{"href":"https:\/\/www.islantilla.es\/programacioncultural\/wp-json\/wp\/v2\/pages\/1786","targetHints":{"allow":["GET"]}}],"collection":[{"href":"https:\/\/www.islantilla.es\/programacioncultural\/wp-json\/wp\/v2\/pages"}],"about":[{"href":"https:\/\/www.islantilla.es\/programacioncultural\/wp-json\/wp\/v2\/types\/page"}],"author":[{"embeddable":true,"href":"https:\/\/www.islantilla.es\/programacioncultural\/wp-json\/wp\/v2\/users\/3"}],"replies":[{"embeddable":true,"href":"https:\/\/www.islantilla.es\/programacioncultural\/wp-json\/wp\/v2\/comments?post=1786"}],"version-history":[{"count":3,"href":"https:\/\/www.islantilla.es\/programacioncultural\/wp-json\/wp\/v2\/pages\/1786\/revisions"}],"predecessor-version":[{"id":1792,"href":"https:\/\/www.islantilla.es\/programacioncultural\/wp-json\/wp\/v2\/pages\/1786\/revisions\/1792"}],"wp:attachment":[{"href":"https:\/\/www.islantilla.es\/programacioncultural\/wp-json\/wp\/v2\/media?parent=1786"}],"curies":[{"name":"wp","href":"https:\/\/api.w.org\/{rel}","templated":true}]}}

<p class="wp-block-paragraph"><strong>EXPOSICIÓN DE ARTES PLÁSTICAS &#8216;ALMA LIBRE, IMAGEN Y POESÍA&#8217; DE ALICIA ROMANO</strong></p>



<p class="wp-block-paragraph"><strong>Del 17 de agosto al 2 de septiembre</strong></p>



<p class="wp-block-paragraph">La Galería. Centro Activo de Islantilla</p>



<p class="wp-block-paragraph">Horario de lunes a domingo de 11:00 a 14:00 y de 19:00 a 22:00 horas</p>



<p class="wp-block-paragraph">La obra, en lienzo y papel, combina la fotografía con otras técnicas plásticas, explorando un universo visual en el que plasmar la necesidad de libertad del ser humano.</p>



<p class="wp-block-paragraph">Artista multidisciplinar, escritora, traductora/intérprete y fotógrafa. Nació en Buenos Aires donde estudió periodismo y publicidad. Posee una dilatada trayectoria profesional a nivel europeo en ámbitos tan dispares como el periodismo y la fotografía de moda y la publicidad.</p>



<p class="wp-block-paragraph">Ha participado en más de 50 exposiciones en España y el extranjero.</p>



<p class="wp-block-paragraph">Ha publicado la novela “Ansias de volar”, “Relatos para noches insomnes”, el poemario “Sin respuesta”. Ganadora del XXVII Certamen Literario Villa de Ermua de poesía, finalista en el XXXII Premio Ana María Matute de relato, entre otros. Actualmente, compagina la escritura con la traducción y la creación de obra gráfica.</p>



<figure class="wp-block-image size-full"><a href="https://www.islantilla.es/programacioncultural/wp-content/uploads/2024/08/Cartel-con-logos-scaled.jpg"><img loading="lazy" decoding="async" width="1810" height="2560" src="https://www.islantilla.es/programacioncultural/wp-content/uploads/2024/08/Cartel-con-logos-scaled.jpg" alt="" class="wp-image-460" srcset="https://www.islantilla.es/programacioncultural/wp-content/uploads/2024/08/Cartel-con-logos-scaled.jpg 1810w, https://www.islantilla.es/programacioncultural/wp-content/uploads/2024/08/Cartel-con-logos-212x300.jpg 212w, https://www.islantilla.es/programacioncultural/wp-content/uploads/2024/08/Cartel-con-logos-724x1024.jpg 724w, https://www.islantilla.es/programacioncultural/wp-content/uploads/2024/08/Cartel-con-logos-768x1086.jpg 768w, https://www.islantilla.es/programacioncultural/wp-content/uploads/2024/08/Cartel-con-logos-1086x1536.jpg 1086w, https://www.islantilla.es/programacioncultural/wp-content/uploads/2024/08/Cartel-con-logos-1448x2048.jpg 1448w" sizes="auto, (max-width: 1810px) 100vw, 1810px" /></a></figure>

<p>EXPOSICIÓN DE ARTES PLÁSTICAS &#8216;ALMA LIBRE, IMAGEN Y POESÍA&#8217; DE ALICIA ROMANO Del 17 de agosto al 2 de septiembre La Galería. Centro Activo de Islantilla Horario de lunes a &hellip; </p>
