{"id":170,"date":"2024-06-28T09:17:30","date_gmt":"2024-06-28T07:17:30","guid":{"rendered":"https:\/\/www.islantilla.es\/programacioncultural\/?page_id=170"},"modified":"2026-09-02T12:49:41","modified_gmt":"2026-09-02T10:49:41","slug":"exposiciones","status":"publish","type":"page","link":"https:\/\/www.islantilla.es\/programacioncultural\/exposiciones\/","title":{"rendered":"EXPOSICIONES"},"content":{"rendered":"\n<p class=\"has-text-align-left has-large-font-size wp-block-paragraph\"><strong><strong>202<\/strong>6<\/strong><\/p>\n\n\n\n<div class=\"wp-block-media-text is-stacked-on-mobile\" style=\"grid-template-columns:30% auto\"><figure class=\"wp-block-media-text__media\"><a href=\"https:\/\/www.islantilla.es\/programacioncultural\/wp-content\/uploads\/2026\/03\/CARTEL-MEDITARTE-scaled.jpg\"><img loading=\"lazy\" decoding=\"async\" width=\"724\" height=\"1024\" src=\"http:\/\/www.islantilla.es\/programacioncultural\/wp-content\/uploads\/2026\/03\/CARTEL-MEDITARTE-724x1024.jpg\" alt=\"\" class=\"wp-image-2235 size-full\" srcset=\"https:\/\/www.islantilla.es\/programacioncultural\/wp-content\/uploads\/2026\/03\/CARTEL-MEDITARTE-724x1024.jpg 724w, https:\/\/www.islantilla.es\/programacioncultural\/wp-content\/uploads\/2026\/03\/CARTEL-MEDITARTE-212x300.jpg 212w, https:\/\/www.islantilla.es\/programacioncultural\/wp-content\/uploads\/2026\/03\/CARTEL-MEDITARTE-768x1086.jpg 768w, https:\/\/www.islantilla.es\/programacioncultural\/wp-content\/uploads\/2026\/03\/CARTEL-MEDITARTE-1086x1536.jpg 1086w, https:\/\/www.islantilla.es\/programacioncultural\/wp-content\/uploads\/2026\/03\/CARTEL-MEDITARTE-1448x2048.jpg 1448w, https:\/\/www.islantilla.es\/programacioncultural\/wp-content\/uploads\/2026\/03\/CARTEL-MEDITARTE-scaled.jpg 1810w\" sizes=\"auto, (max-width: 724px) 100vw, 724px\" \/><\/a><\/figure><div class=\"wp-block-media-text__content\">\n<p class=\"has-black-color has-pale-pink-background-color has-text-color has-background has-link-color has-medium-font-size wp-elements-1 wp-block-paragraph\"><a href=\"https:\/\/www.islantilla.es\/festivalartesyletras\/index.php\/meditarte\/\"><strong>Junio, julio, agosto y septiembre &#8211; EXPOSICI\u00d3N &#8216;COLECTIVA JOHN HOLLAND&#8217;. PROYECTO MEDITARTE<\/strong><\/a><\/p>\n<\/div><\/div>\n\n\n\n<hr class=\"wp-block-separator has-alpha-channel-opacity is-style-dots\"\/>\n\n\n\n<h2 class=\"wp-block-heading western has-large-font-size\"><strong>2025<\/strong><\/h2>\n\n\n\n<div class=\"wp-block-media-text is-stacked-on-mobile\" style=\"grid-template-columns:30% auto\"><figure class=\"wp-block-media-text__media\"><a href=\"http:\/\/www.islantilla.es\/programacioncultural\/wp-content\/uploads\/2025\/03\/CARTEL-EXPOSICION-BIBLIOTECA-LUIS-CIGES-PASEO-MARITIMO-scaled.jpg\"><img loading=\"lazy\" decoding=\"async\" width=\"724\" height=\"1024\" src=\"http:\/\/www.islantilla.es\/programacioncultural\/wp-content\/uploads\/2025\/03\/CARTEL-EXPOSICION-BIBLIOTECA-LUIS-CIGES-PASEO-MARITIMO-724x1024.jpg\" alt=\"\" class=\"wp-image-756 size-full\" srcset=\"https:\/\/www.islantilla.es\/programacioncultural\/wp-content\/uploads\/2025\/03\/CARTEL-EXPOSICION-BIBLIOTECA-LUIS-CIGES-PASEO-MARITIMO-724x1024.jpg 724w, https:\/\/www.islantilla.es\/programacioncultural\/wp-content\/uploads\/2025\/03\/CARTEL-EXPOSICION-BIBLIOTECA-LUIS-CIGES-PASEO-MARITIMO-212x300.jpg 212w, https:\/\/www.islantilla.es\/programacioncultural\/wp-content\/uploads\/2025\/03\/CARTEL-EXPOSICION-BIBLIOTECA-LUIS-CIGES-PASEO-MARITIMO-768x1086.jpg 768w, https:\/\/www.islantilla.es\/programacioncultural\/wp-content\/uploads\/2025\/03\/CARTEL-EXPOSICION-BIBLIOTECA-LUIS-CIGES-PASEO-MARITIMO-1086x1536.jpg 1086w, https:\/\/www.islantilla.es\/programacioncultural\/wp-content\/uploads\/2025\/03\/CARTEL-EXPOSICION-BIBLIOTECA-LUIS-CIGES-PASEO-MARITIMO-1448x2048.jpg 1448w, https:\/\/www.islantilla.es\/programacioncultural\/wp-content\/uploads\/2025\/03\/CARTEL-EXPOSICION-BIBLIOTECA-LUIS-CIGES-PASEO-MARITIMO-scaled.jpg 1810w\" sizes=\"auto, (max-width: 724px) 100vw, 724px\" \/><\/a><\/figure><div class=\"wp-block-media-text__content\">\n<p class=\"has-black-color has-pale-pink-background-color has-text-color has-background has-link-color has-medium-font-size wp-elements-2 wp-block-paragraph\"><a href=\"https:\/\/www.islantilla.es\/programacioncultural\/exposiciones-3\/\"><strong>Del 21 al 27 de abril EXPOSICI\u00d3N BIBLIOTECA LUIS CIGES EN EL PASEO MAR\u00cdTIMO DE ISLANTILLA<\/strong><\/a><\/p>\n<\/div><\/div>\n\n\n\n<hr class=\"wp-block-separator has-alpha-channel-opacity is-style-dots\"\/>\n\n\n\n<h2 class=\"wp-block-heading has-large-font-size\"><strong>2024<\/strong><\/h2>\n\n\n\n<div class=\"wp-block-media-text is-stacked-on-mobile\" style=\"grid-template-columns:30% auto\"><figure class=\"wp-block-media-text__media\"><a href=\"http:\/\/www.islantilla.es\/programacioncultural\/wp-content\/uploads\/2025\/07\/Cartel-con-logos-scaled.jpg\"><img loading=\"lazy\" decoding=\"async\" width=\"724\" height=\"1024\" src=\"http:\/\/www.islantilla.es\/programacioncultural\/wp-content\/uploads\/2025\/07\/Cartel-con-logos-724x1024.jpg\" alt=\"\" class=\"wp-image-1512 size-full\" srcset=\"https:\/\/www.islantilla.es\/programacioncultural\/wp-content\/uploads\/2025\/07\/Cartel-con-logos-724x1024.jpg 724w, https:\/\/www.islantilla.es\/programacioncultural\/wp-content\/uploads\/2025\/07\/Cartel-con-logos-212x300.jpg 212w, https:\/\/www.islantilla.es\/programacioncultural\/wp-content\/uploads\/2025\/07\/Cartel-con-logos-768x1086.jpg 768w, https:\/\/www.islantilla.es\/programacioncultural\/wp-content\/uploads\/2025\/07\/Cartel-con-logos-1086x1536.jpg 1086w, https:\/\/www.islantilla.es\/programacioncultural\/wp-content\/uploads\/2025\/07\/Cartel-con-logos-1448x2048.jpg 1448w, https:\/\/www.islantilla.es\/programacioncultural\/wp-content\/uploads\/2025\/07\/Cartel-con-logos-scaled.jpg 1810w\" sizes=\"auto, (max-width: 724px) 100vw, 724px\" \/><\/a><\/figure><div class=\"wp-block-media-text__content\">\n<p class=\"has-black-color has-pale-pink-background-color has-text-color has-background has-link-color has-medium-font-size wp-elements-3 wp-block-paragraph\"><a href=\"https:\/\/www.islantilla.es\/programacioncultural\/exposiciones-2025\/\"><strong>Del 17 de agosto al 2 de septiembre EXPOSICI\u00d3N DE ARTES PL\u00c1STICAS &#8216;ALMA LIBRE, IMAGEN Y POES\u00cdA&#8217; DE ALICIA ROMANO<\/strong><\/a><\/p>\n<\/div><\/div>\n\n\n\n<hr class=\"wp-block-separator has-alpha-channel-opacity is-style-dots\"\/>\n\n\n\n<h2 class=\"wp-block-heading has-large-font-size\"><strong>2023<\/strong><\/h2>\n\n\n\n<div class=\"wp-block-media-text is-stacked-on-mobile\" style=\"grid-template-columns:30% auto\"><figure class=\"wp-block-media-text__media\"><a href=\"http:\/\/www.islantilla.es\/programacioncultural\/wp-content\/uploads\/2025\/04\/Cartel-Exposicion-de-obras-del-Concurso-de-Pintura-Rapida-Colores-de-Islantilla.jpg\"><img loading=\"lazy\" decoding=\"async\" width=\"1199\" height=\"1772\" src=\"http:\/\/www.islantilla.es\/programacioncultural\/wp-content\/uploads\/2025\/04\/Cartel-Exposicion-de-obras-del-Concurso-de-Pintura-Rapida-Colores-de-Islantilla.jpg\" alt=\"\" class=\"wp-image-967 size-full\"\/><\/a><\/figure><div class=\"wp-block-media-text__content\">\n<p class=\"has-black-color has-pale-pink-background-color has-text-color has-background has-link-color has-medium-font-size wp-elements-4 wp-block-paragraph\"><a href=\"http:\/\/www.islantilla.es\/programacioncultural\/wp-content\/uploads\/2025\/04\/Cartel-Exposicion-de-obras-del-Concurso-de-Pintura-Rapida-Colores-de-Islantilla.jpg\"><strong>Desde el 1 de julio hasta el 31 de agosto EXPOSICI\u00d3N DE OBRAS PREMIADAS DEL CONCURSO DE PINTURA R\u00c1PIDA &#8216;COLORES DE ISLANTILLA&#8217;<\/strong><\/a><\/p>\n<\/div><\/div>\n\n\n\n<p class=\"wp-block-paragraph\"><\/p>\n","protected":false},"excerpt":{"rendered":"<p>2026 Junio, julio, agosto y septiembre &#8211; EXPOSICI\u00d3N &#8216;COLECTIVA JOHN HOLLAND&#8217;. PROYECTO MEDITARTE 2025 Del 21 al 27 de abril EXPOSICI\u00d3N BIBLIOTECA LUIS CIGES EN EL PASEO MAR\u00cdTIMO DE ISLANTILLA &hellip; <\/p>\n","protected":false},"author":2,"featured_media":0,"parent":0,"menu_order":0,"comment_status":"closed","ping_status":"closed","template":"","meta":{"footnotes":""},"class_list":["post-170","page","type-page","status-publish","hentry"],"_links":{"self":[{"href":"https:\/\/www.islantilla.es\/programacioncultural\/wp-json\/wp\/v2\/pages\/170","targetHints":{"allow":["GET"]}}],"collection":[{"href":"https:\/\/www.islantilla.es\/programacioncultural\/wp-json\/wp\/v2\/pages"}],"about":[{"href":"https:\/\/www.islantilla.es\/programacioncultural\/wp-json\/wp\/v2\/types\/page"}],"author":[{"embeddable":true,"href":"https:\/\/www.islantilla.es\/programacioncultural\/wp-json\/wp\/v2\/users\/2"}],"replies":[{"embeddable":true,"href":"https:\/\/www.islantilla.es\/programacioncultural\/wp-json\/wp\/v2\/comments?post=170"}],"version-history":[{"count":43,"href":"https:\/\/www.islantilla.es\/programacioncultural\/wp-json\/wp\/v2\/pages\/170\/revisions"}],"predecessor-version":[{"id":2708,"href":"https:\/\/www.islantilla.es\/programacioncultural\/wp-json\/wp\/v2\/pages\/170\/revisions\/2708"}],"wp:attachment":[{"href":"https:\/\/www.islantilla.es\/programacioncultural\/wp-json\/wp\/v2\/media?parent=170"}],"curies":[{"name":"wp","href":"https:\/\/api.w.org\/{rel}","templated":true}]}}

<p class="has-text-align-left has-large-font-size wp-block-paragraph"><strong><strong>202</strong>6</strong></p>



<div class="wp-block-media-text is-stacked-on-mobile" style="grid-template-columns:30% auto"><figure class="wp-block-media-text__media"><a href="https://www.islantilla.es/programacioncultural/wp-content/uploads/2026/03/CARTEL-MEDITARTE-scaled.jpg"><img loading="lazy" decoding="async" width="724" height="1024" src="http://www.islantilla.es/programacioncultural/wp-content/uploads/2026/03/CARTEL-MEDITARTE-724x1024.jpg" alt="" class="wp-image-2235 size-full" srcset="https://www.islantilla.es/programacioncultural/wp-content/uploads/2026/03/CARTEL-MEDITARTE-724x1024.jpg 724w, https://www.islantilla.es/programacioncultural/wp-content/uploads/2026/03/CARTEL-MEDITARTE-212x300.jpg 212w, https://www.islantilla.es/programacioncultural/wp-content/uploads/2026/03/CARTEL-MEDITARTE-768x1086.jpg 768w, https://www.islantilla.es/programacioncultural/wp-content/uploads/2026/03/CARTEL-MEDITARTE-1086x1536.jpg 1086w, https://www.islantilla.es/programacioncultural/wp-content/uploads/2026/03/CARTEL-MEDITARTE-1448x2048.jpg 1448w, https://www.islantilla.es/programacioncultural/wp-content/uploads/2026/03/CARTEL-MEDITARTE-scaled.jpg 1810w" sizes="auto, (max-width: 724px) 100vw, 724px" /></a></figure><div class="wp-block-media-text__content">
<p class="has-black-color has-pale-pink-background-color has-text-color has-background has-link-color has-medium-font-size wp-elements-1 wp-block-paragraph"><a href="https://www.islantilla.es/festivalartesyletras/index.php/meditarte/"><strong>Junio, julio, agosto y septiembre &#8211; EXPOSICIÓN &#8216;COLECTIVA JOHN HOLLAND&#8217;. PROYECTO MEDITARTE</strong></a></p>
</div></div>



<hr class="wp-block-separator has-alpha-channel-opacity is-style-dots"/>



<h2 class="wp-block-heading western has-large-font-size"><strong>2025</strong></h2>



<div class="wp-block-media-text is-stacked-on-mobile" style="grid-template-columns:30% auto"><figure class="wp-block-media-text__media"><a href="http://www.islantilla.es/programacioncultural/wp-content/uploads/2025/03/CARTEL-EXPOSICION-BIBLIOTECA-LUIS-CIGES-PASEO-MARITIMO-scaled.jpg"><img loading="lazy" decoding="async" width="724" height="1024" src="http://www.islantilla.es/programacioncultural/wp-content/uploads/2025/03/CARTEL-EXPOSICION-BIBLIOTECA-LUIS-CIGES-PASEO-MARITIMO-724x1024.jpg" alt="" class="wp-image-756 size-full" srcset="https://www.islantilla.es/programacioncultural/wp-content/uploads/2025/03/CARTEL-EXPOSICION-BIBLIOTECA-LUIS-CIGES-PASEO-MARITIMO-724x1024.jpg 724w, https://www.islantilla.es/programacioncultural/wp-content/uploads/2025/03/CARTEL-EXPOSICION-BIBLIOTECA-LUIS-CIGES-PASEO-MARITIMO-212x300.jpg 212w, https://www.islantilla.es/programacioncultural/wp-content/uploads/2025/03/CARTEL-EXPOSICION-BIBLIOTECA-LUIS-CIGES-PASEO-MARITIMO-768x1086.jpg 768w, https://www.islantilla.es/programacioncultural/wp-content/uploads/2025/03/CARTEL-EXPOSICION-BIBLIOTECA-LUIS-CIGES-PASEO-MARITIMO-1086x1536.jpg 1086w, https://www.islantilla.es/programacioncultural/wp-content/uploads/2025/03/CARTEL-EXPOSICION-BIBLIOTECA-LUIS-CIGES-PASEO-MARITIMO-1448x2048.jpg 1448w, https://www.islantilla.es/programacioncultural/wp-content/uploads/2025/03/CARTEL-EXPOSICION-BIBLIOTECA-LUIS-CIGES-PASEO-MARITIMO-scaled.jpg 1810w" sizes="auto, (max-width: 724px) 100vw, 724px" /></a></figure><div class="wp-block-media-text__content">
<p class="has-black-color has-pale-pink-background-color has-text-color has-background has-link-color has-medium-font-size wp-elements-2 wp-block-paragraph"><a href="https://www.islantilla.es/programacioncultural/exposiciones-3/"><strong>Del 21 al 27 de abril EXPOSICIÓN BIBLIOTECA LUIS CIGES EN EL PASEO MARÍTIMO DE ISLANTILLA</strong></a></p>
</div></div>



<hr class="wp-block-separator has-alpha-channel-opacity is-style-dots"/>



<h2 class="wp-block-heading has-large-font-size"><strong>2024</strong></h2>



<div class="wp-block-media-text is-stacked-on-mobile" style="grid-template-columns:30% auto"><figure class="wp-block-media-text__media"><a href="http://www.islantilla.es/programacioncultural/wp-content/uploads/2025/07/Cartel-con-logos-scaled.jpg"><img loading="lazy" decoding="async" width="724" height="1024" src="http://www.islantilla.es/programacioncultural/wp-content/uploads/2025/07/Cartel-con-logos-724x1024.jpg" alt="" class="wp-image-1512 size-full" srcset="https://www.islantilla.es/programacioncultural/wp-content/uploads/2025/07/Cartel-con-logos-724x1024.jpg 724w, https://www.islantilla.es/programacioncultural/wp-content/uploads/2025/07/Cartel-con-logos-212x300.jpg 212w, https://www.islantilla.es/programacioncultural/wp-content/uploads/2025/07/Cartel-con-logos-768x1086.jpg 768w, https://www.islantilla.es/programacioncultural/wp-content/uploads/2025/07/Cartel-con-logos-1086x1536.jpg 1086w, https://www.islantilla.es/programacioncultural/wp-content/uploads/2025/07/Cartel-con-logos-1448x2048.jpg 1448w, https://www.islantilla.es/programacioncultural/wp-content/uploads/2025/07/Cartel-con-logos-scaled.jpg 1810w" sizes="auto, (max-width: 724px) 100vw, 724px" /></a></figure><div class="wp-block-media-text__content">
<p class="has-black-color has-pale-pink-background-color has-text-color has-background has-link-color has-medium-font-size wp-elements-3 wp-block-paragraph"><a href="https://www.islantilla.es/programacioncultural/exposiciones-2025/"><strong>Del 17 de agosto al 2 de septiembre EXPOSICIÓN DE ARTES PLÁSTICAS &#8216;ALMA LIBRE, IMAGEN Y POESÍA&#8217; DE ALICIA ROMANO</strong></a></p>
</div></div>



<hr class="wp-block-separator has-alpha-channel-opacity is-style-dots"/>



<h2 class="wp-block-heading has-large-font-size"><strong>2023</strong></h2>



<div class="wp-block-media-text is-stacked-on-mobile" style="grid-template-columns:30% auto"><figure class="wp-block-media-text__media"><a href="http://www.islantilla.es/programacioncultural/wp-content/uploads/2025/04/Cartel-Exposicion-de-obras-del-Concurso-de-Pintura-Rapida-Colores-de-Islantilla.jpg"><img loading="lazy" decoding="async" width="1199" height="1772" src="http://www.islantilla.es/programacioncultural/wp-content/uploads/2025/04/Cartel-Exposicion-de-obras-del-Concurso-de-Pintura-Rapida-Colores-de-Islantilla.jpg" alt="" class="wp-image-967 size-full"/></a></figure><div class="wp-block-media-text__content">
<p class="has-black-color has-pale-pink-background-color has-text-color has-background has-link-color has-medium-font-size wp-elements-4 wp-block-paragraph"><a href="http://www.islantilla.es/programacioncultural/wp-content/uploads/2025/04/Cartel-Exposicion-de-obras-del-Concurso-de-Pintura-Rapida-Colores-de-Islantilla.jpg"><strong>Desde el 1 de julio hasta el 31 de agosto EXPOSICIÓN DE OBRAS PREMIADAS DEL CONCURSO DE PINTURA RÁPIDA &#8216;COLORES DE ISLANTILLA&#8217;</strong></a></p>
</div></div>



<p class="wp-block-paragraph"></p>

<p>2026 Junio, julio, agosto y septiembre &#8211; EXPOSICIÓN &#8216;COLECTIVA JOHN HOLLAND&#8217;. PROYECTO MEDITARTE 2025 Del 21 al 27 de abril EXPOSICIÓN BIBLIOTECA LUIS CIGES EN EL PASEO MARÍTIMO DE ISLANTILLA &hellip; </p>
