{"id":3448,"date":"2024-10-29T12:16:48","date_gmt":"2024-10-29T11:16:48","guid":{"rendered":"https:\/\/www.islantilla.es\/?page_id=3448"},"modified":"2024-10-31T13:20:07","modified_gmt":"2024-10-31T12:20:07","slug":"perito-en-lunas-miguel-hernandez","status":"publish","type":"page","link":"https:\/\/www.islantilla.es\/nl\/perito-en-lunas-miguel-hernandez\/","title":{"rendered":"Maanexpert, Miguel Hern\u00e1ndez"},"content":{"rendered":"<div data-elementor-type=\"wp-page\" data-elementor-id=\"3448\" class=\"elementor elementor-3448\" data-elementor-post-type=\"page\">\n\t\t\t\t<div class=\"elementor-element elementor-element-a167561 e-con-full e-flex e-con e-parent\" data-id=\"a167561\" data-element_type=\"container\" data-e-type=\"container\">\n\t\t<div class=\"elementor-element elementor-element-59a796e e-con-full e-flex e-con e-child\" data-id=\"59a796e\" data-element_type=\"container\" data-e-type=\"container\" data-settings=\"{&quot;background_background&quot;:&quot;classic&quot;}\">\n\t\t\t\t<\/div>\n\t\t<div class=\"elementor-element elementor-element-fb060c0 e-con-full e-flex e-con e-child\" data-id=\"fb060c0\" data-element_type=\"container\" data-e-type=\"container\">\n\t\t\t\t<div class=\"elementor-element elementor-element-75cc7fa elementor-widget elementor-widget-heading\" data-id=\"75cc7fa\" data-element_type=\"widget\" data-e-type=\"widget\" data-widget_type=\"heading.default\">\n\t\t\t\t\t<h2 class=\"elementor-heading-title elementor-size-default\">Expert in manen,<\/h2>\t\t\t\t<\/div>\n\t\t\t\t<div class=\"elementor-element elementor-element-ca2443e elementor-widget elementor-widget-heading\" data-id=\"ca2443e\" data-element_type=\"widget\" data-e-type=\"widget\" data-widget_type=\"heading.default\">\n\t\t\t\t\t<h2 class=\"elementor-heading-title elementor-size-default\">Miguel Hern\u00e1ndez<\/h2>\t\t\t\t<\/div>\n\t\t\t\t<div class=\"elementor-element elementor-element-0d9b7cc elementor-widget elementor-widget-spacer\" data-id=\"0d9b7cc\" data-element_type=\"widget\" data-e-type=\"widget\" data-widget_type=\"spacer.default\">\n\t\t\t\t\t\t\t<div class=\"elementor-spacer\">\n\t\t\t<div class=\"elementor-spacer-inner\"><\/div>\n\t\t<\/div>\n\t\t\t\t\t\t<\/div>\n\t\t\t\t<div class=\"elementor-element elementor-element-6e514bc elementor-widget elementor-widget-text-editor\" data-id=\"6e514bc\" data-element_type=\"widget\" data-e-type=\"widget\" data-widget_type=\"text-editor.default\">\n\t\t\t\t\t\t\t\t\t<p>Het eerste boek van Miguel Hern\u00e1ndez, Perito en Lunas, gepubliceerd in 1933, geeft ons het beeld van een herdersleerling van een dichter. De jongeman was teruggekeerd naar zijn geboorteland Orihuela na een verblijf in Madrid, gekenmerkt door de Gongorin-invloed van de generatie van &#039;27, en was vastbesloten om door te gaan met het lezen en schrijven van po\u00ebzie, zelfs toen de familietraditie zijn lot als herder markeerde. Hern\u00e1ndez vertegenwoordigt getrouw de pedagogische geest van de Free Teaching Institution, die cultuur begrijpt als de sleutel tot de vooruitgang van het volk. Met de staatsgreep van 1936 werd die droom verbrijzeld, maar niet de toewijding van Hern\u00e1ndez aan de idealen van sociale rechtvaardigheid en de verdediging van de vrijheid. Zijn gedichten werden wraakzuchtiger, wat hem de bijnaam Volksdichter opleverde. Hij predikt en leest, schrijft en heeft lief, vecht en rouwt om de dood van zijn zoon, en schrijft, schrijft... Zijn meest intieme verzen zijn geboren in enkele van de vele gevangenissen waar hij doorheen paradeerde, steeds zieker, tot de dag van zijn dood. overlijden in maart 1942.<\/p>\t\t\t\t\t\t\t\t<\/div>\n\t\t\t\t<\/div>\n\t\t\t\t<\/div>\n\t\t\t\t<\/div>","protected":false},"excerpt":{"rendered":"<p>Perito en Lunas, Miguel Hern\u00e1ndez El primer libro de Miguel Hern\u00e1ndez, Perito en Lunas, publicado en 1933, nos devuelve la imagen de un pastor aprendiz de poeta. E l joven hab\u00eda vuelto a su Orihuela natal despu\u00e9s de una estancia en Madrid marcado por el influjo gongorino de la Generaci\u00f3n del 27 y resuelto a [&hellip;]<\/p>\n","protected":false},"author":1,"featured_media":0,"parent":0,"menu_order":0,"comment_status":"closed","ping_status":"closed","template":"","meta":{"slim_seo":{"title":"Perito en Lunas, Miguel Hern\u00e1ndez | Islantilla","description":"El primer libro de Miguel Hern\u00e1ndez, Perito en Lunas, publicado en 1933, nos devuelve la imagen de un pastor aprendiz de poeta."},"footnotes":""},"class_list":["post-3448","page","type-page","status-publish","hentry"],"_links":{"self":[{"href":"https:\/\/www.islantilla.es\/nl\/wp-json\/wp\/v2\/pages\/3448","targetHints":{"allow":["GET"]}}],"collection":[{"href":"https:\/\/www.islantilla.es\/nl\/wp-json\/wp\/v2\/pages"}],"about":[{"href":"https:\/\/www.islantilla.es\/nl\/wp-json\/wp\/v2\/types\/page"}],"author":[{"embeddable":true,"href":"https:\/\/www.islantilla.es\/nl\/wp-json\/wp\/v2\/users\/1"}],"replies":[{"embeddable":true,"href":"https:\/\/www.islantilla.es\/nl\/wp-json\/wp\/v2\/comments?post=3448"}],"version-history":[{"count":10,"href":"https:\/\/www.islantilla.es\/nl\/wp-json\/wp\/v2\/pages\/3448\/revisions"}],"predecessor-version":[{"id":3546,"href":"https:\/\/www.islantilla.es\/nl\/wp-json\/wp\/v2\/pages\/3448\/revisions\/3546"}],"wp:attachment":[{"href":"https:\/\/www.islantilla.es\/nl\/wp-json\/wp\/v2\/media?parent=3448"}],"curies":[{"name":"wp","href":"https:\/\/api.w.org\/{rel}","templated":true}]}}

Maanexpert, Miguel Hernández

<div data-elementor-type="wp-page" data-elementor-id="3448" class="elementor elementor-3448" data-elementor-post-type="page">
				<div class="elementor-element elementor-element-a167561 e-con-full e-flex e-con e-parent" data-id="a167561" data-element_type="container" data-e-type="container">
		<div class="elementor-element elementor-element-59a796e e-con-full e-flex e-con e-child" data-id="59a796e" data-element_type="container" data-e-type="container" data-settings="{&quot;background_background&quot;:&quot;classic&quot;}">
				</div>
		<div class="elementor-element elementor-element-fb060c0 e-con-full e-flex e-con e-child" data-id="fb060c0" data-element_type="container" data-e-type="container">
				<div class="elementor-element elementor-element-75cc7fa elementor-widget elementor-widget-heading" data-id="75cc7fa" data-element_type="widget" data-e-type="widget" data-widget_type="heading.default">
					<h2 class="elementor-heading-title elementor-size-default">Expert in manen,</h2>				</div>
				<div class="elementor-element elementor-element-ca2443e elementor-widget elementor-widget-heading" data-id="ca2443e" data-element_type="widget" data-e-type="widget" data-widget_type="heading.default">
					<h2 class="elementor-heading-title elementor-size-default">Miguel Hernández</h2>				</div>
				<div class="elementor-element elementor-element-0d9b7cc elementor-widget elementor-widget-spacer" data-id="0d9b7cc" data-element_type="widget" data-e-type="widget" data-widget_type="spacer.default">
							<div class="elementor-spacer">
			<div class="elementor-spacer-inner"></div>
		</div>
						</div>
				<div class="elementor-element elementor-element-6e514bc elementor-widget elementor-widget-text-editor" data-id="6e514bc" data-element_type="widget" data-e-type="widget" data-widget_type="text-editor.default">
									<p>Het eerste boek van Miguel Hernández, Perito en Lunas, gepubliceerd in 1933, geeft ons het beeld van een herdersleerling van een dichter. De jongeman was teruggekeerd naar zijn geboorteland Orihuela na een verblijf in Madrid, gekenmerkt door de Gongorin-invloed van de generatie van &#039;27, en was vastbesloten om door te gaan met het lezen en schrijven van poëzie, zelfs toen de familietraditie zijn lot als herder markeerde. Hernández vertegenwoordigt getrouw de pedagogische geest van de Free Teaching Institution, die cultuur begrijpt als de sleutel tot de vooruitgang van het volk. Met de staatsgreep van 1936 werd die droom verbrijzeld, maar niet de toewijding van Hernández aan de idealen van sociale rechtvaardigheid en de verdediging van de vrijheid. Zijn gedichten werden wraakzuchtiger, wat hem de bijnaam Volksdichter opleverde. Hij predikt en leest, schrijft en heeft lief, vecht en rouwt om de dood van zijn zoon, en schrijft, schrijft... Zijn meest intieme verzen zijn geboren in enkele van de vele gevangenissen waar hij doorheen paradeerde, steeds zieker, tot de dag van zijn dood. overlijden in maart 1942.</p>								</div>
				</div>
				</div>
				</div>

<p>Perito en Lunas, Miguel Hernández El primer libro de Miguel Hernández, Perito en Lunas, publicado en 1933, nos devuelve la imagen de un pastor aprendiz de poeta. E l joven había vuelto a su Orihuela natal después de una estancia en Madrid marcado por el influjo gongorino de la Generación del 27 y resuelto a [&hellip;]</p>

Perito en Lunas, Miguel Hernández | Islantilla

El primer libro de Miguel Hernández, Perito en Lunas, publicado en 1933, nos devuelve la imagen de un pastor aprendiz de poeta.
