{"id":6118,"date":"2025-09-10T13:27:40","date_gmt":"2025-09-10T11:27:40","guid":{"rendered":"https:\/\/www.islantilla.es\/?page_id=6118"},"modified":"2025-09-10T13:28:30","modified_gmt":"2025-09-10T11:28:30","slug":"las-piedras-del-cielo-pablo-neruda","status":"publish","type":"page","link":"https:\/\/www.islantilla.es\/fr\/las-piedras-del-cielo-pablo-neruda\/","title":{"rendered":"Las piedras del cielo, Pablo Neruda"},"content":{"rendered":"<div data-elementor-type=\"wp-page\" data-elementor-id=\"6118\" class=\"elementor elementor-6118\" data-elementor-post-type=\"page\">\n\t\t\t\t<div class=\"elementor-element elementor-element-9450ea6 e-con-full e-flex e-con e-parent\" data-id=\"9450ea6\" data-element_type=\"container\" data-e-type=\"container\">\n\t\t<div class=\"elementor-element elementor-element-2849f5d e-con-full e-flex e-con e-child\" data-id=\"2849f5d\" data-element_type=\"container\" data-e-type=\"container\" data-settings=\"{&quot;background_background&quot;:&quot;classic&quot;}\">\n\t\t\t\t<\/div>\n\t\t<div class=\"elementor-element elementor-element-71931d9 e-con-full e-flex e-con e-child\" data-id=\"71931d9\" data-element_type=\"container\" data-e-type=\"container\">\n\t\t\t\t<div class=\"elementor-element elementor-element-af12e1e elementor-widget elementor-widget-heading\" data-id=\"af12e1e\" data-element_type=\"widget\" data-e-type=\"widget\" data-widget_type=\"heading.default\">\n\t\t\t\t\t<h2 class=\"elementor-heading-title elementor-size-default\">Les pierres du ciel, <\/h2>\t\t\t\t<\/div>\n\t\t\t\t<div class=\"elementor-element elementor-element-4790b13 elementor-widget elementor-widget-heading\" data-id=\"4790b13\" data-element_type=\"widget\" data-e-type=\"widget\" data-widget_type=\"heading.default\">\n\t\t\t\t\t<h2 class=\"elementor-heading-title elementor-size-default\">Pablo Neruda<\/h2>\t\t\t\t<\/div>\n\t\t\t\t<div class=\"elementor-element elementor-element-ef37960 elementor-widget elementor-widget-spacer\" data-id=\"ef37960\" data-element_type=\"widget\" data-e-type=\"widget\" data-widget_type=\"spacer.default\">\n\t\t\t\t\t\t\t<div class=\"elementor-spacer\">\n\t\t\t<div class=\"elementor-spacer-inner\"><\/div>\n\t\t<\/div>\n\t\t\t\t\t\t<\/div>\n\t\t\t\t<div class=\"elementor-element elementor-element-92a0c47 elementor-widget elementor-widget-text-editor\" data-id=\"92a0c47\" data-element_type=\"widget\" data-e-type=\"widget\" data-widget_type=\"text-editor.default\">\n\t\t\t\t\t\t\t\t\t<p>En 1924, avec Vingt po\u00e8mes d&#039;amour et un chant de d\u00e9sespoir, une nouvelle voix \u00e9mergea dans la po\u00e9sie chilienne, captivant les lecteurs du monde entier. Pr\u00e8s de cinquante ans plus tard, en 1970, Neruda publia Les Pierres du ciel, peu avant de recevoir le prix Nobel de litt\u00e9rature.<\/p><p>Dans la po\u00e9sie de Neruda, il y a toujours des vagues, des an\u00e9mones, des figures de proue, des plages\u2026 Et, selon ses mots, le lecteur navigue \u2013 et fait naufrage. Car si Neruda scrute le ciel \u00e0 la recherche de pierres, ses yeux sont emplis de la mer. Celle de son Isla Negra \u00e0 Valpara\u00edso et de tant d&#039;autres voyages\u00a0: de l&#039;oc\u00e9an Indien \u00e0 la mer Tyrrh\u00e9nienne\u00a0; exil \u00e0 Naples ou consul \u00e0 Rangoon. Ces pierres sont, pour le po\u00e8te de la mer, le sel du ciel.<\/p>\t\t\t\t\t\t\t\t<\/div>\n\t\t\t\t<\/div>\n\t\t\t\t<\/div>\n\t\t\t\t<\/div>","protected":false},"excerpt":{"rendered":"<p>Las piedras del cielo, Pablo Neruda En 1924, con Veinte poemas de amor y una canci\u00f3n desesperada aparece una voz nueva en la poes\u00eda chilena que cautiva a lectores de todo el mundo. Casi cincuenta a\u00f1os despu\u00e9s, en 1970, publica Neruda Las Piedras del cielo, poco antes de ser galardonado con el Premio Nobel de [&hellip;]<\/p>\n","protected":false},"author":12,"featured_media":0,"parent":0,"menu_order":0,"comment_status":"closed","ping_status":"closed","template":"","meta":{"slim_seo":{"title":"Las piedras del cielo, Pablo Neruda - Islantilla","description":"Las piedras del cielo, Pablo Neruda En 1924, con Veinte poemas de amor y una canci\u00f3n desesperada aparece una voz nueva en la poes\u00eda chilena que cautiva a lector"},"footnotes":""},"class_list":["post-6118","page","type-page","status-publish","hentry"],"_links":{"self":[{"href":"https:\/\/www.islantilla.es\/fr\/wp-json\/wp\/v2\/pages\/6118","targetHints":{"allow":["GET"]}}],"collection":[{"href":"https:\/\/www.islantilla.es\/fr\/wp-json\/wp\/v2\/pages"}],"about":[{"href":"https:\/\/www.islantilla.es\/fr\/wp-json\/wp\/v2\/types\/page"}],"author":[{"embeddable":true,"href":"https:\/\/www.islantilla.es\/fr\/wp-json\/wp\/v2\/users\/12"}],"replies":[{"embeddable":true,"href":"https:\/\/www.islantilla.es\/fr\/wp-json\/wp\/v2\/comments?post=6118"}],"version-history":[{"count":4,"href":"https:\/\/www.islantilla.es\/fr\/wp-json\/wp\/v2\/pages\/6118\/revisions"}],"predecessor-version":[{"id":6122,"href":"https:\/\/www.islantilla.es\/fr\/wp-json\/wp\/v2\/pages\/6118\/revisions\/6122"}],"wp:attachment":[{"href":"https:\/\/www.islantilla.es\/fr\/wp-json\/wp\/v2\/media?parent=6118"}],"curies":[{"name":"wp","href":"https:\/\/api.w.org\/{rel}","templated":true}]}}

<div data-elementor-type="wp-page" data-elementor-id="6118" class="elementor elementor-6118" data-elementor-post-type="page">
				<div class="elementor-element elementor-element-9450ea6 e-con-full e-flex e-con e-parent" data-id="9450ea6" data-element_type="container" data-e-type="container">
		<div class="elementor-element elementor-element-2849f5d e-con-full e-flex e-con e-child" data-id="2849f5d" data-element_type="container" data-e-type="container" data-settings="{&quot;background_background&quot;:&quot;classic&quot;}">
				</div>
		<div class="elementor-element elementor-element-71931d9 e-con-full e-flex e-con e-child" data-id="71931d9" data-element_type="container" data-e-type="container">
				<div class="elementor-element elementor-element-af12e1e elementor-widget elementor-widget-heading" data-id="af12e1e" data-element_type="widget" data-e-type="widget" data-widget_type="heading.default">
					<h2 class="elementor-heading-title elementor-size-default">Les pierres du ciel, </h2>				</div>
				<div class="elementor-element elementor-element-4790b13 elementor-widget elementor-widget-heading" data-id="4790b13" data-element_type="widget" data-e-type="widget" data-widget_type="heading.default">
					<h2 class="elementor-heading-title elementor-size-default">Pablo Neruda</h2>				</div>
				<div class="elementor-element elementor-element-ef37960 elementor-widget elementor-widget-spacer" data-id="ef37960" data-element_type="widget" data-e-type="widget" data-widget_type="spacer.default">
							<div class="elementor-spacer">
			<div class="elementor-spacer-inner"></div>
		</div>
						</div>
				<div class="elementor-element elementor-element-92a0c47 elementor-widget elementor-widget-text-editor" data-id="92a0c47" data-element_type="widget" data-e-type="widget" data-widget_type="text-editor.default">
									<p>En 1924, avec Vingt poèmes d&#039;amour et un chant de désespoir, une nouvelle voix émergea dans la poésie chilienne, captivant les lecteurs du monde entier. Près de cinquante ans plus tard, en 1970, Neruda publia Les Pierres du ciel, peu avant de recevoir le prix Nobel de littérature.</p><p>Dans la poésie de Neruda, il y a toujours des vagues, des anémones, des figures de proue, des plages… Et, selon ses mots, le lecteur navigue – et fait naufrage. Car si Neruda scrute le ciel à la recherche de pierres, ses yeux sont emplis de la mer. Celle de son Isla Negra à Valparaíso et de tant d&#039;autres voyages : de l&#039;océan Indien à la mer Tyrrhénienne ; exil à Naples ou consul à Rangoon. Ces pierres sont, pour le poète de la mer, le sel du ciel.</p>								</div>
				</div>
				</div>
				</div>

<p>Las piedras del cielo, Pablo Neruda En 1924, con Veinte poemas de amor y una canción desesperada aparece una voz nueva en la poesía chilena que cautiva a lectores de todo el mundo. Casi cincuenta años después, en 1970, publica Neruda Las Piedras del cielo, poco antes de ser galardonado con el Premio Nobel de [&hellip;]</p>

Las piedras del cielo, Pablo Neruda En 1924, con Veinte poemas de amor y una canción desesperada aparece una voz nueva en la poesía chilena que cautiva a lector
