{"id":3448,"date":"2024-10-29T12:16:48","date_gmt":"2024-10-29T11:16:48","guid":{"rendered":"https:\/\/www.islantilla.es\/?page_id=3448"},"modified":"2024-10-31T13:20:07","modified_gmt":"2024-10-31T12:20:07","slug":"perito-en-lunas-miguel-hernandez","status":"publish","type":"page","link":"https:\/\/www.islantilla.es\/fr\/perito-en-lunas-miguel-hernandez\/","title":{"rendered":"Expert lunaire, Miguel Hern\u00e1ndez"},"content":{"rendered":"<div data-elementor-type=\"wp-page\" data-elementor-id=\"3448\" class=\"elementor elementor-3448\" data-elementor-post-type=\"page\">\n\t\t\t\t<div class=\"elementor-element elementor-element-a167561 e-con-full e-flex e-con e-parent\" data-id=\"a167561\" data-element_type=\"container\" data-e-type=\"container\">\n\t\t<div class=\"elementor-element elementor-element-59a796e e-con-full e-flex e-con e-child\" data-id=\"59a796e\" data-element_type=\"container\" data-e-type=\"container\" data-settings=\"{&quot;background_background&quot;:&quot;classic&quot;}\">\n\t\t\t\t<\/div>\n\t\t<div class=\"elementor-element elementor-element-fb060c0 e-con-full e-flex e-con e-child\" data-id=\"fb060c0\" data-element_type=\"container\" data-e-type=\"container\">\n\t\t\t\t<div class=\"elementor-element elementor-element-75cc7fa elementor-widget elementor-widget-heading\" data-id=\"75cc7fa\" data-element_type=\"widget\" data-e-type=\"widget\" data-widget_type=\"heading.default\">\n\t\t\t\t\t<h2 class=\"elementor-heading-title elementor-size-default\">Expert en Lunes,<\/h2>\t\t\t\t<\/div>\n\t\t\t\t<div class=\"elementor-element elementor-element-ca2443e elementor-widget elementor-widget-heading\" data-id=\"ca2443e\" data-element_type=\"widget\" data-e-type=\"widget\" data-widget_type=\"heading.default\">\n\t\t\t\t\t<h2 class=\"elementor-heading-title elementor-size-default\">Miguel Hern\u00e1ndez<\/h2>\t\t\t\t<\/div>\n\t\t\t\t<div class=\"elementor-element elementor-element-0d9b7cc elementor-widget elementor-widget-spacer\" data-id=\"0d9b7cc\" data-element_type=\"widget\" data-e-type=\"widget\" data-widget_type=\"spacer.default\">\n\t\t\t\t\t\t\t<div class=\"elementor-spacer\">\n\t\t\t<div class=\"elementor-spacer-inner\"><\/div>\n\t\t<\/div>\n\t\t\t\t\t\t<\/div>\n\t\t\t\t<div class=\"elementor-element elementor-element-6e514bc elementor-widget elementor-widget-text-editor\" data-id=\"6e514bc\" data-element_type=\"widget\" data-e-type=\"widget\" data-widget_type=\"text-editor.default\">\n\t\t\t\t\t\t\t\t\t<p>Le premier livre de Miguel Hern\u00e1ndez, Perito en Lunas, publi\u00e9 en 1933, nous donne l&#039;image d&#039;un berger apprenti chez un po\u00e8te. Le jeune homme \u00e9tait revenu dans son Orihuela natale apr\u00e8s un s\u00e9jour \u00e0 Madrid marqu\u00e9 par l&#039;influence gongorin de la g\u00e9n\u00e9ration 27 et d\u00e9termin\u00e9 \u00e0 continuer \u00e0 lire et \u00e0 \u00e9crire de la po\u00e9sie, m\u00eame lorsque la tradition familiale marquait son destin de berger. Hern\u00e1ndez repr\u00e9sente fid\u00e8lement l&#039;esprit p\u00e9dagogique de l&#039;Institution d&#039;Enseignement Libre, qui consid\u00e8re la culture comme la cl\u00e9 du progr\u00e8s du peuple. Avec le coup d&#039;\u00c9tat de 1936, ce r\u00eave fut bris\u00e9, mais pas l&#039;engagement d&#039;Hern\u00e1ndez en faveur des id\u00e9aux de justice sociale et de d\u00e9fense de la libert\u00e9. Ses po\u00e8mes deviennent plus vindicatifs, ce qui lui vaut le surnom de po\u00e8te du peuple. Il est pasteur et lit, \u00e9crit et aime, combat et pleure la mort de son fils, et \u00e9crit, \u00e9crit... Ses vers les plus intimes naissent dans certaines des nombreuses prisons dans lesquelles il a d\u00e9fil\u00e9, de plus en plus malade, jusqu&#039;au jour de sa mort. d\u00e9c\u00e8s en mars 1942.<\/p>\t\t\t\t\t\t\t\t<\/div>\n\t\t\t\t<\/div>\n\t\t\t\t<\/div>\n\t\t\t\t<\/div>","protected":false},"excerpt":{"rendered":"<p>Perito en Lunas, Miguel Hern\u00e1ndez El primer libro de Miguel Hern\u00e1ndez, Perito en Lunas, publicado en 1933, nos devuelve la imagen de un pastor aprendiz de poeta. E l joven hab\u00eda vuelto a su Orihuela natal despu\u00e9s de una estancia en Madrid marcado por el influjo gongorino de la Generaci\u00f3n del 27 y resuelto a [&hellip;]<\/p>\n","protected":false},"author":1,"featured_media":0,"parent":0,"menu_order":0,"comment_status":"closed","ping_status":"closed","template":"","meta":{"slim_seo":{"title":"Perito en Lunas, Miguel Hern\u00e1ndez | Islantilla","description":"El primer libro de Miguel Hern\u00e1ndez, Perito en Lunas, publicado en 1933, nos devuelve la imagen de un pastor aprendiz de poeta."},"footnotes":""},"class_list":["post-3448","page","type-page","status-publish","hentry"],"_links":{"self":[{"href":"https:\/\/www.islantilla.es\/fr\/wp-json\/wp\/v2\/pages\/3448","targetHints":{"allow":["GET"]}}],"collection":[{"href":"https:\/\/www.islantilla.es\/fr\/wp-json\/wp\/v2\/pages"}],"about":[{"href":"https:\/\/www.islantilla.es\/fr\/wp-json\/wp\/v2\/types\/page"}],"author":[{"embeddable":true,"href":"https:\/\/www.islantilla.es\/fr\/wp-json\/wp\/v2\/users\/1"}],"replies":[{"embeddable":true,"href":"https:\/\/www.islantilla.es\/fr\/wp-json\/wp\/v2\/comments?post=3448"}],"version-history":[{"count":10,"href":"https:\/\/www.islantilla.es\/fr\/wp-json\/wp\/v2\/pages\/3448\/revisions"}],"predecessor-version":[{"id":3546,"href":"https:\/\/www.islantilla.es\/fr\/wp-json\/wp\/v2\/pages\/3448\/revisions\/3546"}],"wp:attachment":[{"href":"https:\/\/www.islantilla.es\/fr\/wp-json\/wp\/v2\/media?parent=3448"}],"curies":[{"name":"wp","href":"https:\/\/api.w.org\/{rel}","templated":true}]}}

Expert lunaire, Miguel Hernández

<div data-elementor-type="wp-page" data-elementor-id="3448" class="elementor elementor-3448" data-elementor-post-type="page">
				<div class="elementor-element elementor-element-a167561 e-con-full e-flex e-con e-parent" data-id="a167561" data-element_type="container" data-e-type="container">
		<div class="elementor-element elementor-element-59a796e e-con-full e-flex e-con e-child" data-id="59a796e" data-element_type="container" data-e-type="container" data-settings="{&quot;background_background&quot;:&quot;classic&quot;}">
				</div>
		<div class="elementor-element elementor-element-fb060c0 e-con-full e-flex e-con e-child" data-id="fb060c0" data-element_type="container" data-e-type="container">
				<div class="elementor-element elementor-element-75cc7fa elementor-widget elementor-widget-heading" data-id="75cc7fa" data-element_type="widget" data-e-type="widget" data-widget_type="heading.default">
					<h2 class="elementor-heading-title elementor-size-default">Expert en Lunes,</h2>				</div>
				<div class="elementor-element elementor-element-ca2443e elementor-widget elementor-widget-heading" data-id="ca2443e" data-element_type="widget" data-e-type="widget" data-widget_type="heading.default">
					<h2 class="elementor-heading-title elementor-size-default">Miguel Hernández</h2>				</div>
				<div class="elementor-element elementor-element-0d9b7cc elementor-widget elementor-widget-spacer" data-id="0d9b7cc" data-element_type="widget" data-e-type="widget" data-widget_type="spacer.default">
							<div class="elementor-spacer">
			<div class="elementor-spacer-inner"></div>
		</div>
						</div>
				<div class="elementor-element elementor-element-6e514bc elementor-widget elementor-widget-text-editor" data-id="6e514bc" data-element_type="widget" data-e-type="widget" data-widget_type="text-editor.default">
									<p>Le premier livre de Miguel Hernández, Perito en Lunas, publié en 1933, nous donne l&#039;image d&#039;un berger apprenti chez un poète. Le jeune homme était revenu dans son Orihuela natale après un séjour à Madrid marqué par l&#039;influence gongorin de la génération 27 et déterminé à continuer à lire et à écrire de la poésie, même lorsque la tradition familiale marquait son destin de berger. Hernández représente fidèlement l&#039;esprit pédagogique de l&#039;Institution d&#039;Enseignement Libre, qui considère la culture comme la clé du progrès du peuple. Avec le coup d&#039;État de 1936, ce rêve fut brisé, mais pas l&#039;engagement d&#039;Hernández en faveur des idéaux de justice sociale et de défense de la liberté. Ses poèmes deviennent plus vindicatifs, ce qui lui vaut le surnom de poète du peuple. Il est pasteur et lit, écrit et aime, combat et pleure la mort de son fils, et écrit, écrit... Ses vers les plus intimes naissent dans certaines des nombreuses prisons dans lesquelles il a défilé, de plus en plus malade, jusqu&#039;au jour de sa mort. décès en mars 1942.</p>								</div>
				</div>
				</div>
				</div>

<p>Perito en Lunas, Miguel Hernández El primer libro de Miguel Hernández, Perito en Lunas, publicado en 1933, nos devuelve la imagen de un pastor aprendiz de poeta. E l joven había vuelto a su Orihuela natal después de una estancia en Madrid marcado por el influjo gongorino de la Generación del 27 y resuelto a [&hellip;]</p>

Perito en Lunas, Miguel Hernández | Islantilla

El primer libro de Miguel Hernández, Perito en Lunas, publicado en 1933, nos devuelve la imagen de un pastor aprendiz de poeta.
