{"id":3443,"date":"2024-10-29T12:15:01","date_gmt":"2024-10-29T11:15:01","guid":{"rendered":"https:\/\/www.islantilla.es\/?page_id=3443"},"modified":"2024-10-31T13:18:55","modified_gmt":"2024-10-31T12:18:55","slug":"retratos-gertrude-stein","status":"publish","type":"page","link":"https:\/\/www.islantilla.es\/fr\/retratos-gertrude-stein\/","title":{"rendered":"Portraits, Gertrude Stein"},"content":{"rendered":"<div data-elementor-type=\"wp-page\" data-elementor-id=\"3443\" class=\"elementor elementor-3443\" data-elementor-post-type=\"page\">\n\t\t\t\t<div class=\"elementor-element elementor-element-aff83d4 e-con-full e-flex e-con e-parent\" data-id=\"aff83d4\" data-element_type=\"container\" data-e-type=\"container\">\n\t\t<div class=\"elementor-element elementor-element-ceb21a9 e-con-full e-flex e-con e-child\" data-id=\"ceb21a9\" data-element_type=\"container\" data-e-type=\"container\" data-settings=\"{&quot;background_background&quot;:&quot;classic&quot;}\">\n\t\t\t\t<\/div>\n\t\t<div class=\"elementor-element elementor-element-d134896 e-con-full e-flex e-con e-child\" data-id=\"d134896\" data-element_type=\"container\" data-e-type=\"container\">\n\t\t\t\t<div class=\"elementor-element elementor-element-5900628 elementor-widget elementor-widget-heading\" data-id=\"5900628\" data-element_type=\"widget\" data-e-type=\"widget\" data-widget_type=\"heading.default\">\n\t\t\t\t\t<h2 class=\"elementor-heading-title elementor-size-default\">portraits,<\/h2>\t\t\t\t<\/div>\n\t\t\t\t<div class=\"elementor-element elementor-element-97bde0a elementor-widget elementor-widget-heading\" data-id=\"97bde0a\" data-element_type=\"widget\" data-e-type=\"widget\" data-widget_type=\"heading.default\">\n\t\t\t\t\t<h2 class=\"elementor-heading-title elementor-size-default\">Gertrude Stein<\/h2>\t\t\t\t<\/div>\n\t\t\t\t<div class=\"elementor-element elementor-element-22e4ce4 elementor-widget elementor-widget-spacer\" data-id=\"22e4ce4\" data-element_type=\"widget\" data-e-type=\"widget\" data-widget_type=\"spacer.default\">\n\t\t\t\t\t\t\t<div class=\"elementor-spacer\">\n\t\t\t<div class=\"elementor-spacer-inner\"><\/div>\n\t\t<\/div>\n\t\t\t\t\t\t<\/div>\n\t\t\t\t<div class=\"elementor-element elementor-element-3b007b6 elementor-widget elementor-widget-text-editor\" data-id=\"3b007b6\" data-element_type=\"widget\" data-e-type=\"widget\" data-widget_type=\"text-editor.default\">\n\t\t\t\t\t\t\t\t\t<p>\u00c9crivaine nord-am\u00e9ricaine et collectionneuse audacieuse d&#039;art d&#039;avant-garde depuis son installation \u00e0 Paris en 1903. Dans son salon du 27 rue de Fleurus, la cr\u00e8me de la boh\u00e8me parisienne du moment se r\u00e9unissait tous les samedis ; de Jean Coctau \u00e0 Henry Matisse en passant par Picasso, Fitzgerald et Hemingway.<\/p><p>Petit \u00e0 petit, les murs de l&#039;actuel Salon Stein se sont recouverts d&#039;un Gauguin, d&#039;un Picasso, d&#039;un Delacroix, d&#039;un Matisse, d&#039;un autre Picasso, d&#039;un C\u00e9zanne... Un autre Picasso ! Et Gertrude admirait particuli\u00e8rement le travail de l&#039;homme de Malaga, \u00e9tant l&#039;une des premi\u00e8res personnes \u00e0 percevoir la grande valeur que poss\u00e9daient d\u00e9j\u00e0 ses premiers tableaux. Elle noue \u00e9galement une intense amiti\u00e9 avec le c\u00e9l\u00e8bre peintre de Malaga, au cours de laquelle ils se font tous deux des portraits, lui avec des peintures et elle avec des mots. C\u2019est le germe de Portraits, \u0153uvre totalement exp\u00e9rimentale, largement critiqu\u00e9e pour son imp\u00e9n\u00e9trable. En effet, son style r\u00e9p\u00e9titif d\u00e9forme le sens et d\u00e9forme le langage, explorant de nouvelles possibilit\u00e9s expressives. L&#039;auteur elle-m\u00eame a d\u00e9clar\u00e9 avoir utilis\u00e9 une technique de composition de nature abstraite, cherchant la corr\u00e9lation dans la litt\u00e9rature du cubisme pictural. Dans ses pages, Gertrude peint Matisse, Picasso, Braque et Henry James, entre autres, avec des mots cubistes.<\/p>\t\t\t\t\t\t\t\t<\/div>\n\t\t\t\t<\/div>\n\t\t\t\t<\/div>\n\t\t\t\t<\/div>","protected":false},"excerpt":{"rendered":"<p>Retratos, Gertrude Stein Escritora norteamericana y audaz coleccionista de arte de vanguardia desde que se instal\u00f3 en Par\u00eds en 1903. En su sal\u00f3n del 27 Rue de Fleurus se reun\u00eda, cada s\u00e1bado, lo m\u00e1s granado de la bohemia parisina del momento; desde Jean Coctau a Henry Matisse, pasando por Picasso, Fitzgerald o Hemingway. Poco a [&hellip;]<\/p>\n","protected":false},"author":1,"featured_media":0,"parent":0,"menu_order":0,"comment_status":"closed","ping_status":"closed","template":"","meta":{"slim_seo":{"title":"Retratos, Gertrude Stein | Islantilla","description":"Escritora norteamericana y audaz coleccionista de arte de vanguardia desde que se instal\u00f3 en Par\u00eds en 1903."},"footnotes":""},"class_list":["post-3443","page","type-page","status-publish","hentry"],"_links":{"self":[{"href":"https:\/\/www.islantilla.es\/fr\/wp-json\/wp\/v2\/pages\/3443","targetHints":{"allow":["GET"]}}],"collection":[{"href":"https:\/\/www.islantilla.es\/fr\/wp-json\/wp\/v2\/pages"}],"about":[{"href":"https:\/\/www.islantilla.es\/fr\/wp-json\/wp\/v2\/types\/page"}],"author":[{"embeddable":true,"href":"https:\/\/www.islantilla.es\/fr\/wp-json\/wp\/v2\/users\/1"}],"replies":[{"embeddable":true,"href":"https:\/\/www.islantilla.es\/fr\/wp-json\/wp\/v2\/comments?post=3443"}],"version-history":[{"count":10,"href":"https:\/\/www.islantilla.es\/fr\/wp-json\/wp\/v2\/pages\/3443\/revisions"}],"predecessor-version":[{"id":3543,"href":"https:\/\/www.islantilla.es\/fr\/wp-json\/wp\/v2\/pages\/3443\/revisions\/3543"}],"wp:attachment":[{"href":"https:\/\/www.islantilla.es\/fr\/wp-json\/wp\/v2\/media?parent=3443"}],"curies":[{"name":"wp","href":"https:\/\/api.w.org\/{rel}","templated":true}]}}

<div data-elementor-type="wp-page" data-elementor-id="3443" class="elementor elementor-3443" data-elementor-post-type="page">
				<div class="elementor-element elementor-element-aff83d4 e-con-full e-flex e-con e-parent" data-id="aff83d4" data-element_type="container" data-e-type="container">
		<div class="elementor-element elementor-element-ceb21a9 e-con-full e-flex e-con e-child" data-id="ceb21a9" data-element_type="container" data-e-type="container" data-settings="{&quot;background_background&quot;:&quot;classic&quot;}">
				</div>
		<div class="elementor-element elementor-element-d134896 e-con-full e-flex e-con e-child" data-id="d134896" data-element_type="container" data-e-type="container">
				<div class="elementor-element elementor-element-5900628 elementor-widget elementor-widget-heading" data-id="5900628" data-element_type="widget" data-e-type="widget" data-widget_type="heading.default">
					<h2 class="elementor-heading-title elementor-size-default">portraits,</h2>				</div>
				<div class="elementor-element elementor-element-97bde0a elementor-widget elementor-widget-heading" data-id="97bde0a" data-element_type="widget" data-e-type="widget" data-widget_type="heading.default">
					<h2 class="elementor-heading-title elementor-size-default">Gertrude Stein</h2>				</div>
				<div class="elementor-element elementor-element-22e4ce4 elementor-widget elementor-widget-spacer" data-id="22e4ce4" data-element_type="widget" data-e-type="widget" data-widget_type="spacer.default">
							<div class="elementor-spacer">
			<div class="elementor-spacer-inner"></div>
		</div>
						</div>
				<div class="elementor-element elementor-element-3b007b6 elementor-widget elementor-widget-text-editor" data-id="3b007b6" data-element_type="widget" data-e-type="widget" data-widget_type="text-editor.default">
									<p>Écrivaine nord-américaine et collectionneuse audacieuse d&#039;art d&#039;avant-garde depuis son installation à Paris en 1903. Dans son salon du 27 rue de Fleurus, la crème de la bohème parisienne du moment se réunissait tous les samedis ; de Jean Coctau à Henry Matisse en passant par Picasso, Fitzgerald et Hemingway.</p><p>Petit à petit, les murs de l&#039;actuel Salon Stein se sont recouverts d&#039;un Gauguin, d&#039;un Picasso, d&#039;un Delacroix, d&#039;un Matisse, d&#039;un autre Picasso, d&#039;un Cézanne... Un autre Picasso ! Et Gertrude admirait particulièrement le travail de l&#039;homme de Malaga, étant l&#039;une des premières personnes à percevoir la grande valeur que possédaient déjà ses premiers tableaux. Elle noue également une intense amitié avec le célèbre peintre de Malaga, au cours de laquelle ils se font tous deux des portraits, lui avec des peintures et elle avec des mots. C’est le germe de Portraits, œuvre totalement expérimentale, largement critiquée pour son impénétrable. En effet, son style répétitif déforme le sens et déforme le langage, explorant de nouvelles possibilités expressives. L&#039;auteur elle-même a déclaré avoir utilisé une technique de composition de nature abstraite, cherchant la corrélation dans la littérature du cubisme pictural. Dans ses pages, Gertrude peint Matisse, Picasso, Braque et Henry James, entre autres, avec des mots cubistes.</p>								</div>
				</div>
				</div>
				</div>

<p>Retratos, Gertrude Stein Escritora norteamericana y audaz coleccionista de arte de vanguardia desde que se instaló en París en 1903. En su salón del 27 Rue de Fleurus se reunía, cada sábado, lo más granado de la bohemia parisina del momento; desde Jean Coctau a Henry Matisse, pasando por Picasso, Fitzgerald o Hemingway. Poco a [&hellip;]</p>

Escritora norteamericana y audaz coleccionista de arte de vanguardia desde que se instaló en París en 1903.
