{"id":3420,"date":"2024-10-29T12:04:34","date_gmt":"2024-10-29T11:04:34","guid":{"rendered":"https:\/\/www.islantilla.es\/?page_id=3420"},"modified":"2024-10-31T13:15:25","modified_gmt":"2024-10-31T12:15:25","slug":"primavera-negra-henry-miller","status":"publish","type":"page","link":"https:\/\/www.islantilla.es\/fr\/primavera-negra-henry-miller\/","title":{"rendered":"Printemps noir, Henry Miller"},"content":{"rendered":"<div data-elementor-type=\"wp-page\" data-elementor-id=\"3420\" class=\"elementor elementor-3420\" data-elementor-post-type=\"page\">\n\t\t\t\t<div class=\"elementor-element elementor-element-7d704b7 e-con-full e-flex e-con e-parent\" data-id=\"7d704b7\" data-element_type=\"container\" data-e-type=\"container\">\n\t\t<div class=\"elementor-element elementor-element-c2c5596 e-con-full e-flex e-con e-child\" data-id=\"c2c5596\" data-element_type=\"container\" data-e-type=\"container\" data-settings=\"{&quot;background_background&quot;:&quot;classic&quot;}\">\n\t\t\t\t<\/div>\n\t\t<div class=\"elementor-element elementor-element-b4c8ec1 e-con-full e-flex e-con e-child\" data-id=\"b4c8ec1\" data-element_type=\"container\" data-e-type=\"container\">\n\t\t\t\t<div class=\"elementor-element elementor-element-de90d75 elementor-widget elementor-widget-heading\" data-id=\"de90d75\" data-element_type=\"widget\" data-e-type=\"widget\" data-widget_type=\"heading.default\">\n\t\t\t\t\t<h2 class=\"elementor-heading-title elementor-size-default\">Printemps noir,<\/h2>\t\t\t\t<\/div>\n\t\t\t\t<div class=\"elementor-element elementor-element-c0a0827 elementor-widget elementor-widget-heading\" data-id=\"c0a0827\" data-element_type=\"widget\" data-e-type=\"widget\" data-widget_type=\"heading.default\">\n\t\t\t\t\t<h2 class=\"elementor-heading-title elementor-size-default\">Henri Miller<\/h2>\t\t\t\t<\/div>\n\t\t\t\t<div class=\"elementor-element elementor-element-f89086c elementor-widget elementor-widget-spacer\" data-id=\"f89086c\" data-element_type=\"widget\" data-e-type=\"widget\" data-widget_type=\"spacer.default\">\n\t\t\t\t\t\t\t<div class=\"elementor-spacer\">\n\t\t\t<div class=\"elementor-spacer-inner\"><\/div>\n\t\t<\/div>\n\t\t\t\t\t\t<\/div>\n\t\t\t\t<div class=\"elementor-element elementor-element-ceaa3b4 elementor-widget elementor-widget-text-editor\" data-id=\"ceaa3b4\" data-element_type=\"widget\" data-e-type=\"widget\" data-widget_type=\"text-editor.default\">\n\t\t\t\t\t\t\t\t\t<p>Publi\u00e9 \u00e0 Paris en 1936, Black Spring est un m\u00e9moire racont\u00e9 \u00e0 la premi\u00e8re personne dans lequel l&#039;\u00e9crivain am\u00e9ricain Henry Miller, dans un style proche de l&#039;\u00e9criture automatique, recr\u00e9e des moments de sa vie, de son enfance \u00e0 Brooklyn \u00e0 la fin du si\u00e8cle. XIX, jusqu&#039;\u00e0 Paris dans les ann\u00e9es 1930. Il est structur\u00e9 en dix chapitres, ou histoires, qui peuvent aussi se lire ind\u00e9pendamment, mais qui forment ensemble un roman solide. D\u00e9di\u00e9 \u00e0 sa bien-aim\u00e9e Ana\u00efs Nin, le livre ne put \u00eatre publi\u00e9 dans son int\u00e9gralit\u00e9 aux \u00c9tats-Unis qu&#039;en 1963, la censure interdisant plusieurs des histoires qu&#039;il contenait pour obsc\u00e9nit\u00e9. Avec un lexique souvent surr\u00e9aliste, la puissance expressive de ses images assure une lecture \u00e9lectrisante.<\/p>\t\t\t\t\t\t\t\t<\/div>\n\t\t\t\t<\/div>\n\t\t\t\t<\/div>\n\t\t\t\t<\/div>","protected":false},"excerpt":{"rendered":"<p>Primavera Negra, Henry Miller Publicado en Par\u00eds en 1936, Primavera Negra es un libro de memorias narrado en primera persona en el que el escritor estadounidense Henry Miller, en un estilo cercano a la escritura autom\u00e1tica, recrea momentos de su vida, desde su infancia en Brooklyn a finales del siglo XIX, hasta el par\u00eds de [&hellip;]<\/p>\n","protected":false},"author":1,"featured_media":0,"parent":0,"menu_order":0,"comment_status":"closed","ping_status":"closed","template":"","meta":{"slim_seo":{"title":"Primavera Negra, Henry Miller | Islantilla","description":"Publicado en Par\u00eds en 1936, Primavera Negra es un libro de memorias narrado en primera persona en el que el escritor estadounidense Henry Miller, en un estilo cercano a la escritura autom\u00e1tica, recrea momentos de su vida, desde su infancia en Brooklyn a finales del siglo XIX, hasta el par\u00eds de los a\u00f1os 30."},"footnotes":""},"class_list":["post-3420","page","type-page","status-publish","hentry"],"_links":{"self":[{"href":"https:\/\/www.islantilla.es\/fr\/wp-json\/wp\/v2\/pages\/3420","targetHints":{"allow":["GET"]}}],"collection":[{"href":"https:\/\/www.islantilla.es\/fr\/wp-json\/wp\/v2\/pages"}],"about":[{"href":"https:\/\/www.islantilla.es\/fr\/wp-json\/wp\/v2\/types\/page"}],"author":[{"embeddable":true,"href":"https:\/\/www.islantilla.es\/fr\/wp-json\/wp\/v2\/users\/1"}],"replies":[{"embeddable":true,"href":"https:\/\/www.islantilla.es\/fr\/wp-json\/wp\/v2\/comments?post=3420"}],"version-history":[{"count":10,"href":"https:\/\/www.islantilla.es\/fr\/wp-json\/wp\/v2\/pages\/3420\/revisions"}],"predecessor-version":[{"id":3531,"href":"https:\/\/www.islantilla.es\/fr\/wp-json\/wp\/v2\/pages\/3420\/revisions\/3531"}],"wp:attachment":[{"href":"https:\/\/www.islantilla.es\/fr\/wp-json\/wp\/v2\/media?parent=3420"}],"curies":[{"name":"wp","href":"https:\/\/api.w.org\/{rel}","templated":true}]}}

<div data-elementor-type="wp-page" data-elementor-id="3420" class="elementor elementor-3420" data-elementor-post-type="page">
				<div class="elementor-element elementor-element-7d704b7 e-con-full e-flex e-con e-parent" data-id="7d704b7" data-element_type="container" data-e-type="container">
		<div class="elementor-element elementor-element-c2c5596 e-con-full e-flex e-con e-child" data-id="c2c5596" data-element_type="container" data-e-type="container" data-settings="{&quot;background_background&quot;:&quot;classic&quot;}">
				</div>
		<div class="elementor-element elementor-element-b4c8ec1 e-con-full e-flex e-con e-child" data-id="b4c8ec1" data-element_type="container" data-e-type="container">
				<div class="elementor-element elementor-element-de90d75 elementor-widget elementor-widget-heading" data-id="de90d75" data-element_type="widget" data-e-type="widget" data-widget_type="heading.default">
					<h2 class="elementor-heading-title elementor-size-default">Printemps noir,</h2>				</div>
				<div class="elementor-element elementor-element-c0a0827 elementor-widget elementor-widget-heading" data-id="c0a0827" data-element_type="widget" data-e-type="widget" data-widget_type="heading.default">
					<h2 class="elementor-heading-title elementor-size-default">Henri Miller</h2>				</div>
				<div class="elementor-element elementor-element-f89086c elementor-widget elementor-widget-spacer" data-id="f89086c" data-element_type="widget" data-e-type="widget" data-widget_type="spacer.default">
							<div class="elementor-spacer">
			<div class="elementor-spacer-inner"></div>
		</div>
						</div>
				<div class="elementor-element elementor-element-ceaa3b4 elementor-widget elementor-widget-text-editor" data-id="ceaa3b4" data-element_type="widget" data-e-type="widget" data-widget_type="text-editor.default">
									<p>Publié à Paris en 1936, Black Spring est un mémoire raconté à la première personne dans lequel l&#039;écrivain américain Henry Miller, dans un style proche de l&#039;écriture automatique, recrée des moments de sa vie, de son enfance à Brooklyn à la fin du siècle. XIX, jusqu&#039;à Paris dans les années 1930. Il est structuré en dix chapitres, ou histoires, qui peuvent aussi se lire indépendamment, mais qui forment ensemble un roman solide. Dédié à sa bien-aimée Anaïs Nin, le livre ne put être publié dans son intégralité aux États-Unis qu&#039;en 1963, la censure interdisant plusieurs des histoires qu&#039;il contenait pour obscénité. Avec un lexique souvent surréaliste, la puissance expressive de ses images assure une lecture électrisante.</p>								</div>
				</div>
				</div>
				</div>

<p>Primavera Negra, Henry Miller Publicado en París en 1936, Primavera Negra es un libro de memorias narrado en primera persona en el que el escritor estadounidense Henry Miller, en un estilo cercano a la escritura automática, recrea momentos de su vida, desde su infancia en Brooklyn a finales del siglo XIX, hasta el parís de [&hellip;]</p>

Publicado en París en 1936, Primavera Negra es un libro de memorias narrado en primera persona en el que el escritor estadounidense Henry Miller, en un estilo cercano a la escritura automática, recrea momentos de su vida, desde su infancia en Brooklyn a finales del siglo XIX, hasta el parís de los años 30.
