{"id":2005,"date":"2024-03-26T18:59:39","date_gmt":"2024-03-26T17:59:39","guid":{"rendered":"https:\/\/www.islantilla.es\/?page_id=2005"},"modified":"2026-01-09T12:07:47","modified_gmt":"2026-01-09T11:07:47","slug":"parque-camaleon","status":"publish","type":"page","link":"https:\/\/www.islantilla.es\/fr\/parque-camaleon\/","title":{"rendered":"Parc \u00ab El Camale\u00f3n \u00bb"},"content":{"rendered":"<div data-elementor-type=\"wp-page\" data-elementor-id=\"2005\" class=\"elementor elementor-2005\" data-elementor-post-type=\"page\">\n\t\t\t\t<div class=\"elementor-element elementor-element-42c42a3 e-flex e-con-boxed elementor-invisible e-con e-parent\" data-id=\"42c42a3\" data-element_type=\"container\" data-e-type=\"container\" data-settings=\"{&quot;background_background&quot;:&quot;classic&quot;,&quot;animation&quot;:&quot;fadeIn&quot;}\">\n\t\t\t\t\t<div class=\"e-con-inner\">\n\t\t\t\t<div class=\"elementor-element elementor-element-bfd4865 elementor-widget__width-initial elementor-widget elementor-widget-heading\" data-id=\"bfd4865\" data-element_type=\"widget\" data-e-type=\"widget\" data-widget_type=\"heading.default\">\n\t\t\t\t\t<h2 class=\"elementor-heading-title elementor-size-default\">10<\/h2>\t\t\t\t<\/div>\n\t\t\t\t<div class=\"elementor-element elementor-element-efdb8c0 elementor-widget elementor-widget-heading\" data-id=\"efdb8c0\" data-element_type=\"widget\" data-e-type=\"widget\" data-widget_type=\"heading.default\">\n\t\t\t\t\t<h2 class=\"elementor-heading-title elementor-size-default\">PARC DU CAMALE\u00d3N<\/h2>\t\t\t\t<\/div>\n\t\t\t\t\t<\/div>\n\t\t\t\t<\/div>\n\t\t<div class=\"elementor-element elementor-element-91f7ef6 e-flex e-con-boxed e-con e-parent\" data-id=\"91f7ef6\" data-element_type=\"container\" data-e-type=\"container\">\n\t\t\t\t\t<div class=\"e-con-inner\">\n\t\t\t\t<div class=\"elementor-element elementor-element-dda84db elementor-widget elementor-widget-image\" data-id=\"dda84db\" data-element_type=\"widget\" data-e-type=\"widget\" data-widget_type=\"image.default\">\n\t\t\t\t\t\t\t\t\t\t\t\t\t\t\t<img fetchpriority=\"high\" decoding=\"async\" width=\"800\" height=\"594\" src=\"https:\/\/www.islantilla.es\/wp-content\/uploads\/2024\/03\/Parque-El-Camaleon-2.webp\" class=\"attachment-full size-full wp-image-2007\" alt=\"Entrada principal del Parque El Camale\u00f3n en Islantilla, Huelva.\" srcset=\"https:\/\/www.islantilla.es\/wp-content\/uploads\/2024\/03\/Parque-El-Camaleon-2.webp 800w, https:\/\/www.islantilla.es\/wp-content\/uploads\/2024\/03\/Parque-El-Camaleon-2-300x223.webp 300w, https:\/\/www.islantilla.es\/wp-content\/uploads\/2024\/03\/Parque-El-Camaleon-2-768x570.webp 768w, https:\/\/www.islantilla.es\/wp-content\/uploads\/2024\/03\/Parque-El-Camaleon-2-16x12.webp 16w\" sizes=\"(max-width: 800px) 100vw, 800px\" \/>\t\t\t\t\t\t\t\t\t\t\t\t\t\t\t<\/div>\n\t\t\t\t<div class=\"elementor-element elementor-element-7223208 elementor-widget elementor-widget-text-editor\" data-id=\"7223208\" data-element_type=\"widget\" data-e-type=\"widget\" data-widget_type=\"text-editor.default\">\n\t\t\t\t\t\t\t\t\t<p>Il fait partie du projet \u00ab Islantilla Innova \u00bb et comprend les installations suivantes : auditorium en plein air, sentier d&#039;interpr\u00e9tation de la nature 3D, espace restaurant, espace r\u00e9cr\u00e9atif, parcours sportif (tyrolienne, circuit de course \u00e0 pied) et \u00ab Le Balcon des \u00c9toiles \u00bb \u00bb (point de vue astronomique adapt\u00e9).<\/p>\t\t\t\t\t\t\t\t<\/div>\n\t\t\t\t<div class=\"elementor-element elementor-element-02d01d2 elementor-align-right elementor-widget elementor-widget-button\" data-id=\"02d01d2\" data-element_type=\"widget\" data-e-type=\"widget\" data-widget_type=\"button.default\">\n\t\t\t\t\t\t\t\t\t\t<a class=\"elementor-button elementor-button-link elementor-size-sm\" href=\"https:\/\/www.google.es\/maps\/dir\/\/Parque+%22El+camale%C3%B3n%22,+Av.+del+Deporte,+160,+14,+21430+Isla+Cristina,+Huelva\/@37.21353,-7.2418959,862m\/data=!3m1!1e3!4m9!4m8!1m0!1m5!1m1!1s0xd102fa4e7c0fe05:0x4869d47d7874bf25!2m2!1d-7.240991!2d37.2135532!3e0\">\n\t\t\t\t\t\t<span class=\"elementor-button-content-wrapper\">\n\t\t\t\t\t\t\t\t\t<span class=\"elementor-button-text\">Comment arriver?<\/span>\n\t\t\t\t\t<\/span>\n\t\t\t\t\t<\/a>\n\t\t\t\t\t\t\t\t<\/div>\n\t\t\t\t<div class=\"elementor-element elementor-element-3f5d8b1 elementor-view-default elementor-widget elementor-widget-icon\" data-id=\"3f5d8b1\" data-element_type=\"widget\" data-e-type=\"widget\" data-widget_type=\"icon.default\">\n\t\t\t\t\t\t\t<div class=\"elementor-icon-wrapper\">\n\t\t\t<a class=\"elementor-icon\" href=\"https:\/\/www.islantilla.es\/fr\/mapa-islantilla\/\">\n\t\t\t<svg aria-hidden=\"true\" class=\"e-font-icon-svg e-fas-arrow-left\" viewbox=\"0 0 448 512\" xmlns=\"http:\/\/www.w3.org\/2000\/svg\"><path d=\"M257.5 445.1l-22.2 22.2c-9.4 9.4-24.6 9.4-33.9 0L7 273c-9.4-9.4-9.4-24.6 0-33.9L201.4 44.7c9.4-9.4 24.6-9.4 33.9 0l22.2 22.2c9.5 9.5 9.3 25-.4 34.3L136.6 216H424c13.3 0 24 10.7 24 24v32c0 13.3-10.7 24-24 24H136.6l120.5 114.8c9.8 9.3 10 24.8.4 34.3z\"><\/path><\/svg>\t\t\t<\/a>\n\t\t<\/div>\n\t\t\t\t\t\t<\/div>\n\t\t\t\t\t<\/div>\n\t\t\t\t<\/div>\n\t\t\t\t<\/div>","protected":false},"excerpt":{"rendered":"<p>Le Parc El Cam\u00e9l\u00e9on fait partie du projet Islantilla Innova et comprend les \u00e9quipements suivants\u00a0: un auditorium en plein air, un sentier nature 3D, un espace restauration, une aire de loisirs, un parcours sportif (tyrolienne, circuit de course \u00e0 pied) et \u00ab\u00a0El Balc\u00f3n de las Estrellas\u00a0\u00bb (une plateforme d&#039;observation astronomique adapt\u00e9e). Comment s&#039;y rendre\u00a0?<\/p>","protected":false},"author":1,"featured_media":0,"parent":0,"menu_order":0,"comment_status":"closed","ping_status":"closed","template":"elementor_header_footer","meta":{"slim_seo":{"title":"Parque 'El Camale\u00f3n' | Islantilla","description":"Espacio natural en Islantilla ideal para pasear, hacer deporte y disfrutar de senderos, miradores y zonas verdes en plena Costa de Huelva."},"footnotes":""},"class_list":["post-2005","page","type-page","status-publish","hentry"],"_links":{"self":[{"href":"https:\/\/www.islantilla.es\/fr\/wp-json\/wp\/v2\/pages\/2005","targetHints":{"allow":["GET"]}}],"collection":[{"href":"https:\/\/www.islantilla.es\/fr\/wp-json\/wp\/v2\/pages"}],"about":[{"href":"https:\/\/www.islantilla.es\/fr\/wp-json\/wp\/v2\/types\/page"}],"author":[{"embeddable":true,"href":"https:\/\/www.islantilla.es\/fr\/wp-json\/wp\/v2\/users\/1"}],"replies":[{"embeddable":true,"href":"https:\/\/www.islantilla.es\/fr\/wp-json\/wp\/v2\/comments?post=2005"}],"version-history":[{"count":4,"href":"https:\/\/www.islantilla.es\/fr\/wp-json\/wp\/v2\/pages\/2005\/revisions"}],"predecessor-version":[{"id":2010,"href":"https:\/\/www.islantilla.es\/fr\/wp-json\/wp\/v2\/pages\/2005\/revisions\/2010"}],"wp:attachment":[{"href":"https:\/\/www.islantilla.es\/fr\/wp-json\/wp\/v2\/media?parent=2005"}],"curies":[{"name":"wp","href":"https:\/\/api.w.org\/{rel}","templated":true}]}}

Parc « El Camaleón »

<div data-elementor-type="wp-page" data-elementor-id="2005" class="elementor elementor-2005" data-elementor-post-type="page">
				<div class="elementor-element elementor-element-42c42a3 e-flex e-con-boxed elementor-invisible e-con e-parent" data-id="42c42a3" data-element_type="container" data-e-type="container" data-settings="{&quot;background_background&quot;:&quot;classic&quot;,&quot;animation&quot;:&quot;fadeIn&quot;}">
					<div class="e-con-inner">
				<div class="elementor-element elementor-element-bfd4865 elementor-widget__width-initial elementor-widget elementor-widget-heading" data-id="bfd4865" data-element_type="widget" data-e-type="widget" data-widget_type="heading.default">
					<h2 class="elementor-heading-title elementor-size-default">10</h2>				</div>
				<div class="elementor-element elementor-element-efdb8c0 elementor-widget elementor-widget-heading" data-id="efdb8c0" data-element_type="widget" data-e-type="widget" data-widget_type="heading.default">
					<h2 class="elementor-heading-title elementor-size-default">PARC DU CAMALEÓN</h2>				</div>
					</div>
				</div>
		<div class="elementor-element elementor-element-91f7ef6 e-flex e-con-boxed e-con e-parent" data-id="91f7ef6" data-element_type="container" data-e-type="container">
					<div class="e-con-inner">
				<div class="elementor-element elementor-element-dda84db elementor-widget elementor-widget-image" data-id="dda84db" data-element_type="widget" data-e-type="widget" data-widget_type="image.default">
															<img fetchpriority="high" decoding="async" width="800" height="594" src="https://www.islantilla.es/wp-content/uploads/2024/03/Parque-El-Camaleon-2.webp" class="attachment-full size-full wp-image-2007" alt="Entrada principal del Parque El Camaleón en Islantilla, Huelva." srcset="https://www.islantilla.es/wp-content/uploads/2024/03/Parque-El-Camaleon-2.webp 800w, https://www.islantilla.es/wp-content/uploads/2024/03/Parque-El-Camaleon-2-300x223.webp 300w, https://www.islantilla.es/wp-content/uploads/2024/03/Parque-El-Camaleon-2-768x570.webp 768w, https://www.islantilla.es/wp-content/uploads/2024/03/Parque-El-Camaleon-2-16x12.webp 16w" sizes="(max-width: 800px) 100vw, 800px" />															</div>
				<div class="elementor-element elementor-element-7223208 elementor-widget elementor-widget-text-editor" data-id="7223208" data-element_type="widget" data-e-type="widget" data-widget_type="text-editor.default">
									<p>Il fait partie du projet « Islantilla Innova » et comprend les installations suivantes : auditorium en plein air, sentier d&#039;interprétation de la nature 3D, espace restaurant, espace récréatif, parcours sportif (tyrolienne, circuit de course à pied) et « Le Balcon des Étoiles » » (point de vue astronomique adapté).</p>								</div>
				<div class="elementor-element elementor-element-02d01d2 elementor-align-right elementor-widget elementor-widget-button" data-id="02d01d2" data-element_type="widget" data-e-type="widget" data-widget_type="button.default">
										<a class="elementor-button elementor-button-link elementor-size-sm" href="https://www.google.es/maps/dir//Parque+%22El+camale%C3%B3n%22,+Av.+del+Deporte,+160,+14,+21430+Isla+Cristina,+Huelva/@37.21353,-7.2418959,862m/data=!3m1!1e3!4m9!4m8!1m0!1m5!1m1!1s0xd102fa4e7c0fe05:0x4869d47d7874bf25!2m2!1d-7.240991!2d37.2135532!3e0">
						<span class="elementor-button-content-wrapper">
									<span class="elementor-button-text">Comment arriver?</span>
					</span>
					</a>
								</div>
				<div class="elementor-element elementor-element-3f5d8b1 elementor-view-default elementor-widget elementor-widget-icon" data-id="3f5d8b1" data-element_type="widget" data-e-type="widget" data-widget_type="icon.default">
							<div class="elementor-icon-wrapper">
			<a class="elementor-icon" href="https://www.islantilla.es/fr/mapa-islantilla/">
			<svg aria-hidden="true" class="e-font-icon-svg e-fas-arrow-left" viewbox="0 0 448 512" xmlns="http://www.w3.org/2000/svg"><path d="M257.5 445.1l-22.2 22.2c-9.4 9.4-24.6 9.4-33.9 0L7 273c-9.4-9.4-9.4-24.6 0-33.9L201.4 44.7c9.4-9.4 24.6-9.4 33.9 0l22.2 22.2c9.5 9.5 9.3 25-.4 34.3L136.6 216H424c13.3 0 24 10.7 24 24v32c0 13.3-10.7 24-24 24H136.6l120.5 114.8c9.8 9.3 10 24.8.4 34.3z"></path></svg>			</a>
		</div>
						</div>
					</div>
				</div>
				</div>

<p>Le Parc El Caméléon fait partie du projet Islantilla Innova et comprend les équipements suivants : un auditorium en plein air, un sentier nature 3D, un espace restauration, une aire de loisirs, un parcours sportif (tyrolienne, circuit de course à pied) et « El Balcón de las Estrellas » (une plateforme d&#039;observation astronomique adaptée). Comment s&#039;y rendre ?</p>

Parque 'El Camaleón' | Islantilla
