{"id":930,"date":"2025-02-12T13:37:13","date_gmt":"2025-02-12T12:37:13","guid":{"rendered":"http:\/\/www.islantilla.es\/festivalartesyletras\/?page_id=930"},"modified":"2026-03-30T13:41:15","modified_gmt":"2026-03-30T11:41:15","slug":"jurado-literario-2024","status":"publish","type":"page","link":"https:\/\/www.islantilla.es\/festivalartesyletras\/index.php\/jurado-literario-2024\/","title":{"rendered":"JURADO 2024"},"content":{"rendered":"\n<p><strong>Eva Vaz<\/strong><\/p>\n\n\n\n<p>Eva Vaz (Huelva, 1972) ha publicado los libros de poemas <em>Ahora que los monos se comen a las palomas<\/em> (2001), <em>La otra mujer<\/em> (2003), <em>Le\u00f1a<\/em> (2004), <em>Met\u00e1stasis<\/em> (2006), <em>Ruido de venenos<\/em> (2013) y <em>Trabajo sucio<\/em> (2016). Recientemente ha publicado <em>Limpieza general<\/em> (2023). Su obra aparece en diversas antolog\u00edas, como <em>Carne picada, Voces del extremo, La verdadera historia de los hombres, Hankover<\/em>, <em>21 de \u00faltimas, Femigrama, Poemas a toda plana,<\/em> <em>23 pandoras<\/em>, <em>las maneras de recogerse el pelo<\/em>, <em>Maternidades, Qu\u00e9 ser\u00e1 ser t\u00fa, ohDiosas<\/em> entre muchas otras.<\/p>\n\n\n<div class=\"wp-block-image\">\n<figure class=\"alignright\"><a href=\"https:\/\/www.islantilla.es\/festivalartesyletras\/wp-content\/uploads\/2024\/03\/Eva-Vaz-scaled.jpg\"><img loading=\"lazy\" decoding=\"async\" width=\"300\" height=\"190\" src=\"https:\/\/www.islantilla.es\/festivalartesyletras\/wp-content\/uploads\/2024\/03\/Eva-Vaz-300x190.jpg\" alt=\"\" class=\"wp-image-795\" srcset=\"https:\/\/www.islantilla.es\/festivalartesyletras\/wp-content\/uploads\/2024\/03\/Eva-Vaz-300x190.jpg 300w, https:\/\/www.islantilla.es\/festivalartesyletras\/wp-content\/uploads\/2024\/03\/Eva-Vaz-1024x647.jpg 1024w, https:\/\/www.islantilla.es\/festivalartesyletras\/wp-content\/uploads\/2024\/03\/Eva-Vaz-768x485.jpg 768w, https:\/\/www.islantilla.es\/festivalartesyletras\/wp-content\/uploads\/2024\/03\/Eva-Vaz-1536x971.jpg 1536w, https:\/\/www.islantilla.es\/festivalartesyletras\/wp-content\/uploads\/2024\/03\/Eva-Vaz-2048x1295.jpg 2048w, https:\/\/www.islantilla.es\/festivalartesyletras\/wp-content\/uploads\/2024\/03\/Eva-Vaz-475x300.jpg 475w\" sizes=\"auto, (max-width: 300px) 100vw, 300px\" \/><\/a><figcaption class=\"wp-element-caption\"><mark style=\"background-color:rgba(0, 0, 0, 0)\" class=\"has-inline-color has-cyan-bluish-gray-color\">Eva Vaz<\/mark><\/figcaption><\/figure>\n<\/div>\n\n\n<p>En 2010 public\u00f3 una antolog\u00eda de toda su obra po\u00e9tica, con el t\u00edtulo de <em>Fr\u00e1gil<\/em>, en la editorial Baile del Sol.<\/p>\n\n\n\n<p>La obra de Eva Vaz ha permanecido al margen de los circuitos editoriales can\u00f3nicos de la poes\u00eda espa\u00f1ola, lo que no ha impedido que un n\u00famero creciente de lectores, en una suerte de boca a oreja, se identifique con esta poes\u00eda que se quiere radical, provocativa, insumisa y desafiante, pero tambi\u00e9n tierna y l\u00facida. Para esos <em>happy few, <\/em>Eva Vaz es una voz insoslayable, una aut\u00e9ntica poeta de culto presente en la actualidad de la poes\u00eda espa\u00f1ola durante el \u00faltimo cuarto de siglo.<\/p>\n\n\n\n<p>Su obra, una obra ya amplia, renuncia a los artificios y cautelas ret\u00f3ricas habituales para ofrecer su propia verdad desnuda e intransferible.<\/p>\n\n\n\n<p>Lenguaje lacerante, temas provocadores, compromiso, una particular forma narrativa de finales contundentes y sorpresivos. Una voz po\u00e9tica reconocible y singular.<\/p>\n\n\n\n<p><strong>Xenia Garc\u00eda<\/strong><\/p>\n\n\n\n<p>Xenia Garc\u00eda naci\u00f3 en Sevilla en 1975. Estudi\u00f3 Ciencias de la Informaci\u00f3n y un M\u00e1ster en Direcci\u00f3n de Comunicaci\u00f3n y Marketing, adem\u00e1s de un M\u00e1ster en Escritura Creativa por la Universidad de Salamanca. Ha publicado relatos en varias antolog\u00edas y, en 2017, public\u00f3 su primer libro de relatos, <em>El trigo que cae <\/em>(Talentura). En 2022 public\u00f3 un nuevo libro de relatos, <em>C\u00e1rceles de az\u00facar <\/em>(Eolas), con el que gan\u00f3 el premio de la Fundaci\u00f3n MonteLe\u00f3n.<\/p>\n\n\n\n<p><em>Kudryavka (perra de pelo rizado)<\/em> es su primera novela, haci\u00e9ndose con el galard\u00f3n del Premio Unicaja Fernando Qui\u00f1ones de novela y publicada por Alianza Editorial, adem\u00e1s de resultar finalista del Felipe Trigo de 2023. Actualmente es finalista en dos cert\u00e1menes literarios: El premio Andaluc\u00eda de la Cr\u00edtica y en la 37\u00ba edici\u00f3n de Le Festival du premier roman en Chamb\u00e8ry (Francia).<\/p>\n\n\n<div class=\"wp-block-image\">\n<figure class=\"alignleft\"><a href=\"https:\/\/www.islantilla.es\/festivalartesyletras\/wp-content\/uploads\/2024\/03\/Xenia-Garcia.jpg\"><img loading=\"lazy\" decoding=\"async\" width=\"200\" height=\"300\" src=\"https:\/\/www.islantilla.es\/festivalartesyletras\/wp-content\/uploads\/2024\/03\/Xenia-Garcia-200x300.jpg\" alt=\"\" class=\"wp-image-797\" srcset=\"https:\/\/www.islantilla.es\/festivalartesyletras\/wp-content\/uploads\/2024\/03\/Xenia-Garcia-200x300.jpg 200w, https:\/\/www.islantilla.es\/festivalartesyletras\/wp-content\/uploads\/2024\/03\/Xenia-Garcia-683x1024.jpg 683w, https:\/\/www.islantilla.es\/festivalartesyletras\/wp-content\/uploads\/2024\/03\/Xenia-Garcia-768x1152.jpg 768w, https:\/\/www.islantilla.es\/festivalartesyletras\/wp-content\/uploads\/2024\/03\/Xenia-Garcia-1024x1536.jpg 1024w, https:\/\/www.islantilla.es\/festivalartesyletras\/wp-content\/uploads\/2024\/03\/Xenia-Garcia.jpg 1260w\" sizes=\"auto, (max-width: 200px) 100vw, 200px\" \/><\/a><figcaption class=\"wp-element-caption\"><mark style=\"background-color:rgba(0, 0, 0, 0)\" class=\"has-inline-color has-cyan-bluish-gray-color\">Xenia Garc\u00eda<\/mark><\/figcaption><\/figure>\n<\/div>\n\n\n<p>\u00abLo que le da vuelo a lo que la autora de esta novela quiere contar es precisamente su modo de contarlo, lo que la hace estremecedora no son los hechos que se nos van descascarillando conforme avanza la narraci\u00f3n, sino el modo de exponerlos: con audaz econom\u00eda que parece renunciar al drama y consigue inyectarle poes\u00eda a los cap\u00edtulos breves, impactantes, aterrados a menudo, bellos a menudo\u2026 Me he sumergido en las aguas profundas que ofrece Kudryavka, acompa\u00f1ando a la voz tersa pero severa con que se nos asoma al infierno, al vac\u00edo, a las preguntas que aqu\u00ed se van desplegando. Tambi\u00e9n al amor, desde luego, porque la novela cuenta con mano firme una historia de amor tembloroso. Tambi\u00e9n a los fantasmas del deseo y a la extra\u00f1eza de no saber con qui\u00e9n se ha vivido. En suma, una novela potente y desgarrada que no necesita presentaci\u00f3n alguna\u00bb. Juan Bonilla<\/p>\n\n\n\n<p>\u00abXenia Garc\u00eda sabe manejar con pericia los ingredientes b\u00e1sicos de un buen cuento: concisi\u00f3n, sugerencia y perspicacia. Su universo nos resulta \u00edntimo y cercano aunque encierra, al mismo tiempo, la sutil turbaci\u00f3n de lo inesperado. La voz de esta escritora es tan potente como prometedora. Fue una alegr\u00eda para m\u00ed leer sus cuentos\u00bb. Sara Mesa.<\/p>\n\n\n\n<p>\u00abUna inteligencia e imaginaci\u00f3n impropias de una escritora in\u00e9dita hasta ahora\u00bb. Braulio Ortiz. Diario de Sevilla.<\/p>\n\n\n\n<p><strong>Estela Rengel<\/strong><\/p>\n\n\n\n<p>Huelva, 1987. En 2015 publica su primer poemario, <em>Ecdisis,<\/em> de la mano de Editorial Niebla, en el que recoge una selecci\u00f3n de poemas desde 2005. Su segundo libro, La Corta Vida De Una Pastilla Efervescente, (Niebla, 2018) supone su consolidaci\u00f3n como poeta joven onubense. En el que contin\u00faa cultivando una poes\u00eda intimista, sensual y femenina, pero en el que adem\u00e1s irrumpe con fuerza un nuevo atributo de su voz: feminista, consecuencia de la inmersi\u00f3n de Estela en la militancia por la igualdad y los derechos de la mujer.<\/p>\n\n\n<div class=\"wp-block-image\">\n<figure class=\"alignright\"><a href=\"https:\/\/www.islantilla.es\/festivalartesyletras\/wp-content\/uploads\/2024\/03\/Estela-Rengel.jpg\"><img loading=\"lazy\" decoding=\"async\" width=\"300\" height=\"200\" src=\"https:\/\/www.islantilla.es\/festivalartesyletras\/wp-content\/uploads\/2024\/03\/Estela-Rengel-300x200.jpg\" alt=\"\" class=\"wp-image-794\" srcset=\"https:\/\/www.islantilla.es\/festivalartesyletras\/wp-content\/uploads\/2024\/03\/Estela-Rengel-300x200.jpg 300w, https:\/\/www.islantilla.es\/festivalartesyletras\/wp-content\/uploads\/2024\/03\/Estela-Rengel-1024x683.jpg 1024w, https:\/\/www.islantilla.es\/festivalartesyletras\/wp-content\/uploads\/2024\/03\/Estela-Rengel-768x512.jpg 768w, https:\/\/www.islantilla.es\/festivalartesyletras\/wp-content\/uploads\/2024\/03\/Estela-Rengel-1536x1024.jpg 1536w, https:\/\/www.islantilla.es\/festivalartesyletras\/wp-content\/uploads\/2024\/03\/Estela-Rengel-450x300.jpg 450w, https:\/\/www.islantilla.es\/festivalartesyletras\/wp-content\/uploads\/2024\/03\/Estela-Rengel.jpg 1600w\" sizes=\"auto, (max-width: 300px) 100vw, 300px\" \/><\/a><figcaption class=\"wp-element-caption\"><mark style=\"background-color:rgba(0, 0, 0, 0)\" class=\"has-inline-color has-cyan-bluish-gray-color\">Estela Rengel<\/mark><\/figcaption><\/figure>\n<\/div>\n\n\n<p>Antes de incorporarse al movimiento feminista, ha estado involucrada en el activismo LGTB+, participando junto a asociaciones como Fundaci\u00f3n Tri\u00e1ngulo, Mariliendres o Diverses, haciendo ciberactivismo en internet y, en todo caso, llevando su orientaci\u00f3n sexual con naturalidad, hablando abiertamente de ella si es preguntada, nombrando a sus amores en femenino e impregnando su creaci\u00f3n po\u00e9tica de claro y palpable deseo hacia las mujeres.<\/p>\n\n\n\n<p>Su presencia en tertulias, recitales, clubes de lectura y jam sessions es habitual en los eventos m\u00e1s destacados del panorama literario provincial.<\/p>\n\n\n\n<p>Actualmente, prepara el que ser\u00e1 su tercer poemario, a la vez que estudia la escritura de las mujeres que la han precedido o que le son contempor\u00e1neas, pues afirma que es la mejor manera de continuar forjando su propia voz po\u00e9tica.<\/p>\n\n\n\n<h1 class=\"wp-block-heading\">\u200b<\/h1>\n","protected":false},"excerpt":{"rendered":"<p>Eva Vaz Eva Vaz (Huelva, 1972) ha publicado los libros de poemas Ahora que los monos se comen a las palomas (2001), La otra mujer (2003), Le\u00f1a (2004), Met\u00e1stasis (2006), &hellip; <\/p>\n","protected":false},"author":2,"featured_media":0,"parent":0,"menu_order":0,"comment_status":"closed","ping_status":"closed","template":"","meta":{"footnotes":""},"class_list":["post-930","page","type-page","status-publish","hentry"],"_links":{"self":[{"href":"https:\/\/www.islantilla.es\/festivalartesyletras\/index.php\/wp-json\/wp\/v2\/pages\/930","targetHints":{"allow":["GET"]}}],"collection":[{"href":"https:\/\/www.islantilla.es\/festivalartesyletras\/index.php\/wp-json\/wp\/v2\/pages"}],"about":[{"href":"https:\/\/www.islantilla.es\/festivalartesyletras\/index.php\/wp-json\/wp\/v2\/types\/page"}],"author":[{"embeddable":true,"href":"https:\/\/www.islantilla.es\/festivalartesyletras\/index.php\/wp-json\/wp\/v2\/users\/2"}],"replies":[{"embeddable":true,"href":"https:\/\/www.islantilla.es\/festivalartesyletras\/index.php\/wp-json\/wp\/v2\/comments?post=930"}],"version-history":[{"count":4,"href":"https:\/\/www.islantilla.es\/festivalartesyletras\/index.php\/wp-json\/wp\/v2\/pages\/930\/revisions"}],"predecessor-version":[{"id":1813,"href":"https:\/\/www.islantilla.es\/festivalartesyletras\/index.php\/wp-json\/wp\/v2\/pages\/930\/revisions\/1813"}],"wp:attachment":[{"href":"https:\/\/www.islantilla.es\/festivalartesyletras\/index.php\/wp-json\/wp\/v2\/media?parent=930"}],"curies":[{"name":"wp","href":"https:\/\/api.w.org\/{rel}","templated":true}]}}