{"id":925,"date":"2025-02-12T13:28:58","date_gmt":"2025-02-12T12:28:58","guid":{"rendered":"http:\/\/www.islantilla.es\/festivalartesyletras\/?page_id=925"},"modified":"2025-08-22T09:13:39","modified_gmt":"2025-08-22T07:13:39","slug":"programa-2024","status":"publish","type":"page","link":"https:\/\/www.islantilla.es\/festivalartesyletras\/index.php\/programa-2024\/","title":{"rendered":"PROGRAMA 2024"},"content":{"rendered":"\n<p class=\"wp-block-paragraph\"><strong><mark style=\"background-color:rgba(0, 0, 0, 0)\" class=\"has-inline-color has-black-color\">III FESTIVAL DE LAS ARTES Y LAS LETRAS DE ISLANTILLA<\/mark><\/strong><\/p>\n\n\n\n<p class=\"wp-block-paragraph\"><em>Del 22 al 27 de abril de 2024<\/em><\/p>\n\n\n<div class=\"wp-block-image\">\n<figure class=\"alignleft\"><a href=\"https:\/\/www.islantilla.es\/festivalartesyletras\/wp-content\/uploads\/2024\/04\/Cartel-Encuentro-con-Eva-Vaz-scaled.jpg\"><img loading=\"lazy\" decoding=\"async\" width=\"212\" height=\"300\" src=\"https:\/\/www.islantilla.es\/festivalartesyletras\/wp-content\/uploads\/2024\/04\/Cartel-Encuentro-con-Eva-Vaz-212x300.jpg\" alt=\"\" class=\"wp-image-810\" srcset=\"https:\/\/www.islantilla.es\/festivalartesyletras\/wp-content\/uploads\/2024\/04\/Cartel-Encuentro-con-Eva-Vaz-212x300.jpg 212w, https:\/\/www.islantilla.es\/festivalartesyletras\/wp-content\/uploads\/2024\/04\/Cartel-Encuentro-con-Eva-Vaz-724x1024.jpg 724w, https:\/\/www.islantilla.es\/festivalartesyletras\/wp-content\/uploads\/2024\/04\/Cartel-Encuentro-con-Eva-Vaz-768x1086.jpg 768w, https:\/\/www.islantilla.es\/festivalartesyletras\/wp-content\/uploads\/2024\/04\/Cartel-Encuentro-con-Eva-Vaz-1086x1536.jpg 1086w, https:\/\/www.islantilla.es\/festivalartesyletras\/wp-content\/uploads\/2024\/04\/Cartel-Encuentro-con-Eva-Vaz-1448x2048.jpg 1448w, https:\/\/www.islantilla.es\/festivalartesyletras\/wp-content\/uploads\/2024\/04\/Cartel-Encuentro-con-Eva-Vaz-scaled.jpg 1810w\" sizes=\"auto, (max-width: 212px) 100vw, 212px\" \/><\/a><\/figure>\n<\/div>\n\n\n<p class=\"wp-block-paragraph\"><strong>DEL LUNES 22 AL VIERNES 26 DE ABRIL<\/strong><\/p>\n\n\n\n<p class=\"wp-block-paragraph\">Apertura del Mostrador de intercambio de libros.<\/p>\n\n\n\n<p class=\"wp-block-paragraph\">Exposici\u00f3n de obras premiadas en ediciones anteriores del certamen de Pintura R\u00e1pida \u2018Colores de Islantilla\u2019.<\/p>\n\n\n\n<p class=\"wp-block-paragraph\">Centro Activo de Islantilla<\/p>\n\n\n\n<p class=\"wp-block-paragraph\">Horario de 9:00 a 14:00 h.<\/p>\n\n\n\n<p class=\"wp-block-paragraph\"><\/p>\n\n\n\n<p class=\"wp-block-paragraph\"><strong>LUNES 22 DE ABRIL<\/strong><\/p>\n\n\n\n<p class=\"wp-block-paragraph\">Actividad inaugural: Visita de escolares al Centro Activo de Islantilla.<\/p>\n\n\n\n<p class=\"wp-block-paragraph\">Espect\u00e1culo de Narraci\u00f3n Oral a cargo de la Compa\u00f1\u00eda \u2018La Ch\u00e1chara\u2019, con \u00c1ngeles Fern\u00e1ndez y Marco Flecha.<\/p>\n\n\n\n<p class=\"wp-block-paragraph\">10:00 h.<\/p>\n\n\n<div class=\"wp-block-image\">\n<figure class=\"alignright\"><a href=\"https:\/\/www.islantilla.es\/festivalartesyletras\/wp-content\/uploads\/2024\/04\/Cartel-Marion-Hoogwegt-Edit-scaled.jpg\"><img loading=\"lazy\" decoding=\"async\" width=\"212\" height=\"300\" src=\"https:\/\/www.islantilla.es\/festivalartesyletras\/wp-content\/uploads\/2024\/04\/Cartel-Marion-Hoogwegt-Edit-212x300.jpg\" alt=\"\" class=\"wp-image-816\" srcset=\"https:\/\/www.islantilla.es\/festivalartesyletras\/wp-content\/uploads\/2024\/04\/Cartel-Marion-Hoogwegt-Edit-212x300.jpg 212w, https:\/\/www.islantilla.es\/festivalartesyletras\/wp-content\/uploads\/2024\/04\/Cartel-Marion-Hoogwegt-Edit-724x1024.jpg 724w, https:\/\/www.islantilla.es\/festivalartesyletras\/wp-content\/uploads\/2024\/04\/Cartel-Marion-Hoogwegt-Edit-768x1086.jpg 768w, https:\/\/www.islantilla.es\/festivalartesyletras\/wp-content\/uploads\/2024\/04\/Cartel-Marion-Hoogwegt-Edit-1086x1536.jpg 1086w, https:\/\/www.islantilla.es\/festivalartesyletras\/wp-content\/uploads\/2024\/04\/Cartel-Marion-Hoogwegt-Edit-1448x2048.jpg 1448w, https:\/\/www.islantilla.es\/festivalartesyletras\/wp-content\/uploads\/2024\/04\/Cartel-Marion-Hoogwegt-Edit-scaled.jpg 1810w\" sizes=\"auto, (max-width: 212px) 100vw, 212px\" \/><\/a><\/figure>\n<\/div>\n\n\n<p class=\"wp-block-paragraph\"><strong>MARTES 23 DE ABRIL<\/strong><\/p>\n\n\n\n<p class=\"wp-block-paragraph\">Lectura del palmar\u00e9s del III Concurso de Poes\u00eda, Microrrelato y Nanorrelato \u2018Letras de&nbsp; Islantilla\u2019.<\/p>\n\n\n\n<p class=\"wp-block-paragraph\">Centro Activo de Islantilla. 10:00 horas.<\/p>\n\n\n\n<p class=\"wp-block-paragraph\"><strong>JUEVES 25 DE ABRIL<\/strong><\/p>\n\n\n\n<p class=\"wp-block-paragraph\">Encuentro con Eva Vaz \u201cAntolog\u00eda de una vida\u201d.<\/p>\n\n\n\n<p class=\"wp-block-paragraph\">Pub Michel (La Antilla) 13:00 horas.<\/p>\n\n\n<div class=\"wp-block-image\">\n<figure class=\"alignleft\"><img loading=\"lazy\" decoding=\"async\" width=\"229\" height=\"300\" src=\"https:\/\/www.islantilla.es\/festivalartesyletras\/wp-content\/uploads\/2024\/04\/Mercadillo-Libro-Solidario-229x300.jpg\" alt=\"\" class=\"wp-image-832\" srcset=\"https:\/\/www.islantilla.es\/festivalartesyletras\/wp-content\/uploads\/2024\/04\/Mercadillo-Libro-Solidario-229x300.jpg 229w, https:\/\/www.islantilla.es\/festivalartesyletras\/wp-content\/uploads\/2024\/04\/Mercadillo-Libro-Solidario-782x1024.jpg 782w, https:\/\/www.islantilla.es\/festivalartesyletras\/wp-content\/uploads\/2024\/04\/Mercadillo-Libro-Solidario-768x1006.jpg 768w, https:\/\/www.islantilla.es\/festivalartesyletras\/wp-content\/uploads\/2024\/04\/Mercadillo-Libro-Solidario.jpg 1080w\" sizes=\"auto, (max-width: 229px) 100vw, 229px\" \/><\/figure>\n<\/div>\n\n\n<p class=\"wp-block-paragraph\"><strong>VIERNES 26 DE ABRIL<\/strong><\/p>\n\n\n\n<p class=\"wp-block-paragraph\">Presentaci\u00f3n de <em>Duurzaam door Spanje<\/em> de Marion Hoogwegt.<\/p>\n\n\n\n<p class=\"wp-block-paragraph\">El Jard\u00edn de Rubens (La Redondela). 12:00 horas.<\/p>\n\n\n\n<p class=\"wp-block-paragraph\">Presentaci\u00f3n de <em>Kudryavka (perras de pelo rizado)&nbsp;<\/em>novela finalista del Premio de la Cr\u00edtica de Andaluc\u00eda de Xenia Garc\u00eda.<\/p>\n\n\n\n<p class=\"wp-block-paragraph\">Centro Activo de Islantilla. 19:00 horas.<\/p>\n\n\n<div class=\"wp-block-image\">\n<figure class=\"alignright\"><a href=\"https:\/\/www.islantilla.es\/festivalartesyletras\/wp-content\/uploads\/2024\/04\/Cartel-Presentacion-Xenia-Garcia-scaled.jpg\"><img loading=\"lazy\" decoding=\"async\" width=\"212\" height=\"300\" src=\"https:\/\/www.islantilla.es\/festivalartesyletras\/wp-content\/uploads\/2024\/04\/Cartel-Presentacion-Xenia-Garcia-212x300.jpg\" alt=\"\" class=\"wp-image-812\" srcset=\"https:\/\/www.islantilla.es\/festivalartesyletras\/wp-content\/uploads\/2024\/04\/Cartel-Presentacion-Xenia-Garcia-212x300.jpg 212w, https:\/\/www.islantilla.es\/festivalartesyletras\/wp-content\/uploads\/2024\/04\/Cartel-Presentacion-Xenia-Garcia-724x1024.jpg 724w, https:\/\/www.islantilla.es\/festivalartesyletras\/wp-content\/uploads\/2024\/04\/Cartel-Presentacion-Xenia-Garcia-768x1086.jpg 768w, https:\/\/www.islantilla.es\/festivalartesyletras\/wp-content\/uploads\/2024\/04\/Cartel-Presentacion-Xenia-Garcia-1086x1536.jpg 1086w, https:\/\/www.islantilla.es\/festivalartesyletras\/wp-content\/uploads\/2024\/04\/Cartel-Presentacion-Xenia-Garcia-1448x2048.jpg 1448w, https:\/\/www.islantilla.es\/festivalartesyletras\/wp-content\/uploads\/2024\/04\/Cartel-Presentacion-Xenia-Garcia-scaled.jpg 1810w\" sizes=\"auto, (max-width: 212px) 100vw, 212px\" \/><\/a><\/figure>\n<\/div>\n\n\n<p class=\"wp-block-paragraph\"><strong>S\u00c1BADO 27 DE ABRIL<\/strong><\/p>\n\n\n\n<p class=\"wp-block-paragraph\">VIII Concurso de Pintura R\u00e1pida \u2018Colores de Islantilla\u2019, a partir de las 9:30 horas en el Paseo Mar\u00edtimo de Islantilla, frente al Centro Comercial.<\/p>\n\n\n\n<p class=\"wp-block-paragraph\">Mercadillo del Libro de Ayre Solidario.<\/p>\n\n\n\n<p class=\"wp-block-paragraph\">Paseo Mar\u00edtimo de Islantilla. Horario de 11:00 a 19:30 horas.<\/p>\n","protected":false},"excerpt":{"rendered":"<p>III FESTIVAL DE LAS ARTES Y LAS LETRAS DE ISLANTILLA Del 22 al 27 de abril de 2024 DEL LUNES 22 AL VIERNES 26 DE ABRIL Apertura del Mostrador de &hellip; <\/p>\n","protected":false},"author":2,"featured_media":0,"parent":0,"menu_order":0,"comment_status":"closed","ping_status":"closed","template":"","meta":{"footnotes":""},"class_list":["post-925","page","type-page","status-publish","hentry"],"_links":{"self":[{"href":"https:\/\/www.islantilla.es\/festivalartesyletras\/index.php\/wp-json\/wp\/v2\/pages\/925","targetHints":{"allow":["GET"]}}],"collection":[{"href":"https:\/\/www.islantilla.es\/festivalartesyletras\/index.php\/wp-json\/wp\/v2\/pages"}],"about":[{"href":"https:\/\/www.islantilla.es\/festivalartesyletras\/index.php\/wp-json\/wp\/v2\/types\/page"}],"author":[{"embeddable":true,"href":"https:\/\/www.islantilla.es\/festivalartesyletras\/index.php\/wp-json\/wp\/v2\/users\/2"}],"replies":[{"embeddable":true,"href":"https:\/\/www.islantilla.es\/festivalartesyletras\/index.php\/wp-json\/wp\/v2\/comments?post=925"}],"version-history":[{"count":5,"href":"https:\/\/www.islantilla.es\/festivalartesyletras\/index.php\/wp-json\/wp\/v2\/pages\/925\/revisions"}],"predecessor-version":[{"id":1531,"href":"https:\/\/www.islantilla.es\/festivalartesyletras\/index.php\/wp-json\/wp\/v2\/pages\/925\/revisions\/1531"}],"wp:attachment":[{"href":"https:\/\/www.islantilla.es\/festivalartesyletras\/index.php\/wp-json\/wp\/v2\/media?parent=925"}],"curies":[{"name":"wp","href":"https:\/\/api.w.org\/{rel}","templated":true}]}}

<p class="wp-block-paragraph"><strong><mark style="background-color:rgba(0, 0, 0, 0)" class="has-inline-color has-black-color">III FESTIVAL DE LAS ARTES Y LAS LETRAS DE ISLANTILLA</mark></strong></p>



<p class="wp-block-paragraph"><em>Del 22 al 27 de abril de 2024</em></p>


<div class="wp-block-image">
<figure class="alignleft"><a href="https://www.islantilla.es/festivalartesyletras/wp-content/uploads/2024/04/Cartel-Encuentro-con-Eva-Vaz-scaled.jpg"><img loading="lazy" decoding="async" width="212" height="300" src="https://www.islantilla.es/festivalartesyletras/wp-content/uploads/2024/04/Cartel-Encuentro-con-Eva-Vaz-212x300.jpg" alt="" class="wp-image-810" srcset="https://www.islantilla.es/festivalartesyletras/wp-content/uploads/2024/04/Cartel-Encuentro-con-Eva-Vaz-212x300.jpg 212w, https://www.islantilla.es/festivalartesyletras/wp-content/uploads/2024/04/Cartel-Encuentro-con-Eva-Vaz-724x1024.jpg 724w, https://www.islantilla.es/festivalartesyletras/wp-content/uploads/2024/04/Cartel-Encuentro-con-Eva-Vaz-768x1086.jpg 768w, https://www.islantilla.es/festivalartesyletras/wp-content/uploads/2024/04/Cartel-Encuentro-con-Eva-Vaz-1086x1536.jpg 1086w, https://www.islantilla.es/festivalartesyletras/wp-content/uploads/2024/04/Cartel-Encuentro-con-Eva-Vaz-1448x2048.jpg 1448w, https://www.islantilla.es/festivalartesyletras/wp-content/uploads/2024/04/Cartel-Encuentro-con-Eva-Vaz-scaled.jpg 1810w" sizes="auto, (max-width: 212px) 100vw, 212px" /></a></figure>
</div>


<p class="wp-block-paragraph"><strong>DEL LUNES 22 AL VIERNES 26 DE ABRIL</strong></p>



<p class="wp-block-paragraph">Apertura del Mostrador de intercambio de libros.</p>



<p class="wp-block-paragraph">Exposición de obras premiadas en ediciones anteriores del certamen de Pintura Rápida ‘Colores de Islantilla’.</p>



<p class="wp-block-paragraph">Centro Activo de Islantilla</p>



<p class="wp-block-paragraph">Horario de 9:00 a 14:00 h.</p>



<p class="wp-block-paragraph"></p>



<p class="wp-block-paragraph"><strong>LUNES 22 DE ABRIL</strong></p>



<p class="wp-block-paragraph">Actividad inaugural: Visita de escolares al Centro Activo de Islantilla.</p>



<p class="wp-block-paragraph">Espectáculo de Narración Oral a cargo de la Compañía ‘La Cháchara’, con Ángeles Fernández y Marco Flecha.</p>



<p class="wp-block-paragraph">10:00 h.</p>


<div class="wp-block-image">
<figure class="alignright"><a href="https://www.islantilla.es/festivalartesyletras/wp-content/uploads/2024/04/Cartel-Marion-Hoogwegt-Edit-scaled.jpg"><img loading="lazy" decoding="async" width="212" height="300" src="https://www.islantilla.es/festivalartesyletras/wp-content/uploads/2024/04/Cartel-Marion-Hoogwegt-Edit-212x300.jpg" alt="" class="wp-image-816" srcset="https://www.islantilla.es/festivalartesyletras/wp-content/uploads/2024/04/Cartel-Marion-Hoogwegt-Edit-212x300.jpg 212w, https://www.islantilla.es/festivalartesyletras/wp-content/uploads/2024/04/Cartel-Marion-Hoogwegt-Edit-724x1024.jpg 724w, https://www.islantilla.es/festivalartesyletras/wp-content/uploads/2024/04/Cartel-Marion-Hoogwegt-Edit-768x1086.jpg 768w, https://www.islantilla.es/festivalartesyletras/wp-content/uploads/2024/04/Cartel-Marion-Hoogwegt-Edit-1086x1536.jpg 1086w, https://www.islantilla.es/festivalartesyletras/wp-content/uploads/2024/04/Cartel-Marion-Hoogwegt-Edit-1448x2048.jpg 1448w, https://www.islantilla.es/festivalartesyletras/wp-content/uploads/2024/04/Cartel-Marion-Hoogwegt-Edit-scaled.jpg 1810w" sizes="auto, (max-width: 212px) 100vw, 212px" /></a></figure>
</div>


<p class="wp-block-paragraph"><strong>MARTES 23 DE ABRIL</strong></p>



<p class="wp-block-paragraph">Lectura del palmarés del III Concurso de Poesía, Microrrelato y Nanorrelato ‘Letras de&nbsp; Islantilla’.</p>



<p class="wp-block-paragraph">Centro Activo de Islantilla. 10:00 horas.</p>



<p class="wp-block-paragraph"><strong>JUEVES 25 DE ABRIL</strong></p>



<p class="wp-block-paragraph">Encuentro con Eva Vaz “Antología de una vida”.</p>



<p class="wp-block-paragraph">Pub Michel (La Antilla) 13:00 horas.</p>


<div class="wp-block-image">
<figure class="alignleft"><img loading="lazy" decoding="async" width="229" height="300" src="https://www.islantilla.es/festivalartesyletras/wp-content/uploads/2024/04/Mercadillo-Libro-Solidario-229x300.jpg" alt="" class="wp-image-832" srcset="https://www.islantilla.es/festivalartesyletras/wp-content/uploads/2024/04/Mercadillo-Libro-Solidario-229x300.jpg 229w, https://www.islantilla.es/festivalartesyletras/wp-content/uploads/2024/04/Mercadillo-Libro-Solidario-782x1024.jpg 782w, https://www.islantilla.es/festivalartesyletras/wp-content/uploads/2024/04/Mercadillo-Libro-Solidario-768x1006.jpg 768w, https://www.islantilla.es/festivalartesyletras/wp-content/uploads/2024/04/Mercadillo-Libro-Solidario.jpg 1080w" sizes="auto, (max-width: 229px) 100vw, 229px" /></figure>
</div>


<p class="wp-block-paragraph"><strong>VIERNES 26 DE ABRIL</strong></p>



<p class="wp-block-paragraph">Presentación de <em>Duurzaam door Spanje</em> de Marion Hoogwegt.</p>



<p class="wp-block-paragraph">El Jardín de Rubens (La Redondela). 12:00 horas.</p>



<p class="wp-block-paragraph">Presentación de <em>Kudryavka (perras de pelo rizado)&nbsp;</em>novela finalista del Premio de la Crítica de Andalucía de Xenia García.</p>



<p class="wp-block-paragraph">Centro Activo de Islantilla. 19:00 horas.</p>


<div class="wp-block-image">
<figure class="alignright"><a href="https://www.islantilla.es/festivalartesyletras/wp-content/uploads/2024/04/Cartel-Presentacion-Xenia-Garcia-scaled.jpg"><img loading="lazy" decoding="async" width="212" height="300" src="https://www.islantilla.es/festivalartesyletras/wp-content/uploads/2024/04/Cartel-Presentacion-Xenia-Garcia-212x300.jpg" alt="" class="wp-image-812" srcset="https://www.islantilla.es/festivalartesyletras/wp-content/uploads/2024/04/Cartel-Presentacion-Xenia-Garcia-212x300.jpg 212w, https://www.islantilla.es/festivalartesyletras/wp-content/uploads/2024/04/Cartel-Presentacion-Xenia-Garcia-724x1024.jpg 724w, https://www.islantilla.es/festivalartesyletras/wp-content/uploads/2024/04/Cartel-Presentacion-Xenia-Garcia-768x1086.jpg 768w, https://www.islantilla.es/festivalartesyletras/wp-content/uploads/2024/04/Cartel-Presentacion-Xenia-Garcia-1086x1536.jpg 1086w, https://www.islantilla.es/festivalartesyletras/wp-content/uploads/2024/04/Cartel-Presentacion-Xenia-Garcia-1448x2048.jpg 1448w, https://www.islantilla.es/festivalartesyletras/wp-content/uploads/2024/04/Cartel-Presentacion-Xenia-Garcia-scaled.jpg 1810w" sizes="auto, (max-width: 212px) 100vw, 212px" /></a></figure>
</div>


<p class="wp-block-paragraph"><strong>SÁBADO 27 DE ABRIL</strong></p>



<p class="wp-block-paragraph">VIII Concurso de Pintura Rápida ‘Colores de Islantilla’, a partir de las 9:30 horas en el Paseo Marítimo de Islantilla, frente al Centro Comercial.</p>



<p class="wp-block-paragraph">Mercadillo del Libro de Ayre Solidario.</p>



<p class="wp-block-paragraph">Paseo Marítimo de Islantilla. Horario de 11:00 a 19:30 horas.</p>
