{"id":1775,"date":"2026-03-25T12:26:57","date_gmt":"2026-03-25T11:26:57","guid":{"rendered":"https:\/\/www.islantilla.es\/festivalartesyletras\/?page_id=1775"},"modified":"2026-03-25T12:26:58","modified_gmt":"2026-03-25T11:26:58","slug":"mercadillo-del-libro-solidario-ong-ayre-solidario","status":"publish","type":"page","link":"https:\/\/www.islantilla.es\/festivalartesyletras\/index.php\/mercadillo-del-libro-solidario-ong-ayre-solidario\/","title":{"rendered":"Mercadillo del Libro Solidario, ONG Ayre Solidario"},"content":{"rendered":"\n<p class=\"wp-block-paragraph\">Horario: de 10:30 a 19:30 horas<\/p>\n\n\n\n<p class=\"wp-block-paragraph\">Paseo Mar\u00edtimo de Islantilla (frente al Centro Comercial)<\/p>\n\n\n<div class=\"wp-block-image\">\n<figure class=\"aligncenter size-medium\"><a href=\"https:\/\/www.islantilla.es\/festivalartesyletras\/wp-content\/uploads\/2026\/03\/Mercadillo-del-Libro-Solidario-2026-scaled.jpg\"><img loading=\"lazy\" decoding=\"async\" width=\"200\" height=\"300\" src=\"https:\/\/www.islantilla.es\/festivalartesyletras\/wp-content\/uploads\/2026\/03\/Mercadillo-del-Libro-Solidario-2026-200x300.jpg\" alt=\"\" class=\"wp-image-1776\" srcset=\"https:\/\/www.islantilla.es\/festivalartesyletras\/wp-content\/uploads\/2026\/03\/Mercadillo-del-Libro-Solidario-2026-200x300.jpg 200w, https:\/\/www.islantilla.es\/festivalartesyletras\/wp-content\/uploads\/2026\/03\/Mercadillo-del-Libro-Solidario-2026-683x1024.jpg 683w, https:\/\/www.islantilla.es\/festivalartesyletras\/wp-content\/uploads\/2026\/03\/Mercadillo-del-Libro-Solidario-2026-768x1152.jpg 768w, https:\/\/www.islantilla.es\/festivalartesyletras\/wp-content\/uploads\/2026\/03\/Mercadillo-del-Libro-Solidario-2026-1024x1536.jpg 1024w, https:\/\/www.islantilla.es\/festivalartesyletras\/wp-content\/uploads\/2026\/03\/Mercadillo-del-Libro-Solidario-2026-1365x2048.jpg 1365w, https:\/\/www.islantilla.es\/festivalartesyletras\/wp-content\/uploads\/2026\/03\/Mercadillo-del-Libro-Solidario-2026-scaled.jpg 1707w\" sizes=\"auto, (max-width: 200px) 100vw, 200px\" \/><\/a><\/figure>\n<\/div>\n\n\n<p class=\"wp-block-paragraph\"><\/p>\n\n\n\n<p class=\"wp-block-paragraph\">Vuelve una nueva edici\u00f3n del Mercadillo del Libro Solidario a Islantilla, de la mano de la ONG Ayre Solidario. Durante la jornada del s\u00e1bado 25 de abril, coincidiendo con la Clausura del V Festival de las Artes y las Letras de Islantilla, el Paseo Mar\u00edtimo se llenar\u00e1 de libros gracias a esta iniciativa apoyada en el valioso trabajo de un nutrido grupo de voluntarios. Tras m\u00e1s de una d\u00e9cada de compromiso social activo, Ayre Solidario contin\u00faa impulsando&nbsp;diferentes proyectos de Cooperaci\u00f3n Internacional que financia, en parte, con la organizaci\u00f3n de estos fabulosos Mercadillos del Libro Solidario; donde el visitante podr\u00e1 encontrar, adem\u00e1s, revistas, c\u00f3mics, pel\u00edculas o discos de vinilo a precios populares.&nbsp;Desde la Mancomunidad de Islantilla animamos a turistas, visitantes y residentes a colaborar con esta&nbsp;Organizaci\u00f3n Sin \u00c1nimo de Lucro,&nbsp;siendo parte de los proyectos que desarrolla. Porque un gesto peque\u00f1o, como comprar un libro, ayuda a mejorar la vida de personas en situaciones de vulnerabilidad.&nbsp;<\/p>\n","protected":false},"excerpt":{"rendered":"<p>Horario: de 10:30 a 19:30 horas Paseo Mar\u00edtimo de Islantilla (frente al Centro Comercial) Vuelve una nueva edici\u00f3n del Mercadillo del Libro Solidario a Islantilla, de la mano de la &hellip; <\/p>\n","protected":false},"author":2,"featured_media":0,"parent":0,"menu_order":0,"comment_status":"closed","ping_status":"closed","template":"","meta":{"footnotes":""},"class_list":["post-1775","page","type-page","status-publish","hentry"],"_links":{"self":[{"href":"https:\/\/www.islantilla.es\/festivalartesyletras\/index.php\/wp-json\/wp\/v2\/pages\/1775","targetHints":{"allow":["GET"]}}],"collection":[{"href":"https:\/\/www.islantilla.es\/festivalartesyletras\/index.php\/wp-json\/wp\/v2\/pages"}],"about":[{"href":"https:\/\/www.islantilla.es\/festivalartesyletras\/index.php\/wp-json\/wp\/v2\/types\/page"}],"author":[{"embeddable":true,"href":"https:\/\/www.islantilla.es\/festivalartesyletras\/index.php\/wp-json\/wp\/v2\/users\/2"}],"replies":[{"embeddable":true,"href":"https:\/\/www.islantilla.es\/festivalartesyletras\/index.php\/wp-json\/wp\/v2\/comments?post=1775"}],"version-history":[{"count":2,"href":"https:\/\/www.islantilla.es\/festivalartesyletras\/index.php\/wp-json\/wp\/v2\/pages\/1775\/revisions"}],"predecessor-version":[{"id":1778,"href":"https:\/\/www.islantilla.es\/festivalartesyletras\/index.php\/wp-json\/wp\/v2\/pages\/1775\/revisions\/1778"}],"wp:attachment":[{"href":"https:\/\/www.islantilla.es\/festivalartesyletras\/index.php\/wp-json\/wp\/v2\/media?parent=1775"}],"curies":[{"name":"wp","href":"https:\/\/api.w.org\/{rel}","templated":true}]}}

<p class="wp-block-paragraph">Horario: de 10:30 a 19:30 horas</p>



<p class="wp-block-paragraph">Paseo Marítimo de Islantilla (frente al Centro Comercial)</p>


<div class="wp-block-image">
<figure class="aligncenter size-medium"><a href="https://www.islantilla.es/festivalartesyletras/wp-content/uploads/2026/03/Mercadillo-del-Libro-Solidario-2026-scaled.jpg"><img loading="lazy" decoding="async" width="200" height="300" src="https://www.islantilla.es/festivalartesyletras/wp-content/uploads/2026/03/Mercadillo-del-Libro-Solidario-2026-200x300.jpg" alt="" class="wp-image-1776" srcset="https://www.islantilla.es/festivalartesyletras/wp-content/uploads/2026/03/Mercadillo-del-Libro-Solidario-2026-200x300.jpg 200w, https://www.islantilla.es/festivalartesyletras/wp-content/uploads/2026/03/Mercadillo-del-Libro-Solidario-2026-683x1024.jpg 683w, https://www.islantilla.es/festivalartesyletras/wp-content/uploads/2026/03/Mercadillo-del-Libro-Solidario-2026-768x1152.jpg 768w, https://www.islantilla.es/festivalartesyletras/wp-content/uploads/2026/03/Mercadillo-del-Libro-Solidario-2026-1024x1536.jpg 1024w, https://www.islantilla.es/festivalartesyletras/wp-content/uploads/2026/03/Mercadillo-del-Libro-Solidario-2026-1365x2048.jpg 1365w, https://www.islantilla.es/festivalartesyletras/wp-content/uploads/2026/03/Mercadillo-del-Libro-Solidario-2026-scaled.jpg 1707w" sizes="auto, (max-width: 200px) 100vw, 200px" /></a></figure>
</div>


<p class="wp-block-paragraph"></p>



<p class="wp-block-paragraph">Vuelve una nueva edición del Mercadillo del Libro Solidario a Islantilla, de la mano de la ONG Ayre Solidario. Durante la jornada del sábado 25 de abril, coincidiendo con la Clausura del V Festival de las Artes y las Letras de Islantilla, el Paseo Marítimo se llenará de libros gracias a esta iniciativa apoyada en el valioso trabajo de un nutrido grupo de voluntarios. Tras más de una década de compromiso social activo, Ayre Solidario continúa impulsando&nbsp;diferentes proyectos de Cooperación Internacional que financia, en parte, con la organización de estos fabulosos Mercadillos del Libro Solidario; donde el visitante podrá encontrar, además, revistas, cómics, películas o discos de vinilo a precios populares.&nbsp;Desde la Mancomunidad de Islantilla animamos a turistas, visitantes y residentes a colaborar con esta&nbsp;Organización Sin Ánimo de Lucro,&nbsp;siendo parte de los proyectos que desarrolla. Porque un gesto pequeño, como comprar un libro, ayuda a mejorar la vida de personas en situaciones de vulnerabilidad.&nbsp;</p>

<p>Horario: de 10:30 a 19:30 horas Paseo Marítimo de Islantilla (frente al Centro Comercial) Vuelve una nueva edición del Mercadillo del Libro Solidario a Islantilla, de la mano de la &hellip; </p>
