{"id":1734,"date":"2026-03-18T13:05:20","date_gmt":"2026-03-18T12:05:20","guid":{"rendered":"https:\/\/www.islantilla.es\/festivalartesyletras\/?page_id=1734"},"modified":"2026-09-02T12:51:30","modified_gmt":"2026-09-02T10:51:30","slug":"meditarte","status":"publish","type":"page","link":"https:\/\/www.islantilla.es\/festivalartesyletras\/index.php\/meditarte\/","title":{"rendered":"MeditArte"},"content":{"rendered":"\n<p class=\"wp-block-paragraph\"><strong>Exposici\u00f3n \u2018Colectiva John Holland\u2019. Proyecto MeditArte<\/strong><\/p>\n\n\n\n<p class=\"wp-block-paragraph\">junio, julio, agosto y septiembre<\/p>\n\n\n\n<p class=\"wp-block-paragraph\">La Galer\u00cda. Centro Activo de Islantilla: de martes a viernes de 9:00 a 14:00 horas<\/p>\n\n\n\n<p class=\"wp-block-paragraph\">MeditArte es una iniciativa a trav\u00e9s de la cual, desde el Servicio de Cultura de la Mancomunidad de Islantilla, deseamos conjugar arte y salud. La Entidad Local demuestra, una vez m\u00e1s, su compromiso con los objetivos y metas de la Agenda 2030, con los que se encuentra alineada y, en este caso particular, con la consecuci\u00f3n del ODS 3 a prop\u00f3sito de la salud y el bienestar. Considerando el innegable v\u00ednculo existente entre el arte y el bienestar f\u00edsico y ps\u00edquico que la disciplina de la arteterapia viene explorando en las \u00faltimas d\u00e9cadas, la Mancomunidad de Islantilla ha tenido a bien impulsar esta original propuesta: el proyecto MeditArte, que pone en relaci\u00f3n ambas cuestiones para promover la pr\u00e1ctica de la atenci\u00f3n plena o mindfulness a trav\u00e9s de la contemplaci\u00f3n del arte.&nbsp;<\/p>\n\n\n<div class=\"wp-block-image\">\n<figure class=\"aligncenter size-medium\"><a href=\"https:\/\/www.islantilla.es\/festivalartesyletras\/wp-content\/uploads\/2026\/03\/CARTEL-MEDITARTE-scaled.jpg\"><img loading=\"lazy\" decoding=\"async\" width=\"212\" height=\"300\" src=\"https:\/\/www.islantilla.es\/festivalartesyletras\/wp-content\/uploads\/2026\/03\/CARTEL-MEDITARTE-212x300.jpg\" alt=\"\" class=\"wp-image-1729\" srcset=\"https:\/\/www.islantilla.es\/festivalartesyletras\/wp-content\/uploads\/2026\/03\/CARTEL-MEDITARTE-212x300.jpg 212w, https:\/\/www.islantilla.es\/festivalartesyletras\/wp-content\/uploads\/2026\/03\/CARTEL-MEDITARTE-724x1024.jpg 724w, https:\/\/www.islantilla.es\/festivalartesyletras\/wp-content\/uploads\/2026\/03\/CARTEL-MEDITARTE-768x1086.jpg 768w, https:\/\/www.islantilla.es\/festivalartesyletras\/wp-content\/uploads\/2026\/03\/CARTEL-MEDITARTE-1086x1536.jpg 1086w, https:\/\/www.islantilla.es\/festivalartesyletras\/wp-content\/uploads\/2026\/03\/CARTEL-MEDITARTE-1448x2048.jpg 1448w, https:\/\/www.islantilla.es\/festivalartesyletras\/wp-content\/uploads\/2026\/03\/CARTEL-MEDITARTE-scaled.jpg 1810w\" sizes=\"auto, (max-width: 212px) 100vw, 212px\" \/><\/a><\/figure>\n<\/div>\n\n\n<figure class=\"wp-block-gallery has-nested-images columns-default is-cropped wp-block-gallery-1 is-layout-flex wp-block-gallery-is-layout-flex\">\n<figure class=\"wp-block-image size-large\"><a href=\"https:\/\/www.islantilla.es\/festivalartesyletras\/wp-content\/uploads\/2026\/04\/tarjeton-1.jpg\"><img loading=\"lazy\" decoding=\"async\" width=\"724\" height=\"1024\" data-id=\"1879\" src=\"https:\/\/www.islantilla.es\/festivalartesyletras\/wp-content\/uploads\/2026\/04\/tarjeton-1-724x1024.jpg\" alt=\"\" class=\"wp-image-1879\" srcset=\"https:\/\/www.islantilla.es\/festivalartesyletras\/wp-content\/uploads\/2026\/04\/tarjeton-1-724x1024.jpg 724w, https:\/\/www.islantilla.es\/festivalartesyletras\/wp-content\/uploads\/2026\/04\/tarjeton-1-212x300.jpg 212w, https:\/\/www.islantilla.es\/festivalartesyletras\/wp-content\/uploads\/2026\/04\/tarjeton-1-768x1086.jpg 768w, https:\/\/www.islantilla.es\/festivalartesyletras\/wp-content\/uploads\/2026\/04\/tarjeton-1-1087x1536.jpg 1087w, https:\/\/www.islantilla.es\/festivalartesyletras\/wp-content\/uploads\/2026\/04\/tarjeton-1.jpg 1132w\" sizes=\"auto, (max-width: 724px) 100vw, 724px\" \/><\/a><\/figure>\n\n\n\n<figure class=\"wp-block-image size-large\"><a href=\"https:\/\/www.islantilla.es\/festivalartesyletras\/wp-content\/uploads\/2026\/04\/tarjeton-2.jpg\"><img loading=\"lazy\" decoding=\"async\" width=\"724\" height=\"1024\" data-id=\"1880\" src=\"https:\/\/www.islantilla.es\/festivalartesyletras\/wp-content\/uploads\/2026\/04\/tarjeton-2-724x1024.jpg\" alt=\"\" class=\"wp-image-1880\" srcset=\"https:\/\/www.islantilla.es\/festivalartesyletras\/wp-content\/uploads\/2026\/04\/tarjeton-2-724x1024.jpg 724w, https:\/\/www.islantilla.es\/festivalartesyletras\/wp-content\/uploads\/2026\/04\/tarjeton-2-212x300.jpg 212w, https:\/\/www.islantilla.es\/festivalartesyletras\/wp-content\/uploads\/2026\/04\/tarjeton-2-768x1086.jpg 768w, https:\/\/www.islantilla.es\/festivalartesyletras\/wp-content\/uploads\/2026\/04\/tarjeton-2-1087x1536.jpg 1087w, https:\/\/www.islantilla.es\/festivalartesyletras\/wp-content\/uploads\/2026\/04\/tarjeton-2.jpg 1132w\" sizes=\"auto, (max-width: 724px) 100vw, 724px\" \/><\/a><\/figure>\n<\/figure>\n\n\n\n<p class=\"wp-block-paragraph\"><\/p>\n\n\n\n<p class=\"wp-block-paragraph\">Se trata de un proyecto que es \u00edntegramente el fruto de la desinteresada colaboraci\u00f3n p\u00fablico-privada pues, partiendo de la iniciativa particular de Gloria S\u00e1nchez, experta en Mindfulness, quien ha trabajado como orientadora en Educaci\u00f3n Secundaria, y contando con la necesaria participaci\u00f3n de la prestigiosa galer\u00eda de arte John Holland Gallery, a trav\u00e9s de la Asociaci\u00f3n Cultural Pintor Santana, pone en marcha un conjunto de actividades gratuitas, abiertas a la participaci\u00f3n ciudadana, que dar\u00e1 comienzo el pr\u00f3ximo mes de abril.<\/p>\n\n\n\n<p class=\"wp-block-paragraph\">El d\u00eda&nbsp;20 de abril, coincidiendo con la inauguraci\u00f3n del V Festival de las Artes y Las Letras de Islantilla, se inaugurar\u00e1 en La Galer\u00eda del Centro Activo de Islantilla una exposici\u00f3n colectiva de artes pl\u00e1sticas comisariada por John Holland Gallery, que quedar\u00e1 expuesta junio, julio y agosto. Tiempo durante el cual, adem\u00e1s de las sesiones de pr\u00e1ctica de mindfulness ya descritas, desde el Servicio de Cultura se impulsar\u00e1 la visita de escolares y otros colectivos a la misma, proponiendo la implementaci\u00f3n de distintas actividades relacionadas con la pr\u00e1ctica de la arteterapia.<\/p>\n\n\n\n<p class=\"wp-block-paragraph\">Respecto a las entidades y personas sin las cuales esta iniciativa no habr\u00eda podido ponerse en marcha es necesario destacar, por un lado, la s\u00f3lida trayectoria de Gloria S\u00e1nchez,&nbsp;M\u00e1ster en Mindfulness por la Universidad de Zaragoza y experta en materias relacionadas con la inteligencia emocional y t\u00e9cnicas de relajaci\u00f3n aplicadas a diversos contextos, con titulaciones varias en la Universidad de Sevilla y la UNED, respectivamente. Por su parte, es preciso igualmente subrayar el prestigio de una instituci\u00f3n como John Holland Gallery, que se define como&nbsp;un proyecto sin \u00e1nimo de lucro con sede en Lepe y que, en sinergia con otras prestigiosas galer\u00edas de arte, tiene por objeto la difusi\u00f3n de las artes pl\u00e1sticas en el territorio a trav\u00e9s de la Asociaci\u00f3n Pintor Santana. Asociaci\u00f3n compuesta, entre otros,&nbsp;por el propio pintor, Enrique Romero Santana, Medalla de Andaluc\u00eda 2001, con obras en colecciones p\u00fablicas y privadas desde Helsinki a San Francisco y presencia en las galer\u00edas y ferias de arte m\u00e1s prestigiosas de Europa y Am\u00e9rica; As\u00ed como por John Holland, experto en marketing y estrategias comerciales, con amplia experiencia en empresas internacionales del sector.&nbsp;En todo caso, m\u00e1s all\u00e1 de las excelentes trayectorias de los tres profesionales que han unido sus saberes para dar forma a este proyecto, Gloria S\u00e1nchez, John Holland y Enrique Santana; desde la Mancomunidad de Islantilla deseamos destacar el valioso compromiso personal que demuestran todos ellos con su desinteresado apoyo a esta iniciativa que conecta arte y salud.<\/p>\n\n\n\n<p class=\"has-text-align-center wp-block-paragraph\">INFORMACI\u00d3N E INSCRIPCIONES<\/p>\n\n\n\n<p class=\"has-text-align-center wp-block-paragraph\"><a href=\"mailto:cultura@culturaislantilla.es\">cultura@islantilla.es<\/a><\/p>\n\n\n\n<p class=\"has-text-align-center wp-block-paragraph\">959 646 028<\/p>\n","protected":false},"excerpt":{"rendered":"<p>Exposici\u00f3n \u2018Colectiva John Holland\u2019. Proyecto MeditArte junio, julio, agosto y septiembre La Galer\u00cda. Centro Activo de Islantilla: de martes a viernes de 9:00 a 14:00 horas MeditArte es una iniciativa &hellip; <\/p>\n","protected":false},"author":2,"featured_media":0,"parent":0,"menu_order":0,"comment_status":"closed","ping_status":"closed","template":"","meta":{"footnotes":""},"class_list":["post-1734","page","type-page","status-publish","hentry"],"_links":{"self":[{"href":"https:\/\/www.islantilla.es\/festivalartesyletras\/index.php\/wp-json\/wp\/v2\/pages\/1734","targetHints":{"allow":["GET"]}}],"collection":[{"href":"https:\/\/www.islantilla.es\/festivalartesyletras\/index.php\/wp-json\/wp\/v2\/pages"}],"about":[{"href":"https:\/\/www.islantilla.es\/festivalartesyletras\/index.php\/wp-json\/wp\/v2\/types\/page"}],"author":[{"embeddable":true,"href":"https:\/\/www.islantilla.es\/festivalartesyletras\/index.php\/wp-json\/wp\/v2\/users\/2"}],"replies":[{"embeddable":true,"href":"https:\/\/www.islantilla.es\/festivalartesyletras\/index.php\/wp-json\/wp\/v2\/comments?post=1734"}],"version-history":[{"count":8,"href":"https:\/\/www.islantilla.es\/festivalartesyletras\/index.php\/wp-json\/wp\/v2\/pages\/1734\/revisions"}],"predecessor-version":[{"id":1982,"href":"https:\/\/www.islantilla.es\/festivalartesyletras\/index.php\/wp-json\/wp\/v2\/pages\/1734\/revisions\/1982"}],"wp:attachment":[{"href":"https:\/\/www.islantilla.es\/festivalartesyletras\/index.php\/wp-json\/wp\/v2\/media?parent=1734"}],"curies":[{"name":"wp","href":"https:\/\/api.w.org\/{rel}","templated":true}]}}

<p class="wp-block-paragraph"><strong>Exposición ‘Colectiva John Holland’. Proyecto MeditArte</strong></p>



<p class="wp-block-paragraph">junio, julio, agosto y septiembre</p>



<p class="wp-block-paragraph">La GalerÍa. Centro Activo de Islantilla: de martes a viernes de 9:00 a 14:00 horas</p>



<p class="wp-block-paragraph">MeditArte es una iniciativa a través de la cual, desde el Servicio de Cultura de la Mancomunidad de Islantilla, deseamos conjugar arte y salud. La Entidad Local demuestra, una vez más, su compromiso con los objetivos y metas de la Agenda 2030, con los que se encuentra alineada y, en este caso particular, con la consecución del ODS 3 a propósito de la salud y el bienestar. Considerando el innegable vínculo existente entre el arte y el bienestar físico y psíquico que la disciplina de la arteterapia viene explorando en las últimas décadas, la Mancomunidad de Islantilla ha tenido a bien impulsar esta original propuesta: el proyecto MeditArte, que pone en relación ambas cuestiones para promover la práctica de la atención plena o mindfulness a través de la contemplación del arte.&nbsp;</p>


<div class="wp-block-image">
<figure class="aligncenter size-medium"><a href="https://www.islantilla.es/festivalartesyletras/wp-content/uploads/2026/03/CARTEL-MEDITARTE-scaled.jpg"><img loading="lazy" decoding="async" width="212" height="300" src="https://www.islantilla.es/festivalartesyletras/wp-content/uploads/2026/03/CARTEL-MEDITARTE-212x300.jpg" alt="" class="wp-image-1729" srcset="https://www.islantilla.es/festivalartesyletras/wp-content/uploads/2026/03/CARTEL-MEDITARTE-212x300.jpg 212w, https://www.islantilla.es/festivalartesyletras/wp-content/uploads/2026/03/CARTEL-MEDITARTE-724x1024.jpg 724w, https://www.islantilla.es/festivalartesyletras/wp-content/uploads/2026/03/CARTEL-MEDITARTE-768x1086.jpg 768w, https://www.islantilla.es/festivalartesyletras/wp-content/uploads/2026/03/CARTEL-MEDITARTE-1086x1536.jpg 1086w, https://www.islantilla.es/festivalartesyletras/wp-content/uploads/2026/03/CARTEL-MEDITARTE-1448x2048.jpg 1448w, https://www.islantilla.es/festivalartesyletras/wp-content/uploads/2026/03/CARTEL-MEDITARTE-scaled.jpg 1810w" sizes="auto, (max-width: 212px) 100vw, 212px" /></a></figure>
</div>


<figure class="wp-block-gallery has-nested-images columns-default is-cropped wp-block-gallery-1 is-layout-flex wp-block-gallery-is-layout-flex">
<figure class="wp-block-image size-large"><a href="https://www.islantilla.es/festivalartesyletras/wp-content/uploads/2026/04/tarjeton-1.jpg"><img loading="lazy" decoding="async" width="724" height="1024" data-id="1879" src="https://www.islantilla.es/festivalartesyletras/wp-content/uploads/2026/04/tarjeton-1-724x1024.jpg" alt="" class="wp-image-1879" srcset="https://www.islantilla.es/festivalartesyletras/wp-content/uploads/2026/04/tarjeton-1-724x1024.jpg 724w, https://www.islantilla.es/festivalartesyletras/wp-content/uploads/2026/04/tarjeton-1-212x300.jpg 212w, https://www.islantilla.es/festivalartesyletras/wp-content/uploads/2026/04/tarjeton-1-768x1086.jpg 768w, https://www.islantilla.es/festivalartesyletras/wp-content/uploads/2026/04/tarjeton-1-1087x1536.jpg 1087w, https://www.islantilla.es/festivalartesyletras/wp-content/uploads/2026/04/tarjeton-1.jpg 1132w" sizes="auto, (max-width: 724px) 100vw, 724px" /></a></figure>



<figure class="wp-block-image size-large"><a href="https://www.islantilla.es/festivalartesyletras/wp-content/uploads/2026/04/tarjeton-2.jpg"><img loading="lazy" decoding="async" width="724" height="1024" data-id="1880" src="https://www.islantilla.es/festivalartesyletras/wp-content/uploads/2026/04/tarjeton-2-724x1024.jpg" alt="" class="wp-image-1880" srcset="https://www.islantilla.es/festivalartesyletras/wp-content/uploads/2026/04/tarjeton-2-724x1024.jpg 724w, https://www.islantilla.es/festivalartesyletras/wp-content/uploads/2026/04/tarjeton-2-212x300.jpg 212w, https://www.islantilla.es/festivalartesyletras/wp-content/uploads/2026/04/tarjeton-2-768x1086.jpg 768w, https://www.islantilla.es/festivalartesyletras/wp-content/uploads/2026/04/tarjeton-2-1087x1536.jpg 1087w, https://www.islantilla.es/festivalartesyletras/wp-content/uploads/2026/04/tarjeton-2.jpg 1132w" sizes="auto, (max-width: 724px) 100vw, 724px" /></a></figure>
</figure>



<p class="wp-block-paragraph"></p>



<p class="wp-block-paragraph">Se trata de un proyecto que es íntegramente el fruto de la desinteresada colaboración público-privada pues, partiendo de la iniciativa particular de Gloria Sánchez, experta en Mindfulness, quien ha trabajado como orientadora en Educación Secundaria, y contando con la necesaria participación de la prestigiosa galería de arte John Holland Gallery, a través de la Asociación Cultural Pintor Santana, pone en marcha un conjunto de actividades gratuitas, abiertas a la participación ciudadana, que dará comienzo el próximo mes de abril.</p>



<p class="wp-block-paragraph">El día&nbsp;20 de abril, coincidiendo con la inauguración del V Festival de las Artes y Las Letras de Islantilla, se inaugurará en La Galería del Centro Activo de Islantilla una exposición colectiva de artes plásticas comisariada por John Holland Gallery, que quedará expuesta junio, julio y agosto. Tiempo durante el cual, además de las sesiones de práctica de mindfulness ya descritas, desde el Servicio de Cultura se impulsará la visita de escolares y otros colectivos a la misma, proponiendo la implementación de distintas actividades relacionadas con la práctica de la arteterapia.</p>



<p class="wp-block-paragraph">Respecto a las entidades y personas sin las cuales esta iniciativa no habría podido ponerse en marcha es necesario destacar, por un lado, la sólida trayectoria de Gloria Sánchez,&nbsp;Máster en Mindfulness por la Universidad de Zaragoza y experta en materias relacionadas con la inteligencia emocional y técnicas de relajación aplicadas a diversos contextos, con titulaciones varias en la Universidad de Sevilla y la UNED, respectivamente. Por su parte, es preciso igualmente subrayar el prestigio de una institución como John Holland Gallery, que se define como&nbsp;un proyecto sin ánimo de lucro con sede en Lepe y que, en sinergia con otras prestigiosas galerías de arte, tiene por objeto la difusión de las artes plásticas en el territorio a través de la Asociación Pintor Santana. Asociación compuesta, entre otros,&nbsp;por el propio pintor, Enrique Romero Santana, Medalla de Andalucía 2001, con obras en colecciones públicas y privadas desde Helsinki a San Francisco y presencia en las galerías y ferias de arte más prestigiosas de Europa y América; Así como por John Holland, experto en marketing y estrategias comerciales, con amplia experiencia en empresas internacionales del sector.&nbsp;En todo caso, más allá de las excelentes trayectorias de los tres profesionales que han unido sus saberes para dar forma a este proyecto, Gloria Sánchez, John Holland y Enrique Santana; desde la Mancomunidad de Islantilla deseamos destacar el valioso compromiso personal que demuestran todos ellos con su desinteresado apoyo a esta iniciativa que conecta arte y salud.</p>



<p class="has-text-align-center wp-block-paragraph">INFORMACIÓN E INSCRIPCIONES</p>



<p class="has-text-align-center wp-block-paragraph"><a href="mailto:cultura@culturaislantilla.es">cultura@islantilla.es</a></p>



<p class="has-text-align-center wp-block-paragraph">959 646 028</p>

<p>Exposición ‘Colectiva John Holland’. Proyecto MeditArte junio, julio, agosto y septiembre La GalerÍa. Centro Activo de Islantilla: de martes a viernes de 9:00 a 14:00 horas MeditArte es una iniciativa &hellip; </p>
