{"id":1638,"date":"2026-03-11T08:56:54","date_gmt":"2026-03-11T07:56:54","guid":{"rendered":"https:\/\/www.islantilla.es\/festivalartesyletras\/?page_id=1638"},"modified":"2026-03-25T12:48:37","modified_gmt":"2026-03-25T11:48:37","slug":"espectaculo-de-narracion-oral-una-historia-en-cada-cosa-dirigida-al-alumnado-de-primaria-del-ceip-las-gaviotas-a-cargo-de-la-narradora-oral-anabel-gandullo","status":"publish","type":"page","link":"https:\/\/www.islantilla.es\/festivalartesyletras\/index.php\/espectaculo-de-narracion-oral-una-historia-en-cada-cosa-dirigida-al-alumnado-de-primaria-del-ceip-las-gaviotas-a-cargo-de-la-narradora-oral-anabel-gandullo\/","title":{"rendered":"ESPECT\u00c1CULO DE NARRACI\u00d3N ORAL &#8216;UNA HISTORIA EN CADA COSA&#8217;, DIRIGIDA AL ALUMNADO DE PRIMARIA DEL CEIP LAS GAVIOTAS A CARGO DE LA NARRADORA ORAL ANABEL GANDULLO"},"content":{"rendered":"\n<p class=\"wp-block-paragraph\"><strong>22 de abril<\/strong><\/p>\n\n\n\n<p class=\"wp-block-paragraph\">Patio del Centro Activo de Islantilla<\/p>\n\n\n\n<p class=\"wp-block-paragraph\">Anabel Gandullo es Diplomada en Turismo, pero desde hace 18 a\u00f1os trabaja como narradora oral y mediadora en lectura tras mucha formaci\u00f3n con diferentes maestros y maestras de la profesi\u00f3n. Desde entonces ha contado y cuento de manera habitual en centros escolares de primaria y secundaria, bibliotecas municipales, bibliotecas provinciales, museos, ferias del libro, librer\u00edas, bares, iglesias, bodegas, castillos, pueblos perdidos y encontrados y alg\u00fan que otro festival para grandes y para chicos. Tambi\u00e9n ha llevado sus historias a Argentina o Paraguay, a toda Andaluc\u00eda, as\u00ed como a distintos lugares de Espa\u00f1a.<\/p>\n\n\n<div class=\"wp-block-image\">\n<figure class=\"aligncenter size-medium is-resized\"><a href=\"https:\/\/www.islantilla.es\/festivalartesyletras\/wp-content\/uploads\/2026\/03\/Foto-biblio.jpg\"><img loading=\"lazy\" decoding=\"async\" width=\"300\" height=\"189\" src=\"https:\/\/www.islantilla.es\/festivalartesyletras\/wp-content\/uploads\/2026\/03\/Foto-biblio-300x189.jpg\" alt=\"\" class=\"wp-image-1639\" style=\"width:373px;height:auto\" srcset=\"https:\/\/www.islantilla.es\/festivalartesyletras\/wp-content\/uploads\/2026\/03\/Foto-biblio-300x189.jpg 300w, https:\/\/www.islantilla.es\/festivalartesyletras\/wp-content\/uploads\/2026\/03\/Foto-biblio-1024x646.jpg 1024w, https:\/\/www.islantilla.es\/festivalartesyletras\/wp-content\/uploads\/2026\/03\/Foto-biblio-768x484.jpg 768w, https:\/\/www.islantilla.es\/festivalartesyletras\/wp-content\/uploads\/2026\/03\/Foto-biblio-1536x969.jpg 1536w, https:\/\/www.islantilla.es\/festivalartesyletras\/wp-content\/uploads\/2026\/03\/Foto-biblio-320x200.jpg 320w, https:\/\/www.islantilla.es\/festivalartesyletras\/wp-content\/uploads\/2026\/03\/Foto-biblio.jpg 1600w\" sizes=\"auto, (max-width: 300px) 100vw, 300px\" \/><\/a><\/figure>\n<\/div>\n\n\n<p class=\"wp-block-paragraph\"><\/p>\n\n\n\n<p class=\"wp-block-paragraph\">\u201cNo lo voy a negar, hablar, me gusta mucho y es verdad que callar, callo poco, pero sobre todo, jam\u00e1s me callo un cuento. Si las im\u00e1genes, las palabras y las emociones se agolpan en mi busco simplemente un par de ojos y otro de o\u00eddos que se detengan frente a lo que tengo que contar, y entonces y sin notarlo, sin que tal vez lo notes, mi historia trata de atraparte. Perdona, no soy yo, yo s\u00f3lo hablo y las historias son las que atrapan\u2026\u201d<\/p>\n\n\n\n<p class=\"wp-block-paragraph\">M\u00e1s informaci\u00f3n en <a href=\"http:\/\/www.anabelnarradora.com\">www.anabelnarradora.com<\/a><\/p>\n","protected":false},"excerpt":{"rendered":"<p>22 de abril Patio del Centro Activo de Islantilla Anabel Gandullo es Diplomada en Turismo, pero desde hace 18 a\u00f1os trabaja como narradora oral y mediadora en lectura tras mucha &hellip; <\/p>\n","protected":false},"author":2,"featured_media":0,"parent":0,"menu_order":0,"comment_status":"closed","ping_status":"closed","template":"","meta":{"footnotes":""},"class_list":["post-1638","page","type-page","status-publish","hentry"],"_links":{"self":[{"href":"https:\/\/www.islantilla.es\/festivalartesyletras\/index.php\/wp-json\/wp\/v2\/pages\/1638","targetHints":{"allow":["GET"]}}],"collection":[{"href":"https:\/\/www.islantilla.es\/festivalartesyletras\/index.php\/wp-json\/wp\/v2\/pages"}],"about":[{"href":"https:\/\/www.islantilla.es\/festivalartesyletras\/index.php\/wp-json\/wp\/v2\/types\/page"}],"author":[{"embeddable":true,"href":"https:\/\/www.islantilla.es\/festivalartesyletras\/index.php\/wp-json\/wp\/v2\/users\/2"}],"replies":[{"embeddable":true,"href":"https:\/\/www.islantilla.es\/festivalartesyletras\/index.php\/wp-json\/wp\/v2\/comments?post=1638"}],"version-history":[{"count":12,"href":"https:\/\/www.islantilla.es\/festivalartesyletras\/index.php\/wp-json\/wp\/v2\/pages\/1638\/revisions"}],"predecessor-version":[{"id":1673,"href":"https:\/\/www.islantilla.es\/festivalartesyletras\/index.php\/wp-json\/wp\/v2\/pages\/1638\/revisions\/1673"}],"wp:attachment":[{"href":"https:\/\/www.islantilla.es\/festivalartesyletras\/index.php\/wp-json\/wp\/v2\/media?parent=1638"}],"curies":[{"name":"wp","href":"https:\/\/api.w.org\/{rel}","templated":true}]}}

ESPECTÁCULO DE NARRACIÓN ORAL &#8216;UNA HISTORIA EN CADA COSA&#8217;, DIRIGIDA AL ALUMNADO DE PRIMARIA DEL CEIP LAS GAVIOTAS A CARGO DE LA NARRADORA ORAL ANABEL GANDULLO

<p class="wp-block-paragraph"><strong>22 de abril</strong></p>



<p class="wp-block-paragraph">Patio del Centro Activo de Islantilla</p>



<p class="wp-block-paragraph">Anabel Gandullo es Diplomada en Turismo, pero desde hace 18 años trabaja como narradora oral y mediadora en lectura tras mucha formación con diferentes maestros y maestras de la profesión. Desde entonces ha contado y cuento de manera habitual en centros escolares de primaria y secundaria, bibliotecas municipales, bibliotecas provinciales, museos, ferias del libro, librerías, bares, iglesias, bodegas, castillos, pueblos perdidos y encontrados y algún que otro festival para grandes y para chicos. También ha llevado sus historias a Argentina o Paraguay, a toda Andalucía, así como a distintos lugares de España.</p>


<div class="wp-block-image">
<figure class="aligncenter size-medium is-resized"><a href="https://www.islantilla.es/festivalartesyletras/wp-content/uploads/2026/03/Foto-biblio.jpg"><img loading="lazy" decoding="async" width="300" height="189" src="https://www.islantilla.es/festivalartesyletras/wp-content/uploads/2026/03/Foto-biblio-300x189.jpg" alt="" class="wp-image-1639" style="width:373px;height:auto" srcset="https://www.islantilla.es/festivalartesyletras/wp-content/uploads/2026/03/Foto-biblio-300x189.jpg 300w, https://www.islantilla.es/festivalartesyletras/wp-content/uploads/2026/03/Foto-biblio-1024x646.jpg 1024w, https://www.islantilla.es/festivalartesyletras/wp-content/uploads/2026/03/Foto-biblio-768x484.jpg 768w, https://www.islantilla.es/festivalartesyletras/wp-content/uploads/2026/03/Foto-biblio-1536x969.jpg 1536w, https://www.islantilla.es/festivalartesyletras/wp-content/uploads/2026/03/Foto-biblio-320x200.jpg 320w, https://www.islantilla.es/festivalartesyletras/wp-content/uploads/2026/03/Foto-biblio.jpg 1600w" sizes="auto, (max-width: 300px) 100vw, 300px" /></a></figure>
</div>


<p class="wp-block-paragraph"></p>



<p class="wp-block-paragraph">“No lo voy a negar, hablar, me gusta mucho y es verdad que callar, callo poco, pero sobre todo, jamás me callo un cuento. Si las imágenes, las palabras y las emociones se agolpan en mi busco simplemente un par de ojos y otro de oídos que se detengan frente a lo que tengo que contar, y entonces y sin notarlo, sin que tal vez lo notes, mi historia trata de atraparte. Perdona, no soy yo, yo sólo hablo y las historias son las que atrapan…”</p>



<p class="wp-block-paragraph">Más información en <a href="http://www.anabelnarradora.com">www.anabelnarradora.com</a></p>

<p>22 de abril Patio del Centro Activo de Islantilla Anabel Gandullo es Diplomada en Turismo, pero desde hace 18 años trabaja como narradora oral y mediadora en lectura tras mucha &hellip; </p>
