{"id":1495,"date":"2025-05-08T09:35:54","date_gmt":"2025-05-08T07:35:54","guid":{"rendered":"https:\/\/www.islantilla.es\/festivalartesyletras\/?page_id=1495"},"modified":"2026-03-30T13:39:45","modified_gmt":"2026-03-30T11:39:45","slug":"jurado-2025","status":"publish","type":"page","link":"https:\/\/www.islantilla.es\/festivalartesyletras\/index.php\/jurado-2025\/","title":{"rendered":"JURADO 2025"},"content":{"rendered":"\n<p class=\"wp-block-paragraph\"><strong>Mar Horno<\/strong><\/p>\n\n\n<div class=\"wp-block-image\">\n<figure class=\"alignleft\"><a href=\"https:\/\/www.islantilla.es\/festivalartesyletras\/wp-content\/uploads\/2025\/03\/Foto-Mar-Horno-scaled.jpg\"><img loading=\"lazy\" decoding=\"async\" width=\"200\" height=\"300\" src=\"https:\/\/www.islantilla.es\/festivalartesyletras\/wp-content\/uploads\/2025\/03\/Foto-Mar-Horno-200x300.jpg\" alt=\"\" class=\"wp-image-1123\" srcset=\"https:\/\/www.islantilla.es\/festivalartesyletras\/wp-content\/uploads\/2025\/03\/Foto-Mar-Horno-200x300.jpg 200w, https:\/\/www.islantilla.es\/festivalartesyletras\/wp-content\/uploads\/2025\/03\/Foto-Mar-Horno-683x1024.jpg 683w, https:\/\/www.islantilla.es\/festivalartesyletras\/wp-content\/uploads\/2025\/03\/Foto-Mar-Horno-768x1152.jpg 768w, https:\/\/www.islantilla.es\/festivalartesyletras\/wp-content\/uploads\/2025\/03\/Foto-Mar-Horno-1024x1536.jpg 1024w, https:\/\/www.islantilla.es\/festivalartesyletras\/wp-content\/uploads\/2025\/03\/Foto-Mar-Horno-1365x2048.jpg 1365w, https:\/\/www.islantilla.es\/festivalartesyletras\/wp-content\/uploads\/2025\/03\/Foto-Mar-Horno-scaled.jpg 1707w\" sizes=\"auto, (max-width: 200px) 100vw, 200px\" \/><\/a><figcaption class=\"wp-element-caption\"><mark style=\"background-color:rgba(0, 0, 0, 0)\" class=\"has-inline-color has-cyan-bluish-gray-color\">Mar Horno Garc\u00eda<\/mark><\/figcaption><\/figure>\n<\/div>\n\n\n<p class=\"western wp-block-paragraph\">Mar Horno Garc\u00eda (Torredonjimeno, Ja\u00e9n, 1970), es licenciada en Documentaci\u00f3n por la Universidad de Granada y trabaja como documentalista audiovisual en Canal Sur, la Radio Televisi\u00f3n P\u00fablica de Andaluc\u00eda.<\/p>\n\n\n\n<p class=\"wp-block-paragraph\">Lectora empedernida desde que era una ni\u00f1a, descubri\u00f3 el microrrelato en 2011 y qued\u00f3 fascinada por el g\u00e9nero breve. Despu\u00e9s de realizar varios talleres de microrrelato, abri\u00f3 su propio blog en internet llamado Maremotos y public\u00f3 sus primeros escritos. Ha ganado multitud de premios entre los que destacan La Microbiblioteca, Relatos de viajes de La Ser, Fundaci\u00f3n Germ\u00e1n S\u00e1nchez Ruip\u00e9rez, Trabajar en Documentaci\u00f3n de la Universidad de Salamanca, Purorrelato de Casa de \u00c1frica, Premio Molino Bonaco, Premio de microrrelato Ba\u00f1os de la Encina, Abecedario Solidario de la Universidad de Ja\u00e9n, Premio de Relato Corto Villa de Sabiote, Premio de Microrrelato Antonio Garrido, Premio EMT Madrid, el Premio de Microrrelato Iasa Ascensores, Premio de relato sobre olivar, aceite de oliva y oleoturismo de Masquecuentos o Premio de microrrelato \u201cLetras de Islantilla\u201d, entre otros.<\/p>\n\n\n\n<p class=\"western wp-block-paragraph\">Sus textos aparecen en importantes antolog\u00edas del g\u00e9nero como Los pescadores de perlas, De Antolog\u00eda la logia del microrrelato o Un tiempo breve. Tambi\u00e9n en medios digitales como Amanece Metr\u00f3polis o Liebre por gato de Infolibre, as\u00ed como en prestigiosas revistas como Quimera o Revista Litoral.<\/p>\n\n\n\n<p class=\"western wp-block-paragraph\">Public\u00f3 en 2012 su primer libro de microrrelatos, \u201cPrecipicios habitados\u201d, con la Editorial Talentura, que qued\u00f3 entre los cinco finalistas de los Premios de Narrativa \u201cCiudad de Alcal\u00e1\u201d del Ayuntamiento de Alcal\u00e1 de Henares (Madrid).<\/p>\n\n\n\n<p class=\"western wp-block-paragraph\">En febrero de 2022 public\u00f3 su segundo libro, \u201cN\u00e1ufragos del Oc\u00e9ano \u00cdndigo\u201d con la editorial Bulul\u00fa, que fue seleccionado como finalista del Premio Setenil al mejor libro de relato publicado en Espa\u00f1a en 2022.<\/p>\n\n\n\n<p class=\"western wp-block-paragraph\">Recientemente ha recibido el Premio Tiflos de Cuento, convocado anualmente por la ONCE.<\/p>\n\n\n\n<p class=\"western wp-block-paragraph\"><strong>Nazaret Ch\u00eda<\/strong><\/p>\n\n\n<div class=\"wp-block-image\">\n<figure class=\"alignright\"><a href=\"https:\/\/www.islantilla.es\/festivalartesyletras\/wp-content\/uploads\/2025\/03\/FOTO-Nazaret-2.jpg\"><img loading=\"lazy\" decoding=\"async\" width=\"260\" height=\"300\" src=\"https:\/\/www.islantilla.es\/festivalartesyletras\/wp-content\/uploads\/2025\/03\/FOTO-Nazaret-2-260x300.jpg\" alt=\"\" class=\"wp-image-1137\" srcset=\"https:\/\/www.islantilla.es\/festivalartesyletras\/wp-content\/uploads\/2025\/03\/FOTO-Nazaret-2-260x300.jpg 260w, https:\/\/www.islantilla.es\/festivalartesyletras\/wp-content\/uploads\/2025\/03\/FOTO-Nazaret-2.jpg 334w\" sizes=\"auto, (max-width: 260px) 100vw, 260px\" \/><\/a><figcaption class=\"wp-element-caption\"><mark style=\"background-color:rgba(0, 0, 0, 0)\" class=\"has-inline-color has-cyan-bluish-gray-color\">Nazaret Ch\u00eda Hoyo<\/mark><\/figcaption><\/figure>\n<\/div>\n\n\n<p class=\"western wp-block-paragraph\">Nazaret Ch\u00eda Hoyo (\u00c9cija, Sevilla 1982) Desde ni\u00f1a tuvo un gran inter\u00e9s por la literatura y la pintura. Escribe poes\u00eda, relatos y microrrelatos, y publica temas relacionados con la literatura en la cuenta de IG @con_papelytinta.<\/p>\n\n\n\n<p class=\"western wp-block-paragraph\">Ha sido seleccionada y premiada en diversos concursos, entre los que se pueden destacar: el concurso &#8216;Letras de Islantilla&#8217; en la modalidad de Poes\u00eda, el Concurso de Relatos Breves &#8216;Guadalupe Gonz\u00e1lez Fern\u00e1ndez&#8217; y el Concurso de Poes\u00eda de la Consejer\u00eda de Econom\u00eda, Hacienda y Fondos Europeos de la Junta de Andaluc\u00eda.<\/p>\n\n\n\n<p class=\"western wp-block-paragraph\">Sus poemas han sido publicados en la revista <em>Luminaria de Poes\u00eda<\/em> y en la antolog\u00eda <em>Pluma, Tinta y Papel X<\/em> (Editorial Diversidad Literaria) en la modalidad de microrrelato, entre otros. Y ha participado en la Marat\u00f3n de Microrrelatos de la Feria del Libro de Sevilla, en sus ediciones de 2022 y 2024.<\/p>\n\n\n\n<p class=\"wp-block-paragraph\"><strong>Salvador Campos<\/strong><\/p>\n\n\n<div class=\"wp-block-image\">\n<figure class=\"alignleft\"><a href=\"https:\/\/www.islantilla.es\/festivalartesyletras\/wp-content\/uploads\/2025\/03\/Salvador-Campos.jpg\"><img loading=\"lazy\" decoding=\"async\" width=\"300\" height=\"135\" src=\"https:\/\/www.islantilla.es\/festivalartesyletras\/wp-content\/uploads\/2025\/03\/Salvador-Campos-300x135.jpg\" alt=\"\" class=\"wp-image-1125\" srcset=\"https:\/\/www.islantilla.es\/festivalartesyletras\/wp-content\/uploads\/2025\/03\/Salvador-Campos-300x135.jpg 300w, https:\/\/www.islantilla.es\/festivalartesyletras\/wp-content\/uploads\/2025\/03\/Salvador-Campos-1024x462.jpg 1024w, https:\/\/www.islantilla.es\/festivalartesyletras\/wp-content\/uploads\/2025\/03\/Salvador-Campos-768x347.jpg 768w, https:\/\/www.islantilla.es\/festivalartesyletras\/wp-content\/uploads\/2025\/03\/Salvador-Campos-500x226.jpg 500w, https:\/\/www.islantilla.es\/festivalartesyletras\/wp-content\/uploads\/2025\/03\/Salvador-Campos.jpg 1074w\" sizes=\"auto, (max-width: 300px) 100vw, 300px\" \/><\/a><figcaption class=\"wp-element-caption\"><mark style=\"background-color:rgba(0, 0, 0, 0)\" class=\"has-inline-color has-cyan-bluish-gray-color\">Salvador Campos Jara<\/mark><\/figcaption><\/figure>\n<\/div>\n\n\n<p class=\"western wp-block-paragraph\">Salvador Campos Jara (Cortegana, Huelva, 1968) es doctor en Literatura Comparada por la Universidad de Huelva y licenciado en Filolog\u00eda Hisp\u00e1nica por la Universidad de Granada. Ha dado clases como Profesor Sustituto en el Departamento de Filolog\u00eda de la Universidad de Huelva y ha realizado estancias acad\u00e9micas, de formaci\u00f3n o de cooperaci\u00f3n al desarrollo en Italia, Portugal, M\u00e9xico, Chile, Cuba, Senegal y Taiw\u00e1n.<\/p>\n\n\n\n<p class=\"western wp-block-paragraph\">Es especialista en el personaje de Gonzalo Guerrero, sobre el que ha publicado numerosas investigaciones e impartido conferencias. Ha sido colaborador de la serie <i>Conquistadores: Adventum<\/i> (Movistar+ y Global Set); y asesor y documentalista de <i>Entre dos mundos, la historia de Gonzalo Guerrero<\/i> (TV UNAM, Minotauro Films y Sheref\u00e9 Producciones). Ha escrito el Ep\u00edlogo de <i>Dzul<\/i>, de Luna Baldallo y Ana Baldallo; y el Pr\u00f3logo de la <i>Terra incognita<\/i>, de Mauro Barea. En 2022 obtuvo el Primer premio del Concurso de Microrrelatos <i>Entre Culturas<\/i>, del Vicerrectorado de Internacionalizaci\u00f3n y Compromiso Global de la Universidad de Huelva; y en 2024 se hizo con el Primer premio, categor\u00eda de \u201cTestimonio Hist\u00f3rico\u201d, del <i>XXI Concurso de Microrrelatos Mineros \u201cManuel Nevado Madrid\u201d<\/i>, de la Fundaci\u00f3n Juan Mu\u00f1iz Zapico.<\/p>\n","protected":false},"excerpt":{"rendered":"<p>Mar Horno Mar Horno Garc\u00eda (Torredonjimeno, Ja\u00e9n, 1970), es licenciada en Documentaci\u00f3n por la Universidad de Granada y trabaja como documentalista audiovisual en Canal Sur, la Radio Televisi\u00f3n P\u00fablica de &hellip; <\/p>\n","protected":false},"author":2,"featured_media":0,"parent":0,"menu_order":0,"comment_status":"closed","ping_status":"closed","template":"","meta":{"footnotes":""},"class_list":["post-1495","page","type-page","status-publish","hentry"],"_links":{"self":[{"href":"https:\/\/www.islantilla.es\/festivalartesyletras\/index.php\/wp-json\/wp\/v2\/pages\/1495","targetHints":{"allow":["GET"]}}],"collection":[{"href":"https:\/\/www.islantilla.es\/festivalartesyletras\/index.php\/wp-json\/wp\/v2\/pages"}],"about":[{"href":"https:\/\/www.islantilla.es\/festivalartesyletras\/index.php\/wp-json\/wp\/v2\/types\/page"}],"author":[{"embeddable":true,"href":"https:\/\/www.islantilla.es\/festivalartesyletras\/index.php\/wp-json\/wp\/v2\/users\/2"}],"replies":[{"embeddable":true,"href":"https:\/\/www.islantilla.es\/festivalartesyletras\/index.php\/wp-json\/wp\/v2\/comments?post=1495"}],"version-history":[{"count":2,"href":"https:\/\/www.islantilla.es\/festivalartesyletras\/index.php\/wp-json\/wp\/v2\/pages\/1495\/revisions"}],"predecessor-version":[{"id":1811,"href":"https:\/\/www.islantilla.es\/festivalartesyletras\/index.php\/wp-json\/wp\/v2\/pages\/1495\/revisions\/1811"}],"wp:attachment":[{"href":"https:\/\/www.islantilla.es\/festivalartesyletras\/index.php\/wp-json\/wp\/v2\/media?parent=1495"}],"curies":[{"name":"wp","href":"https:\/\/api.w.org\/{rel}","templated":true}]}}

<p class="wp-block-paragraph"><strong>Mar Horno</strong></p>


<div class="wp-block-image">
<figure class="alignleft"><a href="https://www.islantilla.es/festivalartesyletras/wp-content/uploads/2025/03/Foto-Mar-Horno-scaled.jpg"><img loading="lazy" decoding="async" width="200" height="300" src="https://www.islantilla.es/festivalartesyletras/wp-content/uploads/2025/03/Foto-Mar-Horno-200x300.jpg" alt="" class="wp-image-1123" srcset="https://www.islantilla.es/festivalartesyletras/wp-content/uploads/2025/03/Foto-Mar-Horno-200x300.jpg 200w, https://www.islantilla.es/festivalartesyletras/wp-content/uploads/2025/03/Foto-Mar-Horno-683x1024.jpg 683w, https://www.islantilla.es/festivalartesyletras/wp-content/uploads/2025/03/Foto-Mar-Horno-768x1152.jpg 768w, https://www.islantilla.es/festivalartesyletras/wp-content/uploads/2025/03/Foto-Mar-Horno-1024x1536.jpg 1024w, https://www.islantilla.es/festivalartesyletras/wp-content/uploads/2025/03/Foto-Mar-Horno-1365x2048.jpg 1365w, https://www.islantilla.es/festivalartesyletras/wp-content/uploads/2025/03/Foto-Mar-Horno-scaled.jpg 1707w" sizes="auto, (max-width: 200px) 100vw, 200px" /></a><figcaption class="wp-element-caption"><mark style="background-color:rgba(0, 0, 0, 0)" class="has-inline-color has-cyan-bluish-gray-color">Mar Horno García</mark></figcaption></figure>
</div>


<p class="western wp-block-paragraph">Mar Horno García (Torredonjimeno, Jaén, 1970), es licenciada en Documentación por la Universidad de Granada y trabaja como documentalista audiovisual en Canal Sur, la Radio Televisión Pública de Andalucía.</p>



<p class="wp-block-paragraph">Lectora empedernida desde que era una niña, descubrió el microrrelato en 2011 y quedó fascinada por el género breve. Después de realizar varios talleres de microrrelato, abrió su propio blog en internet llamado Maremotos y publicó sus primeros escritos. Ha ganado multitud de premios entre los que destacan La Microbiblioteca, Relatos de viajes de La Ser, Fundación Germán Sánchez Ruipérez, Trabajar en Documentación de la Universidad de Salamanca, Purorrelato de Casa de África, Premio Molino Bonaco, Premio de microrrelato Baños de la Encina, Abecedario Solidario de la Universidad de Jaén, Premio de Relato Corto Villa de Sabiote, Premio de Microrrelato Antonio Garrido, Premio EMT Madrid, el Premio de Microrrelato Iasa Ascensores, Premio de relato sobre olivar, aceite de oliva y oleoturismo de Masquecuentos o Premio de microrrelato “Letras de Islantilla”, entre otros.</p>



<p class="western wp-block-paragraph">Sus textos aparecen en importantes antologías del género como Los pescadores de perlas, De Antología la logia del microrrelato o Un tiempo breve. También en medios digitales como Amanece Metrópolis o Liebre por gato de Infolibre, así como en prestigiosas revistas como Quimera o Revista Litoral.</p>



<p class="western wp-block-paragraph">Publicó en 2012 su primer libro de microrrelatos, “Precipicios habitados”, con la Editorial Talentura, que quedó entre los cinco finalistas de los Premios de Narrativa “Ciudad de Alcalá” del Ayuntamiento de Alcalá de Henares (Madrid).</p>



<p class="western wp-block-paragraph">En febrero de 2022 publicó su segundo libro, “Náufragos del Océano Índigo” con la editorial Bululú, que fue seleccionado como finalista del Premio Setenil al mejor libro de relato publicado en España en 2022.</p>



<p class="western wp-block-paragraph">Recientemente ha recibido el Premio Tiflos de Cuento, convocado anualmente por la ONCE.</p>



<p class="western wp-block-paragraph"><strong>Nazaret Chía</strong></p>


<div class="wp-block-image">
<figure class="alignright"><a href="https://www.islantilla.es/festivalartesyletras/wp-content/uploads/2025/03/FOTO-Nazaret-2.jpg"><img loading="lazy" decoding="async" width="260" height="300" src="https://www.islantilla.es/festivalartesyletras/wp-content/uploads/2025/03/FOTO-Nazaret-2-260x300.jpg" alt="" class="wp-image-1137" srcset="https://www.islantilla.es/festivalartesyletras/wp-content/uploads/2025/03/FOTO-Nazaret-2-260x300.jpg 260w, https://www.islantilla.es/festivalartesyletras/wp-content/uploads/2025/03/FOTO-Nazaret-2.jpg 334w" sizes="auto, (max-width: 260px) 100vw, 260px" /></a><figcaption class="wp-element-caption"><mark style="background-color:rgba(0, 0, 0, 0)" class="has-inline-color has-cyan-bluish-gray-color">Nazaret Chía Hoyo</mark></figcaption></figure>
</div>


<p class="western wp-block-paragraph">Nazaret Chía Hoyo (Écija, Sevilla 1982) Desde niña tuvo un gran interés por la literatura y la pintura. Escribe poesía, relatos y microrrelatos, y publica temas relacionados con la literatura en la cuenta de IG @con_papelytinta.</p>



<p class="western wp-block-paragraph">Ha sido seleccionada y premiada en diversos concursos, entre los que se pueden destacar: el concurso &#8216;Letras de Islantilla&#8217; en la modalidad de Poesía, el Concurso de Relatos Breves &#8216;Guadalupe González Fernández&#8217; y el Concurso de Poesía de la Consejería de Economía, Hacienda y Fondos Europeos de la Junta de Andalucía.</p>



<p class="western wp-block-paragraph">Sus poemas han sido publicados en la revista <em>Luminaria de Poesía</em> y en la antología <em>Pluma, Tinta y Papel X</em> (Editorial Diversidad Literaria) en la modalidad de microrrelato, entre otros. Y ha participado en la Maratón de Microrrelatos de la Feria del Libro de Sevilla, en sus ediciones de 2022 y 2024.</p>



<p class="wp-block-paragraph"><strong>Salvador Campos</strong></p>


<div class="wp-block-image">
<figure class="alignleft"><a href="https://www.islantilla.es/festivalartesyletras/wp-content/uploads/2025/03/Salvador-Campos.jpg"><img loading="lazy" decoding="async" width="300" height="135" src="https://www.islantilla.es/festivalartesyletras/wp-content/uploads/2025/03/Salvador-Campos-300x135.jpg" alt="" class="wp-image-1125" srcset="https://www.islantilla.es/festivalartesyletras/wp-content/uploads/2025/03/Salvador-Campos-300x135.jpg 300w, https://www.islantilla.es/festivalartesyletras/wp-content/uploads/2025/03/Salvador-Campos-1024x462.jpg 1024w, https://www.islantilla.es/festivalartesyletras/wp-content/uploads/2025/03/Salvador-Campos-768x347.jpg 768w, https://www.islantilla.es/festivalartesyletras/wp-content/uploads/2025/03/Salvador-Campos-500x226.jpg 500w, https://www.islantilla.es/festivalartesyletras/wp-content/uploads/2025/03/Salvador-Campos.jpg 1074w" sizes="auto, (max-width: 300px) 100vw, 300px" /></a><figcaption class="wp-element-caption"><mark style="background-color:rgba(0, 0, 0, 0)" class="has-inline-color has-cyan-bluish-gray-color">Salvador Campos Jara</mark></figcaption></figure>
</div>


<p class="western wp-block-paragraph">Salvador Campos Jara (Cortegana, Huelva, 1968) es doctor en Literatura Comparada por la Universidad de Huelva y licenciado en Filología Hispánica por la Universidad de Granada. Ha dado clases como Profesor Sustituto en el Departamento de Filología de la Universidad de Huelva y ha realizado estancias académicas, de formación o de cooperación al desarrollo en Italia, Portugal, México, Chile, Cuba, Senegal y Taiwán.</p>



<p class="western wp-block-paragraph">Es especialista en el personaje de Gonzalo Guerrero, sobre el que ha publicado numerosas investigaciones e impartido conferencias. Ha sido colaborador de la serie <i>Conquistadores: Adventum</i> (Movistar+ y Global Set); y asesor y documentalista de <i>Entre dos mundos, la historia de Gonzalo Guerrero</i> (TV UNAM, Minotauro Films y Sherefé Producciones). Ha escrito el Epílogo de <i>Dzul</i>, de Luna Baldallo y Ana Baldallo; y el Prólogo de la <i>Terra incognita</i>, de Mauro Barea. En 2022 obtuvo el Primer premio del Concurso de Microrrelatos <i>Entre Culturas</i>, del Vicerrectorado de Internacionalización y Compromiso Global de la Universidad de Huelva; y en 2024 se hizo con el Primer premio, categoría de “Testimonio Histórico”, del <i>XXI Concurso de Microrrelatos Mineros “Manuel Nevado Madrid”</i>, de la Fundación Juan Muñiz Zapico.</p>

<p>Mar Horno Mar Horno García (Torredonjimeno, Jaén, 1970), es licenciada en Documentación por la Universidad de Granada y trabaja como documentalista audiovisual en Canal Sur, la Radio Televisión Pública de &hellip; </p>
