{"id":1237,"date":"2025-04-02T14:27:45","date_gmt":"2025-04-02T12:27:45","guid":{"rendered":"https:\/\/www.islantilla.es\/festivalartesyletras\/?page_id=1237"},"modified":"2026-03-25T12:36:18","modified_gmt":"2026-03-25T11:36:18","slug":"actividades","status":"publish","type":"page","link":"https:\/\/www.islantilla.es\/festivalartesyletras\/index.php\/actividades\/","title":{"rendered":"ACTIVIDADES"},"content":{"rendered":"\n<h2 class=\"wp-block-heading\"><strong>2026<\/strong><\/h2>\n\n\n\n<p class=\"wp-block-paragraph\">Del 20 al 25 de abril V Festival de las Artes y las Letras de Islantilla 2026<\/p>\n\n\n\n<ul class=\"wp-block-list\">\n<li><a href=\"https:\/\/www.islantilla.es\/festivalartesyletras\/index.php\/meditarte\/\">MeditArte la pr\u00e1ctica mindfulness a trav\u00e9s de la contemplaci\u00f3n del Arte<\/a><\/li>\n\n\n\n<li><a href=\"https:\/\/www.islantilla.es\/festivalartesyletras\/index.php\/espectaculo-de-narracion-oral-una-historia-en-cada-cosa-dirigida-al-alumnado-de-primaria-del-ceip-las-gaviotas-a-cargo-de-la-narradora-oral-anabel-gandullo\/\">Espect\u00e1culo de Narraci\u00f3n Oral &#8216;Una historia en cada cosa\u00bb a cargo de la narradora oral Anabel Gandullo<\/a>.<\/li>\n\n\n\n<li><a href=\"https:\/\/www.islantilla.es\/festivalartesyletras\/index.php\/encuentro-con-el-escritor-manuel-gonzalez-mairena-en-la-presentacion-de-su-poemario-nada-mas-con-la-participacion-de-los-miembros-del-circulo-de-lectura-biblioteca-luis-ciges\/\">Encuentro con el escritor Manuel Gonz\u00e1lez Mairena en la presentaci\u00f3n de su poemario <em>Nada m\u00e1s<\/em>,&nbsp; con la participaci\u00f3n de los miembros del C\u00edrculo de Lectura Biblioteca \u2018Luis Ciges\u2019<\/a>.<\/li>\n\n\n\n<li><a href=\"https:\/\/www.islantilla.es\/festivalartesyletras\/index.php\/taller-de-gyotaku-el-arte-japones-de-la-estampacion-floral\/\">Taller de &#8216;Gyotaku floral&#8217;. El arte milenario japon\u00e9s de la estampaci\u00f3n vegetal<\/a>.<\/li>\n\n\n\n<li><a href=\"https:\/\/www.islantilla.es\/festivalartesyletras\/index.php\/mercadillo-del-libro-solidario-ong-ayre-solidario\/\">Mercadillo del Libro Solidario &#8216;Ayre Solidario&#8217;.<\/a><\/li>\n<\/ul>\n\n\n\n<hr class=\"wp-block-separator has-alpha-channel-opacity is-style-dots\"\/>\n\n\n\n<h2 class=\"wp-block-heading\"><strong>2025<\/strong><\/h2>\n\n\n\n<p class=\"wp-block-paragraph\"><a href=\"https:\/\/www.islantilla.es\/festivalartesyletras\/index.php\/2025-2\/\">Del 21 al 26 de abril IV Festival de las Artes y las Letras de Islantilla 2025<\/a><\/p>\n\n\n\n<ul class=\"wp-block-list\">\n<li><a href=\"https:\/\/www.islantilla.es\/festivalartesyletras\/index.php\/exposicion-biblioteca-luis-ciges\/\">Exposici\u00f3n Biblioteca Luis Ciges<\/a>.<\/li>\n\n\n\n<li><a href=\"https:\/\/www.islantilla.es\/festivalartesyletras\/index.php\/presentacion-de-la-novela-rita-flor-de-sal\/\" data-type=\"page\" data-id=\"1084\">Presentaci\u00f3n de la Novela &#8216;Rita, Flor de Sal&#8217;<\/a>.<\/li>\n\n\n\n<li><a href=\"https:\/\/www.islantilla.es\/festivalartesyletras\/index.php\/taller-de-gyotaku-el-arte-japones-de-la-estampacion-de-peces\/\" data-type=\"page\" data-id=\"1088\">Taller de &#8216;Gyotaku&#8217;: El Arte Japon\u00e9s de la Estampaci\u00f3n de Peces<\/a>.<\/li>\n\n\n\n<li><a href=\"https:\/\/www.islantilla.es\/festivalartesyletras\/index.php\/cuentos-con-sentidos\/\" data-type=\"page\" data-id=\"1144\">Espect\u00e1culo de Narraci\u00f3n Oral &#8216;Cuentos con Sentidos&#8217;, con Alicia Bulul\u00fa<\/a>.<\/li>\n\n\n\n<li><a href=\"https:\/\/www.islantilla.es\/festivalartesyletras\/index.php\/espacio-de-creacion-plastica-colectiva-con-mayka-g-marquez\/\" data-type=\"page\" data-id=\"1094\">Espacio de Creaci\u00f3n Pl\u00e1stica Colectiva con Mayka G. M\u00e1rquez<\/a>.<\/li>\n\n\n\n<li><a href=\"https:\/\/www.islantilla.es\/festivalartesyletras\/index.php\/mercadillo-del-libro-solidario-ayre-solidario\/\" data-type=\"page\" data-id=\"1092\">Mercadillo del Libro Solidario &#8216;Ayre Solidario&#8217;<\/a>.<\/li>\n<\/ul>\n\n\n\n<hr class=\"wp-block-separator has-alpha-channel-opacity is-style-dots\"\/>\n\n\n\n<h2 class=\"wp-block-heading\"><strong>2024<\/strong><\/h2>\n\n\n\n<p class=\"wp-block-paragraph\"><a href=\"https:\/\/www.islantilla.es\/festivalartesyletras\/index.php\/programa-2024\/\">Del 22 al 27 de abril III Festival de las Artes y las Letras de Islantilla 2024<\/a><\/p>\n\n\n\n<hr class=\"wp-block-separator has-alpha-channel-opacity is-style-dots\"\/>\n\n\n\n<h2 class=\"wp-block-heading\"><strong>2023<\/strong><\/h2>\n\n\n\n<p class=\"wp-block-paragraph\">Del 17 al 22 de abril II Festival de las Artes y las Letras de Islantilla 2023<\/p>\n\n\n\n<hr class=\"wp-block-separator has-alpha-channel-opacity is-style-dots\"\/>\n\n\n\n<h2 class=\"wp-block-heading\"><strong>2022<\/strong><\/h2>\n\n\n\n<p class=\"wp-block-paragraph\">Del 23 al 28 de mayo I Festival de las Artes y las Letras de Islantilla 2022<\/p>\n","protected":false},"excerpt":{"rendered":"<p>2026 Del 20 al 25 de abril V Festival de las Artes y las Letras de Islantilla 2026 2025 Del 21 al 26 de abril IV Festival de las Artes &hellip; <\/p>\n","protected":false},"author":2,"featured_media":0,"parent":0,"menu_order":0,"comment_status":"closed","ping_status":"closed","template":"","meta":{"footnotes":""},"class_list":["post-1237","page","type-page","status-publish","hentry"],"_links":{"self":[{"href":"https:\/\/www.islantilla.es\/festivalartesyletras\/index.php\/wp-json\/wp\/v2\/pages\/1237","targetHints":{"allow":["GET"]}}],"collection":[{"href":"https:\/\/www.islantilla.es\/festivalartesyletras\/index.php\/wp-json\/wp\/v2\/pages"}],"about":[{"href":"https:\/\/www.islantilla.es\/festivalartesyletras\/index.php\/wp-json\/wp\/v2\/types\/page"}],"author":[{"embeddable":true,"href":"https:\/\/www.islantilla.es\/festivalartesyletras\/index.php\/wp-json\/wp\/v2\/users\/2"}],"replies":[{"embeddable":true,"href":"https:\/\/www.islantilla.es\/festivalartesyletras\/index.php\/wp-json\/wp\/v2\/comments?post=1237"}],"version-history":[{"count":11,"href":"https:\/\/www.islantilla.es\/festivalartesyletras\/index.php\/wp-json\/wp\/v2\/pages\/1237\/revisions"}],"predecessor-version":[{"id":1782,"href":"https:\/\/www.islantilla.es\/festivalartesyletras\/index.php\/wp-json\/wp\/v2\/pages\/1237\/revisions\/1782"}],"wp:attachment":[{"href":"https:\/\/www.islantilla.es\/festivalartesyletras\/index.php\/wp-json\/wp\/v2\/media?parent=1237"}],"curies":[{"name":"wp","href":"https:\/\/api.w.org\/{rel}","templated":true}]}}

<h2 class="wp-block-heading"><strong>2026</strong></h2>



<p class="wp-block-paragraph">Del 20 al 25 de abril V Festival de las Artes y las Letras de Islantilla 2026</p>



<ul class="wp-block-list">
<li><a href="https://www.islantilla.es/festivalartesyletras/index.php/meditarte/">MeditArte la práctica mindfulness a través de la contemplación del Arte</a></li>



<li><a href="https://www.islantilla.es/festivalartesyletras/index.php/espectaculo-de-narracion-oral-una-historia-en-cada-cosa-dirigida-al-alumnado-de-primaria-del-ceip-las-gaviotas-a-cargo-de-la-narradora-oral-anabel-gandullo/">Espectáculo de Narración Oral &#8216;Una historia en cada cosa» a cargo de la narradora oral Anabel Gandullo</a>.</li>



<li><a href="https://www.islantilla.es/festivalartesyletras/index.php/encuentro-con-el-escritor-manuel-gonzalez-mairena-en-la-presentacion-de-su-poemario-nada-mas-con-la-participacion-de-los-miembros-del-circulo-de-lectura-biblioteca-luis-ciges/">Encuentro con el escritor Manuel González Mairena en la presentación de su poemario <em>Nada más</em>,&nbsp; con la participación de los miembros del Círculo de Lectura Biblioteca ‘Luis Ciges’</a>.</li>



<li><a href="https://www.islantilla.es/festivalartesyletras/index.php/taller-de-gyotaku-el-arte-japones-de-la-estampacion-floral/">Taller de &#8216;Gyotaku floral&#8217;. El arte milenario japonés de la estampación vegetal</a>.</li>



<li><a href="https://www.islantilla.es/festivalartesyletras/index.php/mercadillo-del-libro-solidario-ong-ayre-solidario/">Mercadillo del Libro Solidario &#8216;Ayre Solidario&#8217;.</a></li>
</ul>



<hr class="wp-block-separator has-alpha-channel-opacity is-style-dots"/>



<h2 class="wp-block-heading"><strong>2025</strong></h2>



<p class="wp-block-paragraph"><a href="https://www.islantilla.es/festivalartesyletras/index.php/2025-2/">Del 21 al 26 de abril IV Festival de las Artes y las Letras de Islantilla 2025</a></p>



<ul class="wp-block-list">
<li><a href="https://www.islantilla.es/festivalartesyletras/index.php/exposicion-biblioteca-luis-ciges/">Exposición Biblioteca Luis Ciges</a>.</li>



<li><a href="https://www.islantilla.es/festivalartesyletras/index.php/presentacion-de-la-novela-rita-flor-de-sal/" data-type="page" data-id="1084">Presentación de la Novela &#8216;Rita, Flor de Sal&#8217;</a>.</li>



<li><a href="https://www.islantilla.es/festivalartesyletras/index.php/taller-de-gyotaku-el-arte-japones-de-la-estampacion-de-peces/" data-type="page" data-id="1088">Taller de &#8216;Gyotaku&#8217;: El Arte Japonés de la Estampación de Peces</a>.</li>



<li><a href="https://www.islantilla.es/festivalartesyletras/index.php/cuentos-con-sentidos/" data-type="page" data-id="1144">Espectáculo de Narración Oral &#8216;Cuentos con Sentidos&#8217;, con Alicia Bululú</a>.</li>



<li><a href="https://www.islantilla.es/festivalartesyletras/index.php/espacio-de-creacion-plastica-colectiva-con-mayka-g-marquez/" data-type="page" data-id="1094">Espacio de Creación Plástica Colectiva con Mayka G. Márquez</a>.</li>



<li><a href="https://www.islantilla.es/festivalartesyletras/index.php/mercadillo-del-libro-solidario-ayre-solidario/" data-type="page" data-id="1092">Mercadillo del Libro Solidario &#8216;Ayre Solidario&#8217;</a>.</li>
</ul>



<hr class="wp-block-separator has-alpha-channel-opacity is-style-dots"/>



<h2 class="wp-block-heading"><strong>2024</strong></h2>



<p class="wp-block-paragraph"><a href="https://www.islantilla.es/festivalartesyletras/index.php/programa-2024/">Del 22 al 27 de abril III Festival de las Artes y las Letras de Islantilla 2024</a></p>



<hr class="wp-block-separator has-alpha-channel-opacity is-style-dots"/>



<h2 class="wp-block-heading"><strong>2023</strong></h2>



<p class="wp-block-paragraph">Del 17 al 22 de abril II Festival de las Artes y las Letras de Islantilla 2023</p>



<hr class="wp-block-separator has-alpha-channel-opacity is-style-dots"/>



<h2 class="wp-block-heading"><strong>2022</strong></h2>



<p class="wp-block-paragraph">Del 23 al 28 de mayo I Festival de las Artes y las Letras de Islantilla 2022</p>
