{"id":3430,"date":"2024-10-29T12:11:01","date_gmt":"2024-10-29T11:11:01","guid":{"rendered":"https:\/\/www.islantilla.es\/?page_id=3430"},"modified":"2025-02-05T10:24:03","modified_gmt":"2025-02-05T09:24:03","slug":"el-juez-que-perdio-la-conciencia-manuel-ciges-aparicio","status":"publish","type":"page","link":"https:\/\/www.islantilla.es\/en\/el-juez-que-perdio-la-conciencia-manuel-ciges-aparicio\/","title":{"rendered":"The judge who lost consciousness, Manuel Ciges Aparicio"},"content":{"rendered":"<div data-elementor-type=\"wp-page\" data-elementor-id=\"3430\" class=\"elementor elementor-3430\" data-elementor-post-type=\"page\">\n\t\t\t\t<div class=\"elementor-element elementor-element-8d2fb09 e-con-full e-flex e-con e-parent\" data-id=\"8d2fb09\" data-element_type=\"container\" data-e-type=\"container\">\n\t\t<div class=\"elementor-element elementor-element-50bd4fa e-con-full e-flex e-con e-child\" data-id=\"50bd4fa\" data-element_type=\"container\" data-e-type=\"container\" data-settings=\"{&quot;background_background&quot;:&quot;classic&quot;}\">\n\t\t\t\t<\/div>\n\t\t<div class=\"elementor-element elementor-element-754f015 e-con-full e-flex e-con e-child\" data-id=\"754f015\" data-element_type=\"container\" data-e-type=\"container\">\n\t\t\t\t<div class=\"elementor-element elementor-element-f162dba elementor-widget elementor-widget-heading\" data-id=\"f162dba\" data-element_type=\"widget\" data-e-type=\"widget\" data-widget_type=\"heading.default\">\n\t\t\t\t\t<h2 class=\"elementor-heading-title elementor-size-default\">The judge who lost consciousness,<\/h2>\t\t\t\t<\/div>\n\t\t\t\t<div class=\"elementor-element elementor-element-ba3f440 elementor-widget elementor-widget-heading\" data-id=\"ba3f440\" data-element_type=\"widget\" data-e-type=\"widget\" data-widget_type=\"heading.default\">\n\t\t\t\t\t<h2 class=\"elementor-heading-title elementor-size-default\">Manuel Ciges Aparicio<\/h2>\t\t\t\t<\/div>\n\t\t\t\t<div class=\"elementor-element elementor-element-73a4da7 elementor-widget elementor-widget-spacer\" data-id=\"73a4da7\" data-element_type=\"widget\" data-e-type=\"widget\" data-widget_type=\"spacer.default\">\n\t\t\t\t\t\t\t<div class=\"elementor-spacer\">\n\t\t\t<div class=\"elementor-spacer-inner\"><\/div>\n\t\t<\/div>\n\t\t\t\t\t\t<\/div>\n\t\t\t\t<div class=\"elementor-element elementor-element-9772e02 elementor-widget elementor-widget-text-editor\" data-id=\"9772e02\" data-element_type=\"widget\" data-e-type=\"widget\" data-widget_type=\"text-editor.default\">\n\t\t\t\t\t\t\t\t\t<p>Manuel Ciges Aparicio was a soldier, politician, journalist and writer, a member of the Generation of &#039;98. His writings were the fruit of his life experiences and in them he always remained faithful to his ideological convictions. A biography in which the trip to Cuba (passing in prison in Havana), the marriage with Azor\u00edn&#039;s sister or the friendship with Manuel Aza\u00f1a stand out... and a young death, murdered as a consequence of his unwavering political commitment to the Republican left. In &#039;The Judge Who Lost Consciousness&#039;, from 1925, he portrays the Spanish political caciquism of the time. A little-known work and a fascinating life, without a doubt, that of the father of our beloved actor Luis Ciges.<\/p>\t\t\t\t\t\t\t\t<\/div>\n\t\t\t\t<\/div>\n\t\t\t\t<\/div>\n\t\t\t\t<\/div>","protected":false},"excerpt":{"rendered":"<p>El juez que perdi\u00f3 la conciencia, Manuel Ciges Aparicio Manuel Ciges Aparicio fue soldado, pol\u00edtico, periodista y escritor, miembro de la Generaci\u00f3n del 98. Sus escritos fueron fruto de sus experiencias vitales y en ellos se mantuvo siempre fiel a sus convicciones ideol\u00f3gicas. Una biograf\u00eda en la que destaca el viaje a Cuba (pasando por [&hellip;]<\/p>\n","protected":false},"author":1,"featured_media":0,"parent":0,"menu_order":0,"comment_status":"closed","ping_status":"closed","template":"","meta":{"slim_seo":{"title":"The judge who lost consciousness, Manuel Ciges Aparicio | Islantilla","description":"Manuel Ciges Aparicio was a soldier, politician, journalist, and writer, a member of the Generation of &#039;98. His writings were the fruit of his life experiences, and in them he always remained faithful to his ideological convictions."},"footnotes":""},"class_list":["post-3430","page","type-page","status-publish","hentry"],"_links":{"self":[{"href":"https:\/\/www.islantilla.es\/en\/wp-json\/wp\/v2\/pages\/3430","targetHints":{"allow":["GET"]}}],"collection":[{"href":"https:\/\/www.islantilla.es\/en\/wp-json\/wp\/v2\/pages"}],"about":[{"href":"https:\/\/www.islantilla.es\/en\/wp-json\/wp\/v2\/types\/page"}],"author":[{"embeddable":true,"href":"https:\/\/www.islantilla.es\/en\/wp-json\/wp\/v2\/users\/1"}],"replies":[{"embeddable":true,"href":"https:\/\/www.islantilla.es\/en\/wp-json\/wp\/v2\/comments?post=3430"}],"version-history":[{"count":13,"href":"https:\/\/www.islantilla.es\/en\/wp-json\/wp\/v2\/pages\/3430\/revisions"}],"predecessor-version":[{"id":4136,"href":"https:\/\/www.islantilla.es\/en\/wp-json\/wp\/v2\/pages\/3430\/revisions\/4136"}],"wp:attachment":[{"href":"https:\/\/www.islantilla.es\/en\/wp-json\/wp\/v2\/media?parent=3430"}],"curies":[{"name":"wp","href":"https:\/\/api.w.org\/{rel}","templated":true}]}}

<div data-elementor-type="wp-page" data-elementor-id="3430" class="elementor elementor-3430" data-elementor-post-type="page">
				<div class="elementor-element elementor-element-8d2fb09 e-con-full e-flex e-con e-parent" data-id="8d2fb09" data-element_type="container" data-e-type="container">
		<div class="elementor-element elementor-element-50bd4fa e-con-full e-flex e-con e-child" data-id="50bd4fa" data-element_type="container" data-e-type="container" data-settings="{&quot;background_background&quot;:&quot;classic&quot;}">
				</div>
		<div class="elementor-element elementor-element-754f015 e-con-full e-flex e-con e-child" data-id="754f015" data-element_type="container" data-e-type="container">
				<div class="elementor-element elementor-element-f162dba elementor-widget elementor-widget-heading" data-id="f162dba" data-element_type="widget" data-e-type="widget" data-widget_type="heading.default">
					<h2 class="elementor-heading-title elementor-size-default">The judge who lost consciousness,</h2>				</div>
				<div class="elementor-element elementor-element-ba3f440 elementor-widget elementor-widget-heading" data-id="ba3f440" data-element_type="widget" data-e-type="widget" data-widget_type="heading.default">
					<h2 class="elementor-heading-title elementor-size-default">Manuel Ciges Aparicio</h2>				</div>
				<div class="elementor-element elementor-element-73a4da7 elementor-widget elementor-widget-spacer" data-id="73a4da7" data-element_type="widget" data-e-type="widget" data-widget_type="spacer.default">
							<div class="elementor-spacer">
			<div class="elementor-spacer-inner"></div>
		</div>
						</div>
				<div class="elementor-element elementor-element-9772e02 elementor-widget elementor-widget-text-editor" data-id="9772e02" data-element_type="widget" data-e-type="widget" data-widget_type="text-editor.default">
									<p>Manuel Ciges Aparicio was a soldier, politician, journalist and writer, a member of the Generation of &#039;98. His writings were the fruit of his life experiences and in them he always remained faithful to his ideological convictions. A biography in which the trip to Cuba (passing in prison in Havana), the marriage with Azorín&#039;s sister or the friendship with Manuel Azaña stand out... and a young death, murdered as a consequence of his unwavering political commitment to the Republican left. In &#039;The Judge Who Lost Consciousness&#039;, from 1925, he portrays the Spanish political caciquism of the time. A little-known work and a fascinating life, without a doubt, that of the father of our beloved actor Luis Ciges.</p>								</div>
				</div>
				</div>
				</div>

<p>El juez que perdió la conciencia, Manuel Ciges Aparicio Manuel Ciges Aparicio fue soldado, político, periodista y escritor, miembro de la Generación del 98. Sus escritos fueron fruto de sus experiencias vitales y en ellos se mantuvo siempre fiel a sus convicciones ideológicas. Una biografía en la que destaca el viaje a Cuba (pasando por [&hellip;]</p>
