{"id":3443,"date":"2024-10-29T12:15:01","date_gmt":"2024-10-29T11:15:01","guid":{"rendered":"https:\/\/www.islantilla.es\/?page_id=3443"},"modified":"2024-10-31T13:18:55","modified_gmt":"2024-10-31T12:18:55","slug":"retratos-gertrude-stein","status":"publish","type":"page","link":"https:\/\/www.islantilla.es\/de\/retratos-gertrude-stein\/","title":{"rendered":"Portr\u00e4ts, Gertrude Stein"},"content":{"rendered":"<div data-elementor-type=\"wp-page\" data-elementor-id=\"3443\" class=\"elementor elementor-3443\" data-elementor-post-type=\"page\">\n\t\t\t\t<div class=\"elementor-element elementor-element-aff83d4 e-con-full e-flex e-con e-parent\" data-id=\"aff83d4\" data-element_type=\"container\" data-e-type=\"container\">\n\t\t<div class=\"elementor-element elementor-element-ceb21a9 e-con-full e-flex e-con e-child\" data-id=\"ceb21a9\" data-element_type=\"container\" data-e-type=\"container\" data-settings=\"{&quot;background_background&quot;:&quot;classic&quot;}\">\n\t\t\t\t<\/div>\n\t\t<div class=\"elementor-element elementor-element-d134896 e-con-full e-flex e-con e-child\" data-id=\"d134896\" data-element_type=\"container\" data-e-type=\"container\">\n\t\t\t\t<div class=\"elementor-element elementor-element-5900628 elementor-widget elementor-widget-heading\" data-id=\"5900628\" data-element_type=\"widget\" data-e-type=\"widget\" data-widget_type=\"heading.default\">\n\t\t\t\t\t<h2 class=\"elementor-heading-title elementor-size-default\">Portr\u00e4ts,<\/h2>\t\t\t\t<\/div>\n\t\t\t\t<div class=\"elementor-element elementor-element-97bde0a elementor-widget elementor-widget-heading\" data-id=\"97bde0a\" data-element_type=\"widget\" data-e-type=\"widget\" data-widget_type=\"heading.default\">\n\t\t\t\t\t<h2 class=\"elementor-heading-title elementor-size-default\">Gertrude Stein<\/h2>\t\t\t\t<\/div>\n\t\t\t\t<div class=\"elementor-element elementor-element-22e4ce4 elementor-widget elementor-widget-spacer\" data-id=\"22e4ce4\" data-element_type=\"widget\" data-e-type=\"widget\" data-widget_type=\"spacer.default\">\n\t\t\t\t\t\t\t<div class=\"elementor-spacer\">\n\t\t\t<div class=\"elementor-spacer-inner\"><\/div>\n\t\t<\/div>\n\t\t\t\t\t\t<\/div>\n\t\t\t\t<div class=\"elementor-element elementor-element-3b007b6 elementor-widget elementor-widget-text-editor\" data-id=\"3b007b6\" data-element_type=\"widget\" data-e-type=\"widget\" data-widget_type=\"text-editor.default\">\n\t\t\t\t\t\t\t\t\t<p>Nordamerikanische Schriftstellerin und mutige Sammlerin avantgardistischer Kunst, seit sie sich 1903 in Paris niederlie\u00df. In ihrem Salon in der Rue de Fleurus 27 traf sich jeden Samstag das Beste der damaligen Pariser Boheme; von Jean Coctau bis Henry Matisse, \u00fcber Picasso, Fitzgerald und Hemingway.<\/p><p>Nach und nach waren die W\u00e4nde des heutigen Stein-Zimmers mit einem Gauguin, einem Picasso, einem Delacroix, einem Matisse, einem weiteren Picasso, einem Cezanne ... einem weiteren Picasso bedeckt! Und Gertrude bewunderte besonders die Arbeit des Mannes aus Malaga, der als einer der ersten den gro\u00dfen Wert erkannte, den seine ersten Gem\u00e4lde bereits hatten. Sie kn\u00fcpfte auch eine intensive Freundschaft mit dem ber\u00fchmten Maler aus Malaga, in der beide sich gegenseitig portr\u00e4tierten, er mit Gem\u00e4lden und sie mit Worten. Es ist der Keim von Portraits, einem v\u00f6llig experimentellen Werk, das weithin als undurchdringlich kritisiert wird. Tats\u00e4chlich verdreht sein sich wiederholender Stil die Bedeutung und deformiert die Sprache und erkundet neue Ausdrucksm\u00f6glichkeiten. Die Autorin selbst gab an, dass sie eine Kompositionstechnik abstrakter Natur verwendete und in der Literatur nach Korrelationen zum Bildkubismus suchte. Auf seinen Seiten malte Gertrude unter anderem Matisse, Picasso, Braque und Henry James mit kubistischen Worten.<\/p>\t\t\t\t\t\t\t\t<\/div>\n\t\t\t\t<\/div>\n\t\t\t\t<\/div>\n\t\t\t\t<\/div>","protected":false},"excerpt":{"rendered":"<p>Retratos, Gertrude Stein Escritora norteamericana y audaz coleccionista de arte de vanguardia desde que se instal\u00f3 en Par\u00eds en 1903. En su sal\u00f3n del 27 Rue de Fleurus se reun\u00eda, cada s\u00e1bado, lo m\u00e1s granado de la bohemia parisina del momento; desde Jean Coctau a Henry Matisse, pasando por Picasso, Fitzgerald o Hemingway. Poco a [&hellip;]<\/p>\n","protected":false},"author":1,"featured_media":0,"parent":0,"menu_order":0,"comment_status":"closed","ping_status":"closed","template":"","meta":{"slim_seo":{"title":"Retratos, Gertrude Stein | Islantilla","description":"Escritora norteamericana y audaz coleccionista de arte de vanguardia desde que se instal\u00f3 en Par\u00eds en 1903."},"footnotes":""},"class_list":["post-3443","page","type-page","status-publish","hentry"],"_links":{"self":[{"href":"https:\/\/www.islantilla.es\/de\/wp-json\/wp\/v2\/pages\/3443","targetHints":{"allow":["GET"]}}],"collection":[{"href":"https:\/\/www.islantilla.es\/de\/wp-json\/wp\/v2\/pages"}],"about":[{"href":"https:\/\/www.islantilla.es\/de\/wp-json\/wp\/v2\/types\/page"}],"author":[{"embeddable":true,"href":"https:\/\/www.islantilla.es\/de\/wp-json\/wp\/v2\/users\/1"}],"replies":[{"embeddable":true,"href":"https:\/\/www.islantilla.es\/de\/wp-json\/wp\/v2\/comments?post=3443"}],"version-history":[{"count":10,"href":"https:\/\/www.islantilla.es\/de\/wp-json\/wp\/v2\/pages\/3443\/revisions"}],"predecessor-version":[{"id":3543,"href":"https:\/\/www.islantilla.es\/de\/wp-json\/wp\/v2\/pages\/3443\/revisions\/3543"}],"wp:attachment":[{"href":"https:\/\/www.islantilla.es\/de\/wp-json\/wp\/v2\/media?parent=3443"}],"curies":[{"name":"wp","href":"https:\/\/api.w.org\/{rel}","templated":true}]}}

Porträts, Gertrude Stein

<div data-elementor-type="wp-page" data-elementor-id="3443" class="elementor elementor-3443" data-elementor-post-type="page">
				<div class="elementor-element elementor-element-aff83d4 e-con-full e-flex e-con e-parent" data-id="aff83d4" data-element_type="container" data-e-type="container">
		<div class="elementor-element elementor-element-ceb21a9 e-con-full e-flex e-con e-child" data-id="ceb21a9" data-element_type="container" data-e-type="container" data-settings="{&quot;background_background&quot;:&quot;classic&quot;}">
				</div>
		<div class="elementor-element elementor-element-d134896 e-con-full e-flex e-con e-child" data-id="d134896" data-element_type="container" data-e-type="container">
				<div class="elementor-element elementor-element-5900628 elementor-widget elementor-widget-heading" data-id="5900628" data-element_type="widget" data-e-type="widget" data-widget_type="heading.default">
					<h2 class="elementor-heading-title elementor-size-default">Porträts,</h2>				</div>
				<div class="elementor-element elementor-element-97bde0a elementor-widget elementor-widget-heading" data-id="97bde0a" data-element_type="widget" data-e-type="widget" data-widget_type="heading.default">
					<h2 class="elementor-heading-title elementor-size-default">Gertrude Stein</h2>				</div>
				<div class="elementor-element elementor-element-22e4ce4 elementor-widget elementor-widget-spacer" data-id="22e4ce4" data-element_type="widget" data-e-type="widget" data-widget_type="spacer.default">
							<div class="elementor-spacer">
			<div class="elementor-spacer-inner"></div>
		</div>
						</div>
				<div class="elementor-element elementor-element-3b007b6 elementor-widget elementor-widget-text-editor" data-id="3b007b6" data-element_type="widget" data-e-type="widget" data-widget_type="text-editor.default">
									<p>Nordamerikanische Schriftstellerin und mutige Sammlerin avantgardistischer Kunst, seit sie sich 1903 in Paris niederließ. In ihrem Salon in der Rue de Fleurus 27 traf sich jeden Samstag das Beste der damaligen Pariser Boheme; von Jean Coctau bis Henry Matisse, über Picasso, Fitzgerald und Hemingway.</p><p>Nach und nach waren die Wände des heutigen Stein-Zimmers mit einem Gauguin, einem Picasso, einem Delacroix, einem Matisse, einem weiteren Picasso, einem Cezanne ... einem weiteren Picasso bedeckt! Und Gertrude bewunderte besonders die Arbeit des Mannes aus Malaga, der als einer der ersten den großen Wert erkannte, den seine ersten Gemälde bereits hatten. Sie knüpfte auch eine intensive Freundschaft mit dem berühmten Maler aus Malaga, in der beide sich gegenseitig porträtierten, er mit Gemälden und sie mit Worten. Es ist der Keim von Portraits, einem völlig experimentellen Werk, das weithin als undurchdringlich kritisiert wird. Tatsächlich verdreht sein sich wiederholender Stil die Bedeutung und deformiert die Sprache und erkundet neue Ausdrucksmöglichkeiten. Die Autorin selbst gab an, dass sie eine Kompositionstechnik abstrakter Natur verwendete und in der Literatur nach Korrelationen zum Bildkubismus suchte. Auf seinen Seiten malte Gertrude unter anderem Matisse, Picasso, Braque und Henry James mit kubistischen Worten.</p>								</div>
				</div>
				</div>
				</div>

<p>Retratos, Gertrude Stein Escritora norteamericana y audaz coleccionista de arte de vanguardia desde que se instaló en París en 1903. En su salón del 27 Rue de Fleurus se reunía, cada sábado, lo más granado de la bohemia parisina del momento; desde Jean Coctau a Henry Matisse, pasando por Picasso, Fitzgerald o Hemingway. Poco a [&hellip;]</p>

Escritora norteamericana y audaz coleccionista de arte de vanguardia desde que se instaló en París en 1903.
