{"id":3415,"date":"2024-10-29T12:01:56","date_gmt":"2024-10-29T11:01:56","guid":{"rendered":"https:\/\/www.islantilla.es\/?page_id=3415"},"modified":"2024-10-31T13:14:21","modified_gmt":"2024-10-31T12:14:21","slug":"las-olas-virginia-wolf","status":"publish","type":"page","link":"https:\/\/www.islantilla.es\/de\/las-olas-virginia-wolf\/","title":{"rendered":"The Waves, Virginia Wolf"},"content":{"rendered":"<div data-elementor-type=\"wp-page\" data-elementor-id=\"3415\" class=\"elementor elementor-3415\" data-elementor-post-type=\"page\">\n\t\t\t\t<div class=\"elementor-element elementor-element-c1e7e0e e-con-full e-flex e-con e-parent\" data-id=\"c1e7e0e\" data-element_type=\"container\" data-e-type=\"container\">\n\t\t<div class=\"elementor-element elementor-element-d6e33a1 e-con-full e-flex e-con e-child\" data-id=\"d6e33a1\" data-element_type=\"container\" data-e-type=\"container\" data-settings=\"{&quot;background_background&quot;:&quot;classic&quot;}\">\n\t\t\t\t<\/div>\n\t\t<div class=\"elementor-element elementor-element-aff53b7 e-con-full e-flex e-con e-child\" data-id=\"aff53b7\" data-element_type=\"container\" data-e-type=\"container\">\n\t\t\t\t<div class=\"elementor-element elementor-element-fd811f0 elementor-widget elementor-widget-heading\" data-id=\"fd811f0\" data-element_type=\"widget\" data-e-type=\"widget\" data-widget_type=\"heading.default\">\n\t\t\t\t\t<h2 class=\"elementor-heading-title elementor-size-default\">Die Wellen,<\/h2>\t\t\t\t<\/div>\n\t\t\t\t<div class=\"elementor-element elementor-element-717738f elementor-widget elementor-widget-heading\" data-id=\"717738f\" data-element_type=\"widget\" data-e-type=\"widget\" data-widget_type=\"heading.default\">\n\t\t\t\t\t<h2 class=\"elementor-heading-title elementor-size-default\">Virginia Wolf<\/h2>\t\t\t\t<\/div>\n\t\t\t\t<div class=\"elementor-element elementor-element-6db3dc8 elementor-widget elementor-widget-spacer\" data-id=\"6db3dc8\" data-element_type=\"widget\" data-e-type=\"widget\" data-widget_type=\"spacer.default\">\n\t\t\t\t\t\t\t<div class=\"elementor-spacer\">\n\t\t\t<div class=\"elementor-spacer-inner\"><\/div>\n\t\t<\/div>\n\t\t\t\t\t\t<\/div>\n\t\t\t\t<div class=\"elementor-element elementor-element-d349f90 elementor-widget elementor-widget-text-editor\" data-id=\"d349f90\" data-element_type=\"widget\" data-e-type=\"widget\" data-widget_type=\"text-editor.default\">\n\t\t\t\t\t\t\t\t\t<p>Mit einem Stil, der der poetischen Prosa nahekommt, ist The Waves, erschienen 1931, Virginia Woolfs experimentellster Roman und eines der Werke, mit denen die literarische Revolution des 20. Jahrhunderts begann.<\/p><p>Die Wellen kommen und gehen, w\u00e4hrend die Sonne vom Morgengrauen bis zur Abendd\u00e4mmerung \u00fcber den Himmel wandert. Ein mit au\u00dfergew\u00f6hnlicher Sch\u00f6nheit eingefangener Raum und eine Zeit, in der die inneren Monologe von sechs Charakteren durchsetzt sind, die durch die Technik des Gedankenflusses auf die B\u00fchne dr\u00e4ngen, um eine originelle, tiefe und vielf\u00e4ltige Reflexion \u00fcber die Existenz zu verfassen.<\/p>\t\t\t\t\t\t\t\t<\/div>\n\t\t\t\t<\/div>\n\t\t\t\t<\/div>\n\t\t\t\t<\/div>","protected":false},"excerpt":{"rendered":"<p>Las Olas, Virginia Wolf Con un estilo cercano a la prosa po\u00e9tica Las Olas, publicada en 1931, es la novela m\u00e1s experimental de Virginia Woolf y una de las obras con la que se inicia la revoluci\u00f3n de la literatura del siglo XX. Las olas van y vienen, mientras el sol recorre el cielo desde [&hellip;]<\/p>\n","protected":false},"author":1,"featured_media":0,"parent":0,"menu_order":0,"comment_status":"closed","ping_status":"closed","template":"","meta":{"slim_seo":{"title":"Las Olas,\u00a0Virginia Wolf | Islantilla","description":"Mit einem Stil, der der poetischen Prosa nahekommt, ist The Waves, erschienen 1931, Virginia Woolfs experimentellster Roman und eines der Werke, mit denen die literarische Revolution des 20. Jahrhunderts begann."},"footnotes":""},"class_list":["post-3415","page","type-page","status-publish","hentry"],"_links":{"self":[{"href":"https:\/\/www.islantilla.es\/de\/wp-json\/wp\/v2\/pages\/3415","targetHints":{"allow":["GET"]}}],"collection":[{"href":"https:\/\/www.islantilla.es\/de\/wp-json\/wp\/v2\/pages"}],"about":[{"href":"https:\/\/www.islantilla.es\/de\/wp-json\/wp\/v2\/types\/page"}],"author":[{"embeddable":true,"href":"https:\/\/www.islantilla.es\/de\/wp-json\/wp\/v2\/users\/1"}],"replies":[{"embeddable":true,"href":"https:\/\/www.islantilla.es\/de\/wp-json\/wp\/v2\/comments?post=3415"}],"version-history":[{"count":10,"href":"https:\/\/www.islantilla.es\/de\/wp-json\/wp\/v2\/pages\/3415\/revisions"}],"predecessor-version":[{"id":3528,"href":"https:\/\/www.islantilla.es\/de\/wp-json\/wp\/v2\/pages\/3415\/revisions\/3528"}],"wp:attachment":[{"href":"https:\/\/www.islantilla.es\/de\/wp-json\/wp\/v2\/media?parent=3415"}],"curies":[{"name":"wp","href":"https:\/\/api.w.org\/{rel}","templated":true}]}}

<div data-elementor-type="wp-page" data-elementor-id="3415" class="elementor elementor-3415" data-elementor-post-type="page">
				<div class="elementor-element elementor-element-c1e7e0e e-con-full e-flex e-con e-parent" data-id="c1e7e0e" data-element_type="container" data-e-type="container">
		<div class="elementor-element elementor-element-d6e33a1 e-con-full e-flex e-con e-child" data-id="d6e33a1" data-element_type="container" data-e-type="container" data-settings="{&quot;background_background&quot;:&quot;classic&quot;}">
				</div>
		<div class="elementor-element elementor-element-aff53b7 e-con-full e-flex e-con e-child" data-id="aff53b7" data-element_type="container" data-e-type="container">
				<div class="elementor-element elementor-element-fd811f0 elementor-widget elementor-widget-heading" data-id="fd811f0" data-element_type="widget" data-e-type="widget" data-widget_type="heading.default">
					<h2 class="elementor-heading-title elementor-size-default">Die Wellen,</h2>				</div>
				<div class="elementor-element elementor-element-717738f elementor-widget elementor-widget-heading" data-id="717738f" data-element_type="widget" data-e-type="widget" data-widget_type="heading.default">
					<h2 class="elementor-heading-title elementor-size-default">Virginia Wolf</h2>				</div>
				<div class="elementor-element elementor-element-6db3dc8 elementor-widget elementor-widget-spacer" data-id="6db3dc8" data-element_type="widget" data-e-type="widget" data-widget_type="spacer.default">
							<div class="elementor-spacer">
			<div class="elementor-spacer-inner"></div>
		</div>
						</div>
				<div class="elementor-element elementor-element-d349f90 elementor-widget elementor-widget-text-editor" data-id="d349f90" data-element_type="widget" data-e-type="widget" data-widget_type="text-editor.default">
									<p>Mit einem Stil, der der poetischen Prosa nahekommt, ist The Waves, erschienen 1931, Virginia Woolfs experimentellster Roman und eines der Werke, mit denen die literarische Revolution des 20. Jahrhunderts begann.</p><p>Die Wellen kommen und gehen, während die Sonne vom Morgengrauen bis zur Abenddämmerung über den Himmel wandert. Ein mit außergewöhnlicher Schönheit eingefangener Raum und eine Zeit, in der die inneren Monologe von sechs Charakteren durchsetzt sind, die durch die Technik des Gedankenflusses auf die Bühne drängen, um eine originelle, tiefe und vielfältige Reflexion über die Existenz zu verfassen.</p>								</div>
				</div>
				</div>
				</div>

<p>Las Olas, Virginia Wolf Con un estilo cercano a la prosa poética Las Olas, publicada en 1931, es la novela más experimental de Virginia Woolf y una de las obras con la que se inicia la revolución de la literatura del siglo XX. Las olas van y vienen, mientras el sol recorre el cielo desde [&hellip;]</p>
