{"id":1815,"date":"2024-03-26T16:07:21","date_gmt":"2024-03-26T15:07:21","guid":{"rendered":"https:\/\/www.islantilla.es\/?page_id=1815"},"modified":"2025-12-01T18:16:42","modified_gmt":"2025-12-01T17:16:42","slug":"cycling-islantilla-sanlucar","status":"publish","type":"page","link":"https:\/\/www.islantilla.es\/de\/cycling-islantilla-sanlucar\/","title":{"rendered":"Islantilla \u2013 Sanl\u00facar"},"content":{"rendered":"<div data-elementor-type=\"wp-page\" data-elementor-id=\"1815\" class=\"elementor elementor-1815\" data-elementor-post-type=\"page\">\n\t\t\t\t<div class=\"elementor-element elementor-element-07d66ff e-flex e-con-boxed elementor-invisible e-con e-parent\" data-id=\"07d66ff\" data-element_type=\"container\" data-e-type=\"container\" data-settings=\"{&quot;background_background&quot;:&quot;classic&quot;,&quot;animation&quot;:&quot;fadeIn&quot;}\">\n\t\t\t\t\t<div class=\"e-con-inner\">\n\t\t\t\t<div class=\"elementor-element elementor-element-3b65e8e elementor-widget__width-inherit elementor-widget elementor-widget-heading\" data-id=\"3b65e8e\" data-element_type=\"widget\" data-e-type=\"widget\" data-widget_type=\"heading.default\">\n\t\t\t\t\t<h2 class=\"elementor-heading-title elementor-size-default\">ISLANTILLA - SANL\u00daCAR<\/h2>\t\t\t\t<\/div>\n\t\t\t\t<div class=\"elementor-element elementor-element-1110865 elementor-widget__width-inherit elementor-widget elementor-widget-heading\" data-id=\"1110865\" data-element_type=\"widget\" data-e-type=\"widget\" data-widget_type=\"heading.default\">\n\t\t\t\t\t<h2 class=\"elementor-heading-title elementor-size-default\">STRASSENROUTE<\/h2>\t\t\t\t<\/div>\n\t\t\t\t\t<\/div>\n\t\t\t\t<\/div>\n\t\t<div class=\"elementor-element elementor-element-c4343ae e-flex e-con-boxed elementor-invisible e-con e-parent\" data-id=\"c4343ae\" data-element_type=\"container\" data-e-type=\"container\" data-settings=\"{&quot;animation&quot;:&quot;fadeInUp&quot;}\">\n\t\t\t\t\t<div class=\"e-con-inner\">\n\t\t<div class=\"elementor-element elementor-element-a56048d e-grid e-con-boxed e-con e-child\" data-id=\"a56048d\" data-element_type=\"container\" data-e-type=\"container\">\n\t\t\t\t\t<div class=\"e-con-inner\">\n\t\t\t\t<div class=\"elementor-element elementor-element-a6a7ba7 elementor-widget elementor-widget-image\" data-id=\"a6a7ba7\" data-element_type=\"widget\" data-e-type=\"widget\" data-widget_type=\"image.default\">\n\t\t\t\t\t\t\t\t\t\t\t\t\t\t\t<img fetchpriority=\"high\" decoding=\"async\" width=\"800\" height=\"534\" src=\"https:\/\/www.islantilla.es\/wp-content\/uploads\/2024\/03\/Islantilla-SanLucar-de-Guadiana-1024x683.webp\" class=\"attachment-large size-large wp-image-1622\" alt=\"Ruta en bicicleta Islantilla - Sanl\u00facar De Guadiana\" srcset=\"https:\/\/www.islantilla.es\/wp-content\/uploads\/2024\/03\/Islantilla-SanLucar-de-Guadiana-1024x683.webp 1024w, https:\/\/www.islantilla.es\/wp-content\/uploads\/2024\/03\/Islantilla-SanLucar-de-Guadiana-300x200.webp 300w, https:\/\/www.islantilla.es\/wp-content\/uploads\/2024\/03\/Islantilla-SanLucar-de-Guadiana-768x512.webp 768w, https:\/\/www.islantilla.es\/wp-content\/uploads\/2024\/03\/Islantilla-SanLucar-de-Guadiana-18x12.webp 18w, https:\/\/www.islantilla.es\/wp-content\/uploads\/2024\/03\/Islantilla-SanLucar-de-Guadiana.webp 1384w\" sizes=\"(max-width: 800px) 100vw, 800px\" \/>\t\t\t\t\t\t\t\t\t\t\t\t\t\t\t<\/div>\n\t\t<div class=\"elementor-element elementor-element-4e91754 e-grid e-con-boxed e-con e-child\" data-id=\"4e91754\" data-element_type=\"container\" data-e-type=\"container\">\n\t\t\t\t\t<div class=\"e-con-inner\">\n\t\t\t\t<div class=\"elementor-element elementor-element-160b924 elementor-position-left elementor-position-top elementor-vertical-align-bottom elementor-widget elementor-widget-image-box\" data-id=\"160b924\" data-element_type=\"widget\" data-e-type=\"widget\" data-widget_type=\"image-box.default\">\n\t\t\t\t\t<div class=\"elementor-image-box-wrapper\"><figure class=\"elementor-image-box-img\"><img decoding=\"async\" width=\"80\" height=\"80\" src=\"https:\/\/www.islantilla.es\/wp-content\/uploads\/2024\/03\/Distancia.webp\" class=\"attachment-full size-full wp-image-1745\" alt=\"Icono azul de una se\u00f1al de direcci\u00f3n que representa la distancia de la ruta.\" srcset=\"https:\/\/www.islantilla.es\/wp-content\/uploads\/2024\/03\/Distancia.webp 80w, https:\/\/www.islantilla.es\/wp-content\/uploads\/2024\/03\/Distancia-12x12.webp 12w\" sizes=\"(max-width: 80px) 100vw, 80px\" \/><\/figure><div class=\"elementor-image-box-content\"><h3 class=\"elementor-image-box-title\">Distanz<\/h3><p class=\"elementor-image-box-description\">115,57 km\n<\/p><\/div><\/div>\t\t\t\t<\/div>\n\t\t\t\t<div class=\"elementor-element elementor-element-6fdfb0c elementor-position-left elementor-position-top elementor-vertical-align-bottom elementor-widget elementor-widget-image-box\" data-id=\"6fdfb0c\" data-element_type=\"widget\" data-e-type=\"widget\" data-widget_type=\"image-box.default\">\n\t\t\t\t\t<div class=\"elementor-image-box-wrapper\"><figure class=\"elementor-image-box-img\"><img decoding=\"async\" width=\"80\" height=\"80\" src=\"https:\/\/www.islantilla.es\/wp-content\/uploads\/2024\/03\/Altitud.webp\" class=\"attachment-full size-full wp-image-1744\" alt=\"Icono azul con un tri\u00e1ngulo y una pendiente que representa la altitud o desnivel de la ruta en bicicleta.\" srcset=\"https:\/\/www.islantilla.es\/wp-content\/uploads\/2024\/03\/Altitud.webp 80w, https:\/\/www.islantilla.es\/wp-content\/uploads\/2024\/03\/Altitud-12x12.webp 12w\" sizes=\"(max-width: 80px) 100vw, 80px\" \/><\/figure><div class=\"elementor-image-box-content\"><h3 class=\"elementor-image-box-title\">H\u00f6he<\/h3><p class=\"elementor-image-box-description\">1022m<\/p><\/div><\/div>\t\t\t\t<\/div>\n\t\t\t\t<div class=\"elementor-element elementor-element-edfd6e6 elementor-position-left elementor-position-top elementor-vertical-align-bottom elementor-widget elementor-widget-image-box\" data-id=\"edfd6e6\" data-element_type=\"widget\" data-e-type=\"widget\" data-widget_type=\"image-box.default\">\n\t\t\t\t\t<div class=\"elementor-image-box-wrapper\"><figure class=\"elementor-image-box-img\"><img loading=\"lazy\" decoding=\"async\" width=\"80\" height=\"80\" src=\"https:\/\/www.islantilla.es\/wp-content\/uploads\/2024\/03\/Dificultad.webp\" class=\"attachment-full size-full wp-image-1743\" alt=\"Icono azul de una bicicleta que representa la dificultad del recorrido en bici.\" srcset=\"https:\/\/www.islantilla.es\/wp-content\/uploads\/2024\/03\/Dificultad.webp 80w, https:\/\/www.islantilla.es\/wp-content\/uploads\/2024\/03\/Dificultad-12x12.webp 12w\" sizes=\"(max-width: 80px) 100vw, 80px\" \/><\/figure><div class=\"elementor-image-box-content\"><h3 class=\"elementor-image-box-title\">Schwierigkeit<\/h3><p class=\"elementor-image-box-description\">SCHWIERIG<\/p><\/div><\/div>\t\t\t\t<\/div>\n\t\t\t\t\t<\/div>\n\t\t\t\t<\/div>\n\t\t\t\t\t<\/div>\n\t\t\t\t<\/div>\n\t\t\t\t<div class=\"elementor-element elementor-element-cdd3a7e elementor-widget elementor-widget-text-editor\" data-id=\"cdd3a7e\" data-element_type=\"widget\" data-e-type=\"widget\" data-widget_type=\"text-editor.default\">\n\t\t\t\t\t\t\t\t\t<p>Rennradroute, die von Islantilla aus startet. Diese Route ist f\u00fcr erfahrene Radfahrer zu empfehlen, da sie 117,12 km lang ist und 1.044 H\u00f6henmeter zu \u00fcberwinden ist. Von Sanl\u00facar de Guadiana aus genie\u00dfen Sie einen herrlichen Blick auf den Fluss und die Grenze zur portugiesischen Gemeinde Alcoutim, w\u00e4hrend Sie Gemeinden an der Westk\u00fcste und El And\u00e9valo de Huelva besuchen.<\/p>\t\t\t\t\t\t\t\t<\/div>\n\t\t<div class=\"elementor-element elementor-element-0775ab2 e-grid e-con-boxed e-con e-child\" data-id=\"0775ab2\" data-element_type=\"container\" data-e-type=\"container\">\n\t\t\t\t\t<div class=\"e-con-inner\">\n\t\t\t\t<div class=\"elementor-element elementor-element-4cb245e elementor-widget elementor-widget-button\" data-id=\"4cb245e\" data-element_type=\"widget\" data-e-type=\"widget\" data-widget_type=\"button.default\">\n\t\t\t\t\t\t\t\t\t\t<a class=\"elementor-button elementor-button-link elementor-size-sm\" href=\"https:\/\/www.islantilla.es\/wp-content\/uploads\/2024\/03\/islantilla-sanlucar-de-guadiana-cycling-friendly.zip\">\n\t\t\t\t\t\t<span class=\"elementor-button-content-wrapper\">\n\t\t\t\t\t\t\t\t\t<span class=\"elementor-button-text\">Route herunterladen<\/span>\n\t\t\t\t\t<\/span>\n\t\t\t\t\t<\/a>\n\t\t\t\t\t\t\t\t<\/div>\n\t\t\t\t<div class=\"elementor-element elementor-element-a3f0403 elementor-widget elementor-widget-image\" data-id=\"a3f0403\" data-element_type=\"widget\" data-e-type=\"widget\" data-widget_type=\"image.default\">\n\t\t\t\t\t\t\t\t\t\t\t\t\t\t\t<img loading=\"lazy\" decoding=\"async\" width=\"131\" height=\"131\" src=\"https:\/\/www.islantilla.es\/wp-content\/uploads\/2024\/03\/QR007.webp\" class=\"attachment-full size-full wp-image-1754\" alt=\"C\u00f3digo QR que enlaza a la ruta cicloturista Islantilla \u2013 Sanl\u00facar de Guadiana en Cycling Friendly.\" srcset=\"https:\/\/www.islantilla.es\/wp-content\/uploads\/2024\/03\/QR007.webp 131w, https:\/\/www.islantilla.es\/wp-content\/uploads\/2024\/03\/QR007-12x12.webp 12w\" sizes=\"(max-width: 131px) 100vw, 131px\" \/>\t\t\t\t\t\t\t\t\t\t\t\t\t\t\t<\/div>\n\t\t\t\t\t<\/div>\n\t\t\t\t<\/div>\n\t\t<div class=\"elementor-element elementor-element-81f52c9 e-grid e-con-boxed e-con e-child\" data-id=\"81f52c9\" data-element_type=\"container\" data-e-type=\"container\">\n\t\t\t\t\t<div class=\"e-con-inner\">\n\t\t\t\t<div class=\"elementor-element elementor-element-449a90e elementor-widget elementor-widget-image\" data-id=\"449a90e\" data-element_type=\"widget\" data-e-type=\"widget\" data-widget_type=\"image.default\">\n\t\t\t\t\t\t\t\t\t\t\t\t\t\t\t<img loading=\"lazy\" decoding=\"async\" width=\"800\" height=\"566\" src=\"https:\/\/www.islantilla.es\/wp-content\/uploads\/2024\/03\/MapaRuta07.webp\" class=\"attachment-large size-large wp-image-1764\" alt=\"Ruta 7. Mapa de la ruta cicloturista entre Islantilla y Sanl\u00facar de Guadiana.\" srcset=\"https:\/\/www.islantilla.es\/wp-content\/uploads\/2024\/03\/MapaRuta07.webp 971w, https:\/\/www.islantilla.es\/wp-content\/uploads\/2024\/03\/MapaRuta07-300x212.webp 300w, https:\/\/www.islantilla.es\/wp-content\/uploads\/2024\/03\/MapaRuta07-768x543.webp 768w, https:\/\/www.islantilla.es\/wp-content\/uploads\/2024\/03\/MapaRuta07-18x12.webp 18w\" sizes=\"(max-width: 800px) 100vw, 800px\" \/>\t\t\t\t\t\t\t\t\t\t\t\t\t\t\t<\/div>\n\t\t\t\t<div class=\"elementor-element elementor-element-a89fc2d elementor-widget elementor-widget-image\" data-id=\"a89fc2d\" data-element_type=\"widget\" data-e-type=\"widget\" data-widget_type=\"image.default\">\n\t\t\t\t\t\t\t\t\t\t\t\t\t\t\t<img loading=\"lazy\" decoding=\"async\" width=\"800\" height=\"232\" src=\"https:\/\/www.islantilla.es\/wp-content\/uploads\/2024\/03\/PerfilRuta07.webp\" class=\"attachment-large size-large wp-image-1774\" alt=\"Ruta 7. Perfil de altitud de la ruta cicloturista Islantilla \u2013 Sanl\u00facar de Guadiana.\" srcset=\"https:\/\/www.islantilla.es\/wp-content\/uploads\/2024\/03\/PerfilRuta07.webp 992w, https:\/\/www.islantilla.es\/wp-content\/uploads\/2024\/03\/PerfilRuta07-300x87.webp 300w, https:\/\/www.islantilla.es\/wp-content\/uploads\/2024\/03\/PerfilRuta07-768x223.webp 768w, https:\/\/www.islantilla.es\/wp-content\/uploads\/2024\/03\/PerfilRuta07-18x5.webp 18w\" sizes=\"(max-width: 800px) 100vw, 800px\" \/>\t\t\t\t\t\t\t\t\t\t\t\t\t\t\t<\/div>\n\t\t\t\t\t<\/div>\n\t\t\t\t<\/div>\n\t\t\t\t\t<\/div>\n\t\t\t\t<\/div>\n\t\t\t\t<\/div>","protected":false},"excerpt":{"rendered":"<p>ISLANTILLA &#8211; SANL\u00daCAR RUTA DE CARRETERA Distancia 115,57 km Altitud 1022 m Dificultad DIF\u00cdCIL Ruta para bicicleta de carretera que sale desde Islantilla. Esta ruta es recomendada para ciclistas experimentados, ya que se tratan de 117,12 km y acumula 1.044 m de desnivel. Desde Sanl\u00facar de Guadiana se puede disfrutar de unas magn\u00edficas vistas del [&hellip;]<\/p>\n","protected":false},"author":1,"featured_media":0,"parent":0,"menu_order":0,"comment_status":"closed","ping_status":"closed","template":"elementor_header_footer","meta":{"slim_seo":{"title":"Ruta Carretera Islantilla - Sanl\u00facar | Islantilla","description":"Ruta recomendada para ciclistas experimentados, ya que se tratan de 117,12 km y acumula 1.044 m de desnivel."},"footnotes":""},"class_list":["post-1815","page","type-page","status-publish","hentry"],"_links":{"self":[{"href":"https:\/\/www.islantilla.es\/de\/wp-json\/wp\/v2\/pages\/1815","targetHints":{"allow":["GET"]}}],"collection":[{"href":"https:\/\/www.islantilla.es\/de\/wp-json\/wp\/v2\/pages"}],"about":[{"href":"https:\/\/www.islantilla.es\/de\/wp-json\/wp\/v2\/types\/page"}],"author":[{"embeddable":true,"href":"https:\/\/www.islantilla.es\/de\/wp-json\/wp\/v2\/users\/1"}],"replies":[{"embeddable":true,"href":"https:\/\/www.islantilla.es\/de\/wp-json\/wp\/v2\/comments?post=1815"}],"version-history":[{"count":21,"href":"https:\/\/www.islantilla.es\/de\/wp-json\/wp\/v2\/pages\/1815\/revisions"}],"predecessor-version":[{"id":7203,"href":"https:\/\/www.islantilla.es\/de\/wp-json\/wp\/v2\/pages\/1815\/revisions\/7203"}],"wp:attachment":[{"href":"https:\/\/www.islantilla.es\/de\/wp-json\/wp\/v2\/media?parent=1815"}],"curies":[{"name":"wp","href":"https:\/\/api.w.org\/{rel}","templated":true}]}}

Islantilla – Sanlúcar

<div data-elementor-type="wp-page" data-elementor-id="1815" class="elementor elementor-1815" data-elementor-post-type="page">
				<div class="elementor-element elementor-element-07d66ff e-flex e-con-boxed elementor-invisible e-con e-parent" data-id="07d66ff" data-element_type="container" data-e-type="container" data-settings="{&quot;background_background&quot;:&quot;classic&quot;,&quot;animation&quot;:&quot;fadeIn&quot;}">
					<div class="e-con-inner">
				<div class="elementor-element elementor-element-3b65e8e elementor-widget__width-inherit elementor-widget elementor-widget-heading" data-id="3b65e8e" data-element_type="widget" data-e-type="widget" data-widget_type="heading.default">
					<h2 class="elementor-heading-title elementor-size-default">ISLANTILLA - SANLÚCAR</h2>				</div>
				<div class="elementor-element elementor-element-1110865 elementor-widget__width-inherit elementor-widget elementor-widget-heading" data-id="1110865" data-element_type="widget" data-e-type="widget" data-widget_type="heading.default">
					<h2 class="elementor-heading-title elementor-size-default">STRASSENROUTE</h2>				</div>
					</div>
				</div>
		<div class="elementor-element elementor-element-c4343ae e-flex e-con-boxed elementor-invisible e-con e-parent" data-id="c4343ae" data-element_type="container" data-e-type="container" data-settings="{&quot;animation&quot;:&quot;fadeInUp&quot;}">
					<div class="e-con-inner">
		<div class="elementor-element elementor-element-a56048d e-grid e-con-boxed e-con e-child" data-id="a56048d" data-element_type="container" data-e-type="container">
					<div class="e-con-inner">
				<div class="elementor-element elementor-element-a6a7ba7 elementor-widget elementor-widget-image" data-id="a6a7ba7" data-element_type="widget" data-e-type="widget" data-widget_type="image.default">
															<img fetchpriority="high" decoding="async" width="800" height="534" src="https://www.islantilla.es/wp-content/uploads/2024/03/Islantilla-SanLucar-de-Guadiana-1024x683.webp" class="attachment-large size-large wp-image-1622" alt="Ruta en bicicleta Islantilla - Sanlúcar De Guadiana" srcset="https://www.islantilla.es/wp-content/uploads/2024/03/Islantilla-SanLucar-de-Guadiana-1024x683.webp 1024w, https://www.islantilla.es/wp-content/uploads/2024/03/Islantilla-SanLucar-de-Guadiana-300x200.webp 300w, https://www.islantilla.es/wp-content/uploads/2024/03/Islantilla-SanLucar-de-Guadiana-768x512.webp 768w, https://www.islantilla.es/wp-content/uploads/2024/03/Islantilla-SanLucar-de-Guadiana-18x12.webp 18w, https://www.islantilla.es/wp-content/uploads/2024/03/Islantilla-SanLucar-de-Guadiana.webp 1384w" sizes="(max-width: 800px) 100vw, 800px" />															</div>
		<div class="elementor-element elementor-element-4e91754 e-grid e-con-boxed e-con e-child" data-id="4e91754" data-element_type="container" data-e-type="container">
					<div class="e-con-inner">
				<div class="elementor-element elementor-element-160b924 elementor-position-left elementor-position-top elementor-vertical-align-bottom elementor-widget elementor-widget-image-box" data-id="160b924" data-element_type="widget" data-e-type="widget" data-widget_type="image-box.default">
					<div class="elementor-image-box-wrapper"><figure class="elementor-image-box-img"><img decoding="async" width="80" height="80" src="https://www.islantilla.es/wp-content/uploads/2024/03/Distancia.webp" class="attachment-full size-full wp-image-1745" alt="Icono azul de una señal de dirección que representa la distancia de la ruta." srcset="https://www.islantilla.es/wp-content/uploads/2024/03/Distancia.webp 80w, https://www.islantilla.es/wp-content/uploads/2024/03/Distancia-12x12.webp 12w" sizes="(max-width: 80px) 100vw, 80px" /></figure><div class="elementor-image-box-content"><h3 class="elementor-image-box-title">Distanz</h3><p class="elementor-image-box-description">115,57 km
</p></div></div>				</div>
				<div class="elementor-element elementor-element-6fdfb0c elementor-position-left elementor-position-top elementor-vertical-align-bottom elementor-widget elementor-widget-image-box" data-id="6fdfb0c" data-element_type="widget" data-e-type="widget" data-widget_type="image-box.default">
					<div class="elementor-image-box-wrapper"><figure class="elementor-image-box-img"><img decoding="async" width="80" height="80" src="https://www.islantilla.es/wp-content/uploads/2024/03/Altitud.webp" class="attachment-full size-full wp-image-1744" alt="Icono azul con un triángulo y una pendiente que representa la altitud o desnivel de la ruta en bicicleta." srcset="https://www.islantilla.es/wp-content/uploads/2024/03/Altitud.webp 80w, https://www.islantilla.es/wp-content/uploads/2024/03/Altitud-12x12.webp 12w" sizes="(max-width: 80px) 100vw, 80px" /></figure><div class="elementor-image-box-content"><h3 class="elementor-image-box-title">Höhe</h3><p class="elementor-image-box-description">1022m</p></div></div>				</div>
				<div class="elementor-element elementor-element-edfd6e6 elementor-position-left elementor-position-top elementor-vertical-align-bottom elementor-widget elementor-widget-image-box" data-id="edfd6e6" data-element_type="widget" data-e-type="widget" data-widget_type="image-box.default">
					<div class="elementor-image-box-wrapper"><figure class="elementor-image-box-img"><img loading="lazy" decoding="async" width="80" height="80" src="https://www.islantilla.es/wp-content/uploads/2024/03/Dificultad.webp" class="attachment-full size-full wp-image-1743" alt="Icono azul de una bicicleta que representa la dificultad del recorrido en bici." srcset="https://www.islantilla.es/wp-content/uploads/2024/03/Dificultad.webp 80w, https://www.islantilla.es/wp-content/uploads/2024/03/Dificultad-12x12.webp 12w" sizes="(max-width: 80px) 100vw, 80px" /></figure><div class="elementor-image-box-content"><h3 class="elementor-image-box-title">Schwierigkeit</h3><p class="elementor-image-box-description">SCHWIERIG</p></div></div>				</div>
					</div>
				</div>
					</div>
				</div>
				<div class="elementor-element elementor-element-cdd3a7e elementor-widget elementor-widget-text-editor" data-id="cdd3a7e" data-element_type="widget" data-e-type="widget" data-widget_type="text-editor.default">
									<p>Rennradroute, die von Islantilla aus startet. Diese Route ist für erfahrene Radfahrer zu empfehlen, da sie 117,12 km lang ist und 1.044 Höhenmeter zu überwinden ist. Von Sanlúcar de Guadiana aus genießen Sie einen herrlichen Blick auf den Fluss und die Grenze zur portugiesischen Gemeinde Alcoutim, während Sie Gemeinden an der Westküste und El Andévalo de Huelva besuchen.</p>								</div>
		<div class="elementor-element elementor-element-0775ab2 e-grid e-con-boxed e-con e-child" data-id="0775ab2" data-element_type="container" data-e-type="container">
					<div class="e-con-inner">
				<div class="elementor-element elementor-element-4cb245e elementor-widget elementor-widget-button" data-id="4cb245e" data-element_type="widget" data-e-type="widget" data-widget_type="button.default">
										<a class="elementor-button elementor-button-link elementor-size-sm" href="https://www.islantilla.es/wp-content/uploads/2024/03/islantilla-sanlucar-de-guadiana-cycling-friendly.zip">
						<span class="elementor-button-content-wrapper">
									<span class="elementor-button-text">Route herunterladen</span>
					</span>
					</a>
								</div>
				<div class="elementor-element elementor-element-a3f0403 elementor-widget elementor-widget-image" data-id="a3f0403" data-element_type="widget" data-e-type="widget" data-widget_type="image.default">
															<img loading="lazy" decoding="async" width="131" height="131" src="https://www.islantilla.es/wp-content/uploads/2024/03/QR007.webp" class="attachment-full size-full wp-image-1754" alt="Código QR que enlaza a la ruta cicloturista Islantilla – Sanlúcar de Guadiana en Cycling Friendly." srcset="https://www.islantilla.es/wp-content/uploads/2024/03/QR007.webp 131w, https://www.islantilla.es/wp-content/uploads/2024/03/QR007-12x12.webp 12w" sizes="(max-width: 131px) 100vw, 131px" />															</div>
					</div>
				</div>
		<div class="elementor-element elementor-element-81f52c9 e-grid e-con-boxed e-con e-child" data-id="81f52c9" data-element_type="container" data-e-type="container">
					<div class="e-con-inner">
				<div class="elementor-element elementor-element-449a90e elementor-widget elementor-widget-image" data-id="449a90e" data-element_type="widget" data-e-type="widget" data-widget_type="image.default">
															<img loading="lazy" decoding="async" width="800" height="566" src="https://www.islantilla.es/wp-content/uploads/2024/03/MapaRuta07.webp" class="attachment-large size-large wp-image-1764" alt="Ruta 7. Mapa de la ruta cicloturista entre Islantilla y Sanlúcar de Guadiana." srcset="https://www.islantilla.es/wp-content/uploads/2024/03/MapaRuta07.webp 971w, https://www.islantilla.es/wp-content/uploads/2024/03/MapaRuta07-300x212.webp 300w, https://www.islantilla.es/wp-content/uploads/2024/03/MapaRuta07-768x543.webp 768w, https://www.islantilla.es/wp-content/uploads/2024/03/MapaRuta07-18x12.webp 18w" sizes="(max-width: 800px) 100vw, 800px" />															</div>
				<div class="elementor-element elementor-element-a89fc2d elementor-widget elementor-widget-image" data-id="a89fc2d" data-element_type="widget" data-e-type="widget" data-widget_type="image.default">
															<img loading="lazy" decoding="async" width="800" height="232" src="https://www.islantilla.es/wp-content/uploads/2024/03/PerfilRuta07.webp" class="attachment-large size-large wp-image-1774" alt="Ruta 7. Perfil de altitud de la ruta cicloturista Islantilla – Sanlúcar de Guadiana." srcset="https://www.islantilla.es/wp-content/uploads/2024/03/PerfilRuta07.webp 992w, https://www.islantilla.es/wp-content/uploads/2024/03/PerfilRuta07-300x87.webp 300w, https://www.islantilla.es/wp-content/uploads/2024/03/PerfilRuta07-768x223.webp 768w, https://www.islantilla.es/wp-content/uploads/2024/03/PerfilRuta07-18x5.webp 18w" sizes="(max-width: 800px) 100vw, 800px" />															</div>
					</div>
				</div>
					</div>
				</div>
				</div>

<p>ISLANTILLA &#8211; SANLÚCAR RUTA DE CARRETERA Distancia 115,57 km Altitud 1022 m Dificultad DIFÍCIL Ruta para bicicleta de carretera que sale desde Islantilla. Esta ruta es recomendada para ciclistas experimentados, ya que se tratan de 117,12 km y acumula 1.044 m de desnivel. Desde Sanlúcar de Guadiana se puede disfrutar de unas magníficas vistas del [&hellip;]</p>

Ruta Carretera Islantilla - Sanlúcar | Islantilla
